000
CXUS54 KBMX 011010
CF6EET
PRELIMINARY LOCAL CLIMATOLOGICAL DATA (WS FORM: F-6)
STATION: SHELBY COUNTY AIRPORT
MONTH: AUGUST
YEAR: 2021
LATITUDE: 33 10 N
LONGITUDE: 86 47 W
TEMPERATURE IN F: :PCPN: SNOW: WIND :SUNSHINE: SKY :PK WND
================================================================================
1 2 3 4 5 6A 6B 7 8 9 10 11 12 13 14 15 16 17 18
12Z AVG MX 2MIN
DY MAX MIN AVG DEP HDD CDD WTR SNW DPTH SPD SPD DIR MIN PSBL S-S WX SPD DR
================================================================================
1 91 73 82 0 0 17 0.00 0.0 0 3.3 12 310 M M 1 18 16 310
2 81 72 77 -5 0 12 0.25 0.0 0 0.9 8 290 M M 6 18 10 360
3 87 70 79 -3 0 14 0.00 0.0 0 2.0 10 10 M M 4 128 14 330
4 87 68 78 -4 0 13 0.03 0.0 0 1.2 9 210 M M 5 18 14 70
5 88 70 79 -3 0 14 0.00 0.0 0 2.1 9 150 M M 4 18 13 150
6 87 72 80 -2 0 15 0.00 0.0 0 2.0 8 150 M M 3 12 150
7 88 72 80 -2 0 15 1.33 0.0 0 0.8 14 160 M M 5 123 19 150
8 89 70 80 -2 0 15 0.00 0.0 0 1.2 8 290 M M 0 18 11 300
9 91 75 83 1 0 18 0.00 0.0 M 1.6 12 220 M M 2 18 17 190
10 92 74 83 1 0 18 0.00 0.0 0 1.9 8 160 M M 1 138 12 200
11 91 72 82 1 0 17 0.13 0.0 0 1.4 16 290 M M 2 138 22 280
12 91 70 81 0 0 16 0.00 0.0 0 1.6 10 180 M M 1 138 16 190
13 92 71 82 1 0 17 0.00 0.0 0 1.6 9 300 M M 1 18 13 290
14 93 73 83 2 0 18 0.01 0.0 M 1.4 9 310 M M 2 13 12 310
15 89 73 81 0 0 16 0.56 0.0 M 3.3 12 170 M M 5 138 16 120
16 88 73 81 0 0 16 0.00 0.0 M 3.4 14 140 M M 6 23 120
17 88 73 81 0 0 16 0.00 0.0 0 4.1 12 310 M M 4 15 360
18 92 74 83 2 0 18 T 0.0 M 2.0 10 150 M M 2 3 16 150
19 86 74 80 -1 0 15 0.25 0.0 M 1.5 14 170 M M 5 13 17 180
20 86 73 80 -1 0 15 0.02 0.0 0 2.9 10 290 M M 7 138 15 310
21 87 73 80 -1 0 15 0.32 0.0 0 2.5 17 290 M M 7 138 25 310
22 90 74 82 2 0 17 0.10 0.0 0 3.1 12 310 M M 4 1 16 280
23 93 73 83 3 0 18 0.00 0.0 0 1.0 9 300 M M 1 1 13 360
24 94 72 83 3 0 18 0.00 0.0 0 1.4 6 50 M M 1 18 10 50
25 94 73 84 4 0 19 0.09 0.0 0 2.6 15 60 M M 1 138 24 50
26 89 73 81 1 0 16 0.00 0.0 0 2.1 8 160 M M 3 11 150
27 90 73 82 2 0 17 T 0.0 0 2.0 15 140 M M 1 3 23 140
28 90 72 81 1 0 16 0.37 0.0 0 4.3 16 150 M M 4 138 27 120
29 87 73 80 0 0 15 0.26 0.0 0 3.8 31 170 M M 5 138 38 170
30 77 73 75 -5 0 10 1.02 0.0 0 6.4 16 140 M M 6 1 28 130
31 76 72 74 -5 0 9 0.77 0.0 0 8.2 20 170 M M 10 1 29 170
================================================================================
SM 2744 2243 0 485 5.51 0.0 77.6 M 109
================================================================================
AV 88.5 72.4 2.5 FASTST M M 4 MAX(MPH)
MISC ----> 31 170 38 170
================================================================================
NOTES:
# LAST OF SEVERAL OCCURRENCES
COLUMN 17 PEAK WIND IN M.P.H.
PRELIMINARY LOCAL CLIMATOLOGICAL DATA (WS FORM: F-6) , PAGE 2
STATION: SHELBY COUNTY AIRPORT
MONTH: AUGUST
YEAR: 2021
LATITUDE: 33 10 N
LONGITUDE: 86 47 W
[TEMPERATURE DATA] [PRECIPITATION DATA] SYMBOLS USED IN COLUMN 16
AVERAGE MONTHLY: 80.4 TOTAL FOR MONTH: 5.51 1 = FOG OR MIST
DPTR FM NORMAL: -0.5 DPTR FM NORMAL: 0.79 2 = FOG REDUCING VISIBILITY
HIGHEST: 94 ON 25,24 GRTST 24HR 1.64 ON 30-31 TO 1/4 MILE OR LESS
LOWEST: 68 ON 4 3 = THUNDER
SNOW, ICE PELLETS, HAIL 4 = ICE PELLETS
TOTAL MONTH: 0.0 INCH 5 = HAIL
GRTST 24HR 0.0 6 = FREEZING RAIN OR DRIZZLE
GRTST DEPTH: 0 7 = DUSTSTORM OR SANDSTORM:
VSBY 1/2 MILE OR LESS
8 = SMOKE OR HAZE
[NO. OF DAYS WITH] [WEATHER - DAYS WITH] 9 = BLOWING SNOW
X = TORNADO
MAX 32 OR BELOW: 0 0.01 INCH OR MORE: 15
MAX 90 OR ABOVE: 14 0.10 INCH OR MORE: 11
MIN 32 OR BELOW: 0 0.50 INCH OR MORE: 4
MIN 0 OR BELOW: 0 1.00 INCH OR MORE: 2
[HDD (BASE 65) ]
TOTAL THIS MO. 0 CLEAR (SCALE 0-3) 13
DPTR FM NORMAL 0 PTCLDY (SCALE 4-7) 17
TOTAL FM JUL 1 0 CLOUDY (SCALE 8-10) 1
DPTR FM NORMAL 0
[CDD (BASE 65) ]
TOTAL THIS MO. 485
DPTR FM NORMAL -8 [PRESSURE DATA]
TOTAL FM JAN 1 1565 HIGHEST SLP 30.20 ON 12
DPTR FM NORMAL -170 LOWEST SLP 29.60 ON 31
[REMARKS]
#FINAL-08-21#