000
CXUS54 KBMX 011010
CF6EET
PRELIMINARY LOCAL CLIMATOLOGICAL DATA (WS FORM: F-6)
STATION: SHELBY COUNTY AIRPORT
MONTH: JULY
YEAR: 2023
LATITUDE: 33 10 N
LONGITUDE: 86 47 W
TEMPERATURE IN F: :PCPN: SNOW: WIND :SUNSHINE: SKY :PK WND
================================================================================
1 2 3 4 5 6A 6B 7 8 9 10 11 12 13 14 15 16 17 18
12Z AVG MX 2MIN
DY MAX MIN AVG DEP HDD CDD WTR SNW DPTH SPD SPD DIR MIN PSBL S-S WX SPD DR
================================================================================
1 96 75 86 6 0 21 T 0.0 M 3.4 17 360 M M 2 138 27 340
2 93 73 83 2 0 18 T 0.0 0 3.3 13 310 M M 2 3 20 310
3 90 71 81 0 0 16 0.40 0.0 0 2.9 16 360 M M 3 13 29 10
4 91 72 82 1 0 17 T 0.0 0 1.4 9 190 M M 3 1 14 200
5 91 74 83 2 0 18 0.00 0.0 0 2.8 8 240 M M 4 1 13 300
6 92 73 83 2 0 18 T 0.0 0 4.2 16 320 M M 1 13 33 330
7 92 73 83 2 0 18 T 0.0 0 3.7 12 10 M M 3 3 21 20
8 88 72 80 -1 0 15 0.07 0.0 0 3.1 18 300 M M 3 13 37 280
9 88 71 80 -1 0 15 2.32 0.0 0 3.5 16 340 M M 8 123 29 300
10 87 70 79 -2 0 14 0.27 0.0 0 3.6 9 310 M M 6 1 14 360
11 89 70 80 -1 0 15 0.00 0.0 0 1.4 9 300 M M 1 1 17 300
12 93 73 83 2 0 18 0.01 0.0 M 3.5 20 170 M M 3 123 30 180
13 84 72 78 -3 0 13 T 0.0 0 3.1 10 200 M M 5 1 14 300
14 94 72 83 2 0 18 1.30 0.0 0 2.7 15 240 M M 6 13 26 320
15 89 71 80 -1 0 15 0.00 0.0 0 3.8 13 290 M M 2 23 270
16 92 73 83 1 0 18 0.00 0.0 0 2.3 13 230 M M 4 138 20 240
17 90 73 82 0 0 17 0.00 0.0 0 1.4 10 300 M M 1 18 15 310
18 94 71 83 1 0 18 0.28 0.0 0 2.7 23 310 M M 2 138 40 320
19 91 71 81 -1 0 16 0.09 0.0 0 2.1 16 360 M M 1 3 30 360
20 95 77 86 4 0 21 0.00 0.0 M 3.3 12 270 M M 1 1 19 320
21 93 74 84 2 0 19 0.25 0.0 0 3.7 21 330 M M 2 138 39 310
22 87 73 80 -2 0 15 0.17 0.0 0 3.3 12 300 M M 5 13 15 270
23 88 72 80 -2 0 15 0.00 0.0 0 2.3 10 360 M M 3 1 15 310
24 91 70 81 -1 0 16 0.00 0.0 0 1.6 8 310 M M 0 13 320
25 93 69 81 -1 0 16 0.00 0.0 0 1.5 8 290 M M 1 11 330
26 94 72 83 1 0 18 T 0.0 0 1.3 10 300 M M 1 13 16 230
27 97 73 85 3 0 20 T 0.0 0 1.8 8 160 M M 1 3 11 160
28 96 75 86 4 0 21 0.00 0.0 0 1.9 9 230 M M 1 138 15 340
29 96 75 86 4 0 21 T 0.0 0 2.1 12 260 M M 0 3 19 250
30 92 73 83 1 0 18 0.22 0.0 0 1.9 14 10 M M 1 13 25 10
31 94 72 83 1 0 18 0.00 0.0 0 2.3 9 10 M M 2 12 14 20
================================================================================
SM 2840 2245 0 536 5.38 0.0 81.9 M 78
================================================================================
AV 91.6 72.4 2.6 FASTST M M 3 MAX(MPH)
MISC ----> 23 310 40 320
================================================================================
NOTES:
# LAST OF SEVERAL OCCURRENCES
COLUMN 17 PEAK WIND IN M.P.H.
PRELIMINARY LOCAL CLIMATOLOGICAL DATA (WS FORM: F-6) , PAGE 2
STATION: SHELBY COUNTY AIRPORT
MONTH: JULY
YEAR: 2023
LATITUDE: 33 10 N
LONGITUDE: 86 47 W
[TEMPERATURE DATA] [PRECIPITATION DATA] SYMBOLS USED IN COLUMN 16
AVERAGE MONTHLY: 82.0 TOTAL FOR MONTH: 5.38 1 = FOG OR MIST
DPTR FM NORMAL: 0.7 DPTR FM NORMAL: 0.45 2 = FOG REDUCING VISIBILITY
HIGHEST: 97 ON 27 GRTST 24HR 2.59 ON 9-10 TO 1/4 MILE OR LESS
LOWEST: 69 ON 25 3 = THUNDER
SNOW, ICE PELLETS, HAIL 4 = ICE PELLETS
TOTAL MONTH: 0.0 INCH 5 = HAIL
GRTST 24HR 0.0 6 = FREEZING RAIN OR DRIZZLE
GRTST DEPTH: 0 7 = DUSTSTORM OR SANDSTORM:
VSBY 1/2 MILE OR LESS
8 = SMOKE OR HAZE
[NO. OF DAYS WITH] [WEATHER - DAYS WITH] 9 = BLOWING SNOW
X = TORNADO
MAX 32 OR BELOW: 0 0.01 INCH OR MORE: 11
MAX 90 OR ABOVE: 23 0.10 INCH OR MORE: 8
MIN 32 OR BELOW: 0 0.50 INCH OR MORE: 2
MIN 0 OR BELOW: 0 1.00 INCH OR MORE: 2
[HDD (BASE 65) ]
TOTAL THIS MO. 0 CLEAR (SCALE 0-3) 20
DPTR FM NORMAL 0 PTCLDY (SCALE 4-7) 11
TOTAL FM JUL 1 0 CLOUDY (SCALE 8-10) 0
DPTR FM NORMAL 0
[CDD (BASE 65) ]
TOTAL THIS MO. 536
DPTR FM NORMAL 29 [PRESSURE DATA]
TOTAL FM JAN 1 1257 HIGHEST SLP 30.22 ON 18
DPTR FM NORMAL 15 LOWEST SLP 29.83 ON 10
[REMARKS]
#FINAL-07-23#