000
CXUS54 KSHV 011300
CF6ELD
PRELIMINARY LOCAL CLIMATOLOGICAL DATA (WS FORM: F-6)
STATION: EL DORADO
MONTH: AUGUST
YEAR: 2021
LATITUDE: 33 13 N
LONGITUDE: 92 49 W
TEMPERATURE IN F: :PCPN: SNOW: WIND :SUNSHINE: SKY :PK WND
================================================================================
1 2 3 4 5 6A 6B 7 8 9 10 11 12 13 14 15 16 17 18
12Z AVG MX 2MIN
DY MAX MIN AVG DEP HDD CDD WTR SNW DPTH SPD SPD DIR MIN PSBL S-S WX SPD DR
================================================================================
1 95 76 86 3 0 21 0.19 0.0 0 4.8 12 100 M M 1 138 15 110
2 85 73 79 -4 0 14 0.05 0.0 0 4.6 13 30 M M 7 13 17 30
3 88 69 79 -4 0 14 0.00 0.0 0 5.3 14 50 M M 2 18 17 60
4 89 65 77 -6 0 12 0.00 0.0 0 3.2 12 50 M M 0 1 14 60
5 88 64 76 -7 0 11 0.00 0.0 0 1.6 8 360 M M 0 1 10 20
6 90 70 80 -3 0 15 0.00 0.0 0 1.2 7 200 M M 0 1 9 70
7 91 68 80 -3 0 15 0.00 0.0 0 4.1 12 200 M M 1 1 14 200
8 93 74 84 1 0 19 T 0.0 0 6.7 16 210 M M 4 1 19 210
9 93 75 84 1 0 19 0.00 0.0 0 7.9 17 200 M M 2 22 210
10 95 75 85 3 0 20 0.00 0.0 0 5.5 13 200 M M 2 1 17 190
11 95 74 85 3 0 20 0.00 0.0 0 5.6 12 170 M M 1 21 250
12 94 73 84 2 0 19 0.00 0.0 0 4.0 9 160 M M 1 12 190
13 96 73 85 3 0 20 0.03 0.0 0 3.2 21 180 M M 1 3 28 170
14 94 71 83 1 0 18 0.00 0.0 0 4.4 18 110 M M 1 3 28 100
15 87 69 78 -4 0 13 1.69 0.0 0 3.4 23 110 M M 3 123 29 130
16 89 71 80 -2 0 15 0.00 0.0 0 3.7 16 30 M M 3 1 21 30
17 91 72 82 0 0 17 0.60 0.0 0 2.8 10 100 M M 1 13 M M
18 89 73 81 -1 0 16 1.26 0.0 0 M M M M M M 3 M M
19 90 73 82 0 0 17 0.67 0.0 0 M M M M M M M M
20 91 73 82 0 0 17 T 0.0 0 M M M M M M M M
21 93 74 84 2 0 19 0.00 0.0 0 4.4 13 180 M M M 19 230
22 95 76 86 5 0 21 0.00 0.0 0 3.5 12 260 M M M 15 270
23 95 74 85 4 0 20 0.00 0.0 0 2.1 10 300 M M M 15 280
24 96 73 85 4 0 20 0.00 0.0 0 1.0 7 320 M M 2 1 9 10
25 96 74 85 4 0 20 0.31 0.0 0 1.1 25 340 M M 1 13 39 360
26 94 73 84 3 0 19 0.16 0.0 0 3.8 31 70 M M 1 1 42 100
27 91 71 81 0 0 16 0.00 0.0 0 4.4 14 70 M M 1 18 90
28 91 71 81 1 0 16 0.00 0.0 0 5.9 14 60 M M 2 18 70
29 93 73 83 3 0 18 0.15 0.0 0 6.9 26 70 M M 1 138 37 60
30 87 72 80 0 0 15 0.03 0.0 0 10.4 22 350 M M 4 18 31 350
31 93 69 81 1 0 16 0.00 0.0 0 4.6 12 280 M M 0 17 290
================================================================================
SM 2847 2231 0 532 5.14 0.0 120.1 M 42
================================================================================
AV 91.8 72.0 4.3 FASTST M M 2 MAX(MPH)
MISC ----> 31 70 42 100
================================================================================
NOTES:
# LAST OF SEVERAL OCCURRENCES
COLUMN 17 PEAK WIND IN M.P.H.
PRELIMINARY LOCAL CLIMATOLOGICAL DATA (WS FORM: F-6) , PAGE 2
STATION: EL DORADO
MONTH: AUGUST
YEAR: 2021
LATITUDE: 33 13 N
LONGITUDE: 92 49 W
[TEMPERATURE DATA] [PRECIPITATION DATA] SYMBOLS USED IN COLUMN 16
AVERAGE MONTHLY: 81.9 TOTAL FOR MONTH: 5.14 1 = FOG OR MIST
DPTR FM NORMAL: 0.1 DPTR FM NORMAL: 1.74 2 = FOG REDUCING VISIBILITY
HIGHEST: 96 ON 25,24 GRTST 24HR 1.69 ON 15-15 TO 1/4 MILE OR LESS
LOWEST: 64 ON 5 3 = THUNDER
SNOW, ICE PELLETS, HAIL 4 = ICE PELLETS
TOTAL MONTH: 0.0 INCH 5 = HAIL
GRTST 24HR 0.0 6 = FREEZING RAIN OR DRIZZLE
GRTST DEPTH: 0 7 = DUSTSTORM OR SANDSTORM:
VSBY 1/2 MILE OR LESS
8 = SMOKE OR HAZE
[NO. OF DAYS WITH] [WEATHER - DAYS WITH] 9 = BLOWING SNOW
X = TORNADO
MAX 32 OR BELOW: 0 0.01 INCH OR MORE: 11
MAX 90 OR ABOVE: 23 0.10 INCH OR MORE: 8
MIN 32 OR BELOW: 0 0.50 INCH OR MORE: 4
MIN 0 OR BELOW: 0 1.00 INCH OR MORE: 2
[HDD (BASE 65) ]
TOTAL THIS MO. 0 CLEAR (SCALE 0-3) 21
DPTR FM NORMAL 0 PTCLDY (SCALE 4-7) 4
TOTAL FM JUL 1 0 CLOUDY (SCALE 8-10) 6
DPTR FM NORMAL 0
[CDD (BASE 65) ]
TOTAL THIS MO. 532
DPTR FM NORMAL 10 [PRESSURE DATA]
TOTAL FM JAN 1 1715 HIGHEST SLP 30.16 ON 14
DPTR FM NORMAL -120 LOWEST SLP 29.68 ON 30
[REMARKS]
#FINAL-08-21#