000
CXUS54 KEPZ 011130
CF6ELP
PRELIMINARY LOCAL CLIMATOLOGICAL DATA (WS FORM: F-6)
STATION: EL PASO
MONTH: FEBRUARY
YEAR: 2023
LATITUDE: 31 47 N
LONGITUDE: 106 24 W
TEMPERATURE IN F: :PCPN: SNOW: WIND :SUNSHINE: SKY :PK WND
================================================================================
1 2 3 4 5 6A 6B 7 8 9 10 11 12 13 14 15 16 17 18
12Z AVG MX 2MIN
DY MAX MIN AVG DEP HDD CDD WTR SNW DPTH SPD SPD DIR MIN PSBL S-S WX SPD DR
================================================================================
1 53 33 43 -6 22 0 0.00 0.0 0 3.8 15 140 M M 6 19 160
2 63 31 47 -2 18 0 0.00 0.0 0 4.0 9 80 M M 2 M M
3 62 30 46 -3 19 0 0.00 0.0 0 5.1 13 120 M M 2 18 110
4 69 34 52 3 13 0 0.00 0.0 0 4.2 14 240 M M 2 20 230
5 76 35 56 6 9 0 0.00 0.0 0 5.0 16 250 M M 0 19 250
6 77 41 59 9 6 0 0.00 0.0 0 11.8 28 250 M M 2 38 240
7 56 37 47 -3 18 0 0.00 0.0 0 6.9 17 70 M M 3 23 80
8 58 28 43 -7 22 0 0.00 0.0 0 7.8 21 240 M M 1 28 240
9 57 31 44 -6 21 0 0.00 0.0 0 12.6 31 10 M M 0 78 38 20
10 50 26 38 -12 27 0 0.00 0.0 0 2.5 10 90 M M 0 13 320
11 61 24 43 -8 22 0 0.00 0.0 0 5.7 14 120 M M 5 20 140
12 71 34 53 2 12 0 T 0.0 0 4.8 12 10 M M 7 14 10
13 68 36 52 1 13 0 0.03 0.0 0 12.9 37 280 M M 6 8 52 290
14 59 38 49 -2 16 0 0.00 0.0 0 19.5 46 260 M M 4 64 270
15 50 38 44 -8 21 0 0.00 0.0 0 18.8 43 260 M M 5 55 250
16 49 33 41 -11 24 0 0.00 0.0 0 8.9 18 350 M M 4 24 360
17 54 20 37 -15 28 0 0.00 0.0 0 6.9 15 140 M M 6 23 140
18 64 41 53 1 12 0 T T 0 5.3 15 150 M M 7 21 150
19 62 45 54 2 11 0 0.38 0.0 0 10.3 43 270 M M 9 1 61 300
20 68 50 59 6 6 0 0.00 0.0 0 10.6 31 260 M M 8 42 270
21 65 49 57 4 8 0 T 0.0 0 12.2 36 250 M M 8 49 240
22 66 40 53 0 12 0 0.00 0.0 0 21.4 47 250 M M 4 7 61 250
23 66 36 51 -2 14 0 0.00 0.0 0 7.6 18 240 M M 2 26 240
24 71 38 55 1 10 0 0.00 0.0 0 4.4 12 190 M M 6 17 180
25 72 45 59 5 6 0 T 0.0 0 2.6 8 200 M M 8 13 190
26 76 44 60 6 5 0 0.00 0.0 0 20.3 53 240 M M 3 8 71 240
27 64 33 49 -5 16 0 0.00 0.0 0 7.4 17 240 M M 1 25 260
28 71 36 54 0 11 0 0.00 0.0 0 11.2 28 260 M M 3 36 260
================================================================================
SM 1778 1006 422 0 0.41 T 254.5 M 114
================================================================================
AV 63.5 35.9 9.1 FASTST M M 4 MAX(MPH)
MISC ----> 53 240 71 240
================================================================================
NOTES:
# LAST OF SEVERAL OCCURRENCES
COLUMN 17 PEAK WIND IN M.P.H.
PRELIMINARY LOCAL CLIMATOLOGICAL DATA (WS FORM: F-6) , PAGE 2
STATION: EL PASO
MONTH: FEBRUARY
YEAR: 2023
LATITUDE: 31 47 N
LONGITUDE: 106 24 W
[TEMPERATURE DATA] [PRECIPITATION DATA] SYMBOLS USED IN COLUMN 16
AVERAGE MONTHLY: 49.7 TOTAL FOR MONTH: 0.41 1 = FOG OR MIST
DPTR FM NORMAL: -1.8 DPTR FM NORMAL: 0.01 2 = FOG REDUCING VISIBILITY
HIGHEST: 77 ON 6 GRTST 24HR 0.38 ON 19-19 TO 1/4 MILE OR LESS
LOWEST: 20 ON 17 3 = THUNDER
SNOW, ICE PELLETS, HAIL 4 = ICE PELLETS
TOTAL MONTH: T 5 = HAIL
GRTST 24HR T ON 18-18 6 = FREEZING RAIN OR DRIZZLE
GRTST DEPTH: 0 7 = DUSTSTORM OR SANDSTORM:
VSBY 1/2 MILE OR LESS
8 = SMOKE OR HAZE
[NO. OF DAYS WITH] [WEATHER - DAYS WITH] 9 = BLOWING SNOW
X = TORNADO
MAX 32 OR BELOW: 0 0.01 INCH OR MORE: 2
MAX 90 OR ABOVE: 0 0.10 INCH OR MORE: 1
MIN 32 OR BELOW: 7 0.50 INCH OR MORE: 0
MIN 0 OR BELOW: 0 1.00 INCH OR MORE: 0
[HDD (BASE 65) ]
TOTAL THIS MO. 422 CLEAR (SCALE 0-3) 12
DPTR FM NORMAL 43 PTCLDY (SCALE 4-7) 13
TOTAL FM JUL 1 1873 CLOUDY (SCALE 8-10) 3
DPTR FM NORMAL -50
[CDD (BASE 65) ]
TOTAL THIS MO. 0
DPTR FM NORMAL -1 [PRESSURE DATA]
TOTAL FM JAN 1 0 HIGHEST SLP 30.52 ON 10
DPTR FM NORMAL 0 LOWEST SLP 29.49 ON 22
[REMARKS]
#FINAL-02-23#