000
CXUS56 KLKN 110842
CF6ELY
PRELIMINARY LOCAL CLIMATOLOGICAL DATA (WS FORM: F-6)
STATION: ELY AIRPORT NV
MONTH: OCTOBER
YEAR: 2022
LATITUDE: 39 16 N
LONGITUDE: 114 51 W
TEMPERATURE IN F: :PCPN: SNOW: WIND :SUNSHINE: SKY :PK WND
================================================================================
1 2 3 4 5 6A 6B 7 8 9 10 11 12 13 14 15 16 17 18
12Z AVG MX 2MIN
DY MAX MIN AVG DEP HDD CDD WTR SNW DPTH SPD SPD DIR MIN PSBL S-S WX SPD DR
================================================================================
1 71 31 51 -1 14 0 0.00 0.0 0 6.4 16 20 M M 1 22 10
2 75 32 54 2 11 0 0.00 0.0 0 5.7 16 230 M M 2 25 270
3 74 34 54 3 11 0 0.00 0.0 0 8.2 15 40 M M 0 20 40
4 75 32 54 3 11 0 0.00 0.0 0 7.5 14 170 M M 0 18 350
5 73 33 53 3 12 0 0.00 0.0 0 8.2 15 180 M M 0 19 170
6 76 31 54 4 11 0 0.00 0.0 0 7.0 16 180 M M 0 19 180
7 76 33 55 5 10 0 0.00 0.0 0 8.1 14 180 M M 0 20 10
8 77 33 55 6 10 0 0.00 0.0 0 7.7 14 190 M M 0 19 40
9 75 33 54 5 11 0 0.00 0.0 0 7.7 16 180 M M 2 22 280
10 72 32 52 4 13 0 0.01 0.0 0 8.1 30 350 M M 0 36 340
11 74 32 53 5 12 0 0.00 0.0 0 9.5 18 280 M M 0 31 290
12 76 28 52 4 13 0 0.00 0.0 0 8.5 15 20 M M 0 22 20
13 75 29 52 5 13 0 0.00 0.0 0 9.7 18 10 M M 0 24 10
14 75 25 50 3 15 0 0.00 0.0 0 7.9 15 170 M M 0 19 170
15 74 28 51 4 14 0 0.00 0.0 0 8.6 16 30 M M 0 22 40
16 71 27 49 3 16 0 0.00 0.0 0 7.6 16 180 M M 0 20 50
17 72 27 50 4 15 0 0.00 0.0 0 8.2 15 180 M M 0 8 19 180
18 72 27 50 4 15 0 0.00 0.0 0 10.4 15 190 M M 0 18 180
19 72 32 52 7 13 0 0.00 0.0 0 8.8 14 170 M M 0 18 20
20 73 27 50 5 15 0 0.00 0.0 0 8.4 16 170 M M 0 20 170
21 69 28 49 5 16 0 0.00 0.0 0 12.0 21 210 M M 0 35 200
22 57 27 42 -2 23 0 0.30 3.8 0 13.3 31 140 M M 8 12 44 150
23 37 23 30 -14 35 0 0.09 1.4 5 7.4 22 320 M M 8 12 28 30
24 45 11 28 -16 37 0 0.00 0.0 4 6.5 13 180 M M 2 17 180
25 53 29 41 -2 24 0 0.00 0.0 T 6.9 17 190 M M 7 23 190
26 50 24 37 -6 28 0 0.00 0.0 0 9.9 24 280 M M 2 36 290
27 49 13 31 -11 34 0 0.00 0.0 0 4.9 13 180 M M 0 15 180
28 58 17 38 -4 27 0 0.00 0.0 0 6.8 14 200 M M 0 19 280
29 59 24 42 0 23 0 0.00 0.0 0 7.0 15 20 M M 0 20 30
30 58 20 39 -2 26 0 0.00 0.0 0 8.0 15 30 M M 0 20 20
31 62 22 42 1 23 0 0.00 0.0 0 8.8 15 200 M M 0 21 210
================================================================================
SM 2075 844 551 0 0.40 5.2 253.7 M 32
================================================================================
AV 66.9 27.2 8.2 FASTST M M 1 MAX(MPH)
MISC ----> 31 140 44 150
================================================================================
NOTES:
# LAST OF SEVERAL OCCURRENCES
COLUMN 17 PEAK WIND IN M.P.H.
PRELIMINARY LOCAL CLIMATOLOGICAL DATA (WS FORM: F-6) , PAGE 2
STATION: ELY AIRPORT NV
MONTH: OCTOBER
YEAR: 2022
LATITUDE: 39 16 N
LONGITUDE: 114 51 W
[TEMPERATURE DATA] [PRECIPITATION DATA] SYMBOLS USED IN COLUMN 16
AVERAGE MONTHLY: 47.1 TOTAL FOR MONTH: 0.40 1 = FOG OR MIST
DPTR FM NORMAL: 0.7 DPTR FM NORMAL: -0.40 2 = FOG REDUCING VISIBILITY
HIGHEST: 77 ON 8 GRTST 24HR 0.31 ON 22-23 TO 1/4 MILE OR LESS
LOWEST: 11 ON 24 3 = THUNDER
SNOW, ICE PELLETS, HAIL 4 = ICE PELLETS
TOTAL MONTH: 5.2 INCHES 5 = HAIL
GRTST 24HR 3.8 ON 22-22 6 = FREEZING RAIN OR DRIZZLE
GRTST DEPTH: 5 ON 23 7 = DUSTSTORM OR SANDSTORM:
VSBY 1/2 MILE OR LESS
8 = SMOKE OR HAZE
[NO. OF DAYS WITH] [WEATHER - DAYS WITH] 9 = BLOWING SNOW
X = TORNADO
MAX 32 OR BELOW: 0 0.01 INCH OR MORE: 3
MAX 90 OR ABOVE: 0 0.10 INCH OR MORE: 1
MIN 32 OR BELOW: 26 0.50 INCH OR MORE: 0
MIN 0 OR BELOW: 0 1.00 INCH OR MORE: 0
[HDD (BASE 65) ]
TOTAL THIS MO. 551 CLEAR (SCALE 0-3) 28
DPTR FM NORMAL -26 PTCLDY (SCALE 4-7) 3
TOTAL FM JUL 1 682 CLOUDY (SCALE 8-10) 0
DPTR FM NORMAL -146
[CDD (BASE 65) ]
TOTAL THIS MO. 0
DPTR FM NORMAL 0 [PRESSURE DATA]
TOTAL FM JAN 1 497 HIGHEST SLP 30.43 ON 28
DPTR FM NORMAL 197 LOWEST SLP 29.35 ON 22
[REMARKS]
#FINAL-10-22#