000
CXUS56 KLKN 011210
CF6ELY
PRELIMINARY LOCAL CLIMATOLOGICAL DATA (WS FORM: F-6)
STATION: ELY AIRPORT NV
MONTH: SEPTEMBER
YEAR: 2022
LATITUDE: 39 16 N
LONGITUDE: 114 51 W
TEMPERATURE IN F: :PCPN: SNOW: WIND :SUNSHINE: SKY :PK WND
================================================================================
1 2 3 4 5 6A 6B 7 8 9 10 11 12 13 14 15 16 17 18
12Z AVG MX 2MIN
DY MAX MIN AVG DEP HDD CDD WTR SNW DPTH SPD SPD DIR MIN PSBL S-S WX SPD DR
================================================================================
1 94 53 74 10 0 9 0.00 0.0 0 8.5 25 300 M M 0 43 260
2 95 51 73 10 0 8 0.00 0.0 0 8.2 15 190 M M 0 27 190
3 96 49 73 10 0 8 0.00 0.0 0 8.8 18 220 M M 0 25 220
4 95 53 74 11 0 9 0.00 0.0 0 8.1 16 360 M M 0 22 310
5 96 51 74 12 0 9 0.00 0.0 0 7.9 15 260 M M 0 22 270
6 97 52 75 13 0 10 0.00 0.0 0 7.4 18 190 M M 0 24 200
7 95 50 73 11 0 8 T 0.0 0 8.3 30 290 M M 0 8 57 260
8 92 52 72 11 0 7 0.00 0.0 0 8.6 20 290 M M 0 26 290
9 88 44 66 5 0 1 0.00 0.0 0 7.4 18 20 M M 0 8 25 360
10 85 42 64 3 1 0 0.00 0.0 0 5.8 17 150 M M 0 8 26 150
11 87 48 68 8 0 3 0.00 0.0 0 8.9 25 150 M M 1 31 150
12 81 47 64 4 1 0 0.03 0.0 0 9.9 21 160 M M 2 3 29 170
13 63 52 58 -2 7 0 0.40 0.0 0 5.8 30 320 M M 7 13 42 320
14 71 46 59 0 6 0 0.57 0.0 0 6.4 28 30 M M 5 13 34 40
15 70 43 57 -2 8 0 0.63 0.0 0 9.0 24 10 M M 5 13 36 10
16 68 40 54 -4 11 0 0.00 0.0 0 4.8 17 140 M M 3 24 140
17 70 42 56 -2 9 0 0.00 0.0 0 11.5 21 180 M M 4 29 160
18 73 46 60 2 5 0 0.00 0.0 0 17.3 30 170 M M 0 43 160
19 76 47 62 5 3 0 0.00 0.0 0 17.5 30 210 M M 0 8 41 200
20 76 45 61 4 4 0 0.00 0.0 0 16.8 33 200 M M 1 8 50 220
21 74 44 59 3 6 0 0.00 0.0 0 15.7 35 170 M M 2 8 50 210
22 72 33 53 -3 12 0 0.00 0.0 0 6.8 17 280 M M 0 22 270
23 75 33 54 -2 11 0 0.00 0.0 0 6.5 14 180 M M 0 17 180
24 78 34 56 1 9 0 0.00 0.0 0 6.0 15 190 M M 0 17 200
25 79 34 57 2 8 0 0.00 0.0 0 7.0 13 180 M M 0 16 180
26 81 35 58 4 7 0 0.00 0.0 0 7.2 15 200 M M 0 19 170
27 82 39 61 7 4 0 0.00 0.0 0 9.6 20 220 M M 2 27 210
28 79 42 61 8 4 0 0.00 0.0 0 11.4 24 150 M M 2 36 220
29 78 45 62 9 3 0 0.00 0.0 0 12.0 26 210 M M 2 39 210
30 73 36 55 3 10 0 0.00 0.0 M 7.6 17 320 M M 1 24 300
================================================================================
SM 2439 1328 129 72 1.63 0.0 276.7 M 37
================================================================================
AV 81.3 44.3 9.2 FASTST M M 1 MAX(MPH)
MISC ----> 35 170 57 260
================================================================================
NOTES:
# LAST OF SEVERAL OCCURRENCES
COLUMN 17 PEAK WIND IN M.P.H.
PRELIMINARY LOCAL CLIMATOLOGICAL DATA (WS FORM: F-6) , PAGE 2
STATION: ELY AIRPORT NV
MONTH: SEPTEMBER
YEAR: 2022
LATITUDE: 39 16 N
LONGITUDE: 114 51 W
[TEMPERATURE DATA] [PRECIPITATION DATA] SYMBOLS USED IN COLUMN 16
AVERAGE MONTHLY: 62.8 TOTAL FOR MONTH: 1.63 1 = FOG OR MIST
DPTR FM NORMAL: 4.4 DPTR FM NORMAL: 0.99 2 = FOG REDUCING VISIBILITY
HIGHEST: 97 ON 6 GRTST 24HR 0.73 ON 14-15 TO 1/4 MILE OR LESS
LOWEST: 33 ON 23,22 3 = THUNDER
SNOW, ICE PELLETS, HAIL 4 = ICE PELLETS
TOTAL MONTH: 0.0 INCH 5 = HAIL
GRTST 24HR 0.0 6 = FREEZING RAIN OR DRIZZLE
GRTST DEPTH: 0 7 = DUSTSTORM OR SANDSTORM:
VSBY 1/2 MILE OR LESS
8 = SMOKE OR HAZE
[NO. OF DAYS WITH] [WEATHER - DAYS WITH] 9 = BLOWING SNOW
X = TORNADO
MAX 32 OR BELOW: 0 0.01 INCH OR MORE: 4
MAX 90 OR ABOVE: 8 0.10 INCH OR MORE: 3
MIN 32 OR BELOW: 0 0.50 INCH OR MORE: 2
MIN 0 OR BELOW: 0 1.00 INCH OR MORE: 0
[HDD (BASE 65) ]
TOTAL THIS MO. 129 CLEAR (SCALE 0-3) 25
DPTR FM NORMAL -81 PTCLDY (SCALE 4-7) 5
TOTAL FM JUL 1 131 CLOUDY (SCALE 8-10) 0
DPTR FM NORMAL -120
[CDD (BASE 65) ]
TOTAL THIS MO. 72
DPTR FM NORMAL 60 [PRESSURE DATA]
TOTAL FM JAN 1 497 HIGHEST SLP 30.33 ON 25
DPTR FM NORMAL 197 LOWEST SLP 29.62 ON 18
[REMARKS]
#FINAL-09-22#