000
CXUS56 KLKN 012206
CF6ELY
PRELIMINARY LOCAL CLIMATOLOGICAL DATA (WS FORM: F-6)
STATION: ELY AIRPORT NV
MONTH: NOVEMBER
YEAR: 2023
LATITUDE: 39 16 N
LONGITUDE: 114 51 W
TEMPERATURE IN F: :PCPN: SNOW: WIND :SUNSHINE: SKY :PK WND
================================================================================
1 2 3 4 5 6A 6B 7 8 9 10 11 12 13 14 15 16 17 18
12Z AVG MX 2MIN
DY MAX MIN AVG DEP HDD CDD WTR SNW DPTH SPD SPD DIR MIN PSBL S-S WX SPD DR
================================================================================
1 66 19 43 2 22 0 0.00 0.0 0 10.1 18 180 M M 0 23 180
2 68 22 45 5 20 0 0.00 0.0 0 9.0 17 180 M M 0 22 170
3 68 30 49 9 16 0 0.00 0.0 0 9.9 15 300 M M 2 23 290
4 70 29 50 10 15 0 0.00 0.0 0 9.6 17 240 M M 0 23 240
5 65 38 52 13 13 0 0.00 0.0 0 8.2 17 200 M M 0 24 210
6 67 29 48 9 17 0 T 0.0 0 11.4 30 140 M M 5 39 220
7 48 26 37 -1 28 0 0.04 T 0 7.1 18 20 M M 8 1 23 40
8 45 11 28 -10 37 0 0.00 0.0 0 8.2 18 360 M M 0 25 10
9 49 7 28 -10 37 0 0.00 0.0 0 7.8 14 180 M M 0 18 170
10 55 12 34 -3 31 0 0.00 0.0 0 9.6 16 170 M M 0 19 190
11 57 14 36 -1 29 0 0.00 0.0 0 9.4 16 170 M M 0 22 170
12 63 15 39 3 26 0 0.00 0.0 0 11.8 22 170 M M 0 28 170
13 57 38 48 12 17 0 0.00 0.0 0 13.9 23 160 M M 0 33 200
14 61 20 41 5 24 0 0.00 0.0 0 10.6 21 160 M M 0 27 170
15 59 26 43 8 22 0 T 0.0 0 10.9 26 170 M M 5 36 170
16 55 29 42 7 23 0 0.11 0.0 0 4.1 17 200 M M 6 1 24 210
17 56 23 40 6 25 0 0.00 0.0 0 9.3 18 160 M M 0 24 170
18 50 33 42 8 23 0 0.01 0.0 0 9.3 17 210 M M 6 18 24 240
19 41 19 30 -4 35 0 0.08 0.3 0 11.4 25 320 M M 8 18 44 210
20 40 13 27 -6 38 0 0.00 0.0 0 7.8 15 40 M M 0 20 20
21 48 10 29 -4 36 0 0.00 0.0 0 6.0 13 190 M M 0 17 170
22 61 17 39 7 26 0 0.00 0.0 0 8.1 16 170 M M 0 20 180
23 39 27 33 1 32 0 0.40 1.6 2 6.6 15 10 M M 7 1 20 20
24 31 24 28 -4 37 0 0.13 1.4 2 9.9 17 20 M M 10 18 22 20
25 30 8 19 -12 46 0 T T 3 7.0 16 20 M M 7 21 20
26 30 2 16 -15 49 0 0.00 0.0 2 7.4 15 180 M M 0 18 180
27 34 -1 17 -13 48 0 0.00 0.0 2 7.4 13 180 M M 0 17 170
28 42 1 22 -8 43 0 0.00 0.0 2 6.4 14 180 M M 0 18 180
29 47 13 30 0 35 0 0.00 0.0 2 5.9 14 180 M M 1 19 180
30 41 12 27 -2 38 0 T T 2 6.7 13 260 M M 6 1 17 270
================================================================================
SM 1543 566 888 0 0.77 3.3 260.8 M 71
================================================================================
AV 51.4 18.9 8.7 FASTST M M 2 MAX(MPH)
MISC ----> 30 140 44 210
================================================================================
NOTES:
# LAST OF SEVERAL OCCURRENCES
COLUMN 17 PEAK WIND IN M.P.H.
PRELIMINARY LOCAL CLIMATOLOGICAL DATA (WS FORM: F-6) , PAGE 2
STATION: ELY AIRPORT NV
MONTH: NOVEMBER
YEAR: 2023
LATITUDE: 39 16 N
LONGITUDE: 114 51 W
[TEMPERATURE DATA] [PRECIPITATION DATA] SYMBOLS USED IN COLUMN 16
AVERAGE MONTHLY: 35.2 TOTAL FOR MONTH: 0.77 1 = FOG OR MIST
DPTR FM NORMAL: 0.1 DPTR FM NORMAL: 0.14 2 = FOG REDUCING VISIBILITY
HIGHEST: 70 ON 4 GRTST 24HR 0.53 ON 23-24 TO 1/4 MILE OR LESS
LOWEST: -1 ON 27 3 = THUNDER
SNOW, ICE PELLETS, HAIL 4 = ICE PELLETS
TOTAL MONTH: 3.3 INCHES 5 = HAIL
GRTST 24HR 1.6 ON 23-23 6 = FREEZING RAIN OR DRIZZLE
GRTST DEPTH: 3 ON 25 7 = DUSTSTORM OR SANDSTORM:
VSBY 1/2 MILE OR LESS
8 = SMOKE OR HAZE
[NO. OF DAYS WITH] [WEATHER - DAYS WITH] 9 = BLOWING SNOW
X = TORNADO
MAX 32 OR BELOW: 3 0.01 INCH OR MORE: 6
MAX 90 OR ABOVE: 0 0.10 INCH OR MORE: 3
MIN 32 OR BELOW: 27 0.50 INCH OR MORE: 0
MIN 0 OR BELOW: 1 1.00 INCH OR MORE: 0
[HDD (BASE 65) ]
TOTAL THIS MO. 888 CLEAR (SCALE 0-3) 20
DPTR FM NORMAL -10 PTCLDY (SCALE 4-7) 8
TOTAL FM JUL 1 1698 CLOUDY (SCALE 8-10) 2
DPTR FM NORMAL -28
[CDD (BASE 65) ]
TOTAL THIS MO. 0
DPTR FM NORMAL 0 [PRESSURE DATA]
TOTAL FM JAN 1 263 HIGHEST SLP 30.78 ON 21
DPTR FM NORMAL -37 LOWEST SLP 29.67 ON 6
[REMARKS]
#FINAL-11-23#