000
CXUS53 KMKX 010810
CF6ENW
PRELIMINARY LOCAL CLIMATOLOGICAL DATA (WS FORM: F-6)
STATION: KENOSHA WI
MONTH: AUGUST
YEAR: 2023
LATITUDE: 42 35 N
LONGITUDE: 87 56 W
TEMPERATURE IN F: :PCPN: SNOW: WIND :SUNSHINE: SKY :PK WND
================================================================================
1 2 3 4 5 6A 6B 7 8 9 10 11 12 13 14 15 16 17 18
12Z AVG MX 2MIN
DY MAX MIN AVG DEP HDD CDD WTR SNW DPTH SPD SPD DIR MIN PSBL S-S WX SPD DR
================================================================================
1 88 60 74 1 0 9 0.00 M M 5.2 14 220 M M 4 20 250
2 87 66 77 4 0 12 0.00 M M 6.9 15 250 M M 1 20 250
3 90 64 77 4 0 12 0.00 M M 5.2 10 250 M M 0 18 16 240
4 84 66 75 2 0 10 0.00 M M 7.6 16 80 M M 1 18 22 80
5 82 65 74 2 0 9 0.00 M M 9.2 18 80 M M 3 18 26 80
6 78 67 73 1 0 8 0.01 M M 9.0 17 70 M M 9 18 23 70
7 83 61 72 0 0 7 0.00 M M 5.6 15 30 M M 5 1 22 60
8 85 58 72 0 0 7 0.13 M M 7.3 21 310 M M 2 1238 28 300
9 82 61 72 0 0 7 0.00 M M 5.7 12 210 M M 0 128 17 220
10 87 61 74 2 0 9 0.00 M M 7.0 15 310 M M 2 128 24 310
11 90 66 78 6 0 13 0.10 M M 8.5 26 340 M M 3 123 39 340
12 88 64 76 4 0 11 0.02 M M 8.1 17 300 M M 3 28 300
13 78 61 70 -2 0 5 0.03 M M 6.2 15 70 M M 5 1 17 80
14 73 65 69 -3 0 4 2.44 M M 8.1 21 10 M M 10 13 33 20
15 80 59 70 -2 0 5 T M M 7.4 14 360 M M 3 24 350
16 84 56 70 -1 0 5 0.00 M M 9.2 20 210 M M 0 28 220
17 79 58 69 -2 0 4 0.34 M M 12.1 23 220 M M 5 13 35 210
18 78 55 67 -4 0 2 0.00 M M 5.0 10 250 M M 0 15 270
19 84 61 73 2 0 8 0.00 M M 8.1 17 200 M M 0 23 160
20 89 68 79 8 0 14 0.00 M M 7.4 13 70 M M 1 8 18 90
21 81 66 74 3 0 9 0.00 M M 6.8 13 70 M M 0 1 17 60
22 81 66 74 4 0 9 0.00 M M 6.2 13 110 M M 0 1 18 100
23 99 75 87 17 0 22 0.00 M M 11.5 20 240 M M 0 18 27 240
24 100 72 86 16 0 21 T M M 9.6 20 240 M M 2 138 28 280
25 79 70 75 5 0 10 0.02 M M 4.7 14 100 M M 7 17 100
26 76 64 70 0 0 5 0.00 M M 9.4 20 20 M M 7 12 27 360
27 73 54 64 -6 1 0 T M M 8.1 17 110 M M 3 24 110
28 80 51 66 -3 0 1 0.00 M M 5.4 13 150 M M 1 1 17 120
29 85 62 74 5 0 9 0.00 M M 9.2 17 50 M M 3 23 50
30 71 50 61 -8 4 0 0.00 M M 7.7 15 20 M M 2 23 20
31 76 48 62 -7 3 0 0.00 M M 5.0 12 110 M M 0 17 100
================================================================================
SM 2570 1920 8 247 3.09 M 232.4 M 82
================================================================================
AV 82.9 61.9 7.5 FASTST M M 3 MAX(MPH)
MISC ----> 26 340 39 340
================================================================================
NOTES:
# LAST OF SEVERAL OCCURRENCES
COLUMN 17 PEAK WIND IN M.P.H.
PRELIMINARY LOCAL CLIMATOLOGICAL DATA (WS FORM: F-6) , PAGE 2
STATION: KENOSHA WI
MONTH: AUGUST
YEAR: 2023
LATITUDE: 42 35 N
LONGITUDE: 87 56 W
[TEMPERATURE DATA] [PRECIPITATION DATA] SYMBOLS USED IN COLUMN 16
AVERAGE MONTHLY: 72.4 TOTAL FOR MONTH: 3.09 1 = FOG OR MIST
DPTR FM NORMAL: 1.2 DPTR FM NORMAL: -0.47 2 = FOG REDUCING VISIBILITY
HIGHEST: 100 ON 24 GRTST 24HR 2.44 ON 14-14 TO 1/4 MILE OR LESS
LOWEST: 48 ON 31 3 = THUNDER
SNOW, ICE PELLETS, HAIL 4 = ICE PELLETS
TOTAL MONTH: M 5 = HAIL
GRTST 24HR M ON M 6 = FREEZING RAIN OR DRIZZLE
GRTST DEPTH: M ON M 7 = DUSTSTORM OR SANDSTORM:
VSBY 1/2 MILE OR LESS
8 = SMOKE OR HAZE
[NO. OF DAYS WITH] [WEATHER - DAYS WITH] 9 = BLOWING SNOW
X = TORNADO
MAX 32 OR BELOW: 0 0.01 INCH OR MORE: 8
MAX 90 OR ABOVE: 4 0.10 INCH OR MORE: 4
MIN 32 OR BELOW: 0 0.50 INCH OR MORE: 1
MIN 0 OR BELOW: 0 1.00 INCH OR MORE: 1
[HDD (BASE 65) ]
TOTAL THIS MO. 8 CLEAR (SCALE 0-3) 20
DPTR FM NORMAL -2 PTCLDY (SCALE 4-7) 9
TOTAL FM JUL 1 8 CLOUDY (SCALE 8-10) 2
DPTR FM NORMAL -6
[CDD (BASE 65) ]
TOTAL THIS MO. 247
DPTR FM NORMAL 46 [PRESSURE DATA]
TOTAL FM JAN 1 696 HIGHEST SLP M ON M
DPTR FM NORMAL 65 LOWEST SLP 29.60 ON 17
[REMARKS]
#FINAL-08-23#