000
CXUS56 KOTX 011012
CF6EPH
PRELIMINARY LOCAL CLIMATOLOGICAL DATA (WS FORM: F-6)
STATION: EPHRATA WA AIRPORT
MONTH: JANUARY
YEAR: 2024
LATITUDE: 47 18 N
LONGITUDE: 119 31 W
TEMPERATURE IN F: :PCPN: SNOW: WIND :SUNSHINE: SKY :PK WND
================================================================================
1 2 3 4 5 6A 6B 7 8 9 10 11 12 13 14 15 16 17 18
12Z AVG MX 2MIN
DY MAX MIN AVG DEP HDD CDD WTR SNW DPTH SPD SPD DIR MIN PSBL S-S WX SPD DR
================================================================================
1 41 35 38 10 27 0 0.00 M M 3.0 10 80 M M 10 13 60
2 39 34 37 9 28 0 0.03 M M 5.0 12 20 M M 10 1 13 40
3 40 36 38 10 27 0 0.13 M M 4.2 8 190 M M 10 1 9 180
4 40 33 37 9 28 0 0.02 M M 3.1 13 340 M M 9 1 25 350
5 41 27 34 6 31 0 0.00 M M 6.1 14 180 M M 4 12 21 280
6 47 32 40 12 25 0 0.00 M M 7.5 25 280 M M 6 31 270
7 42 24 33 5 32 0 0.00 M M 6.8 15 30 M M 3 19 310
8 30 23 27 -1 38 0 0.14 M M 4.1 9 310 M M 8 12 11 310
9 41 27 34 5 31 0 0.03 M M 15.8 32 220 M M 2 126 44 210
10 39 21 30 1 35 0 0.00 M M 7.4 18 10 M M 2 20 20
11 31 8 20 -9 45 0 T M M 13.9 29 360 M M 5 18 35 360
12 8 -4 2 -27 63 0 0.00 M M 18.8 33 10 M M 6 40 360
13 4 -6 -1 -30 66 0 0.00 M M 11.2 18 360 M M 1 21 340
14 13 2 8 -21 57 0 0.00 M M 5.9 13 300 M M 3 23 290
15 16 1 9 -20 56 0 0.00 M M 4.7 10 360 M M 0 12 350
16 19 5 12 -17 53 0 0.06 M M 4.3 9 360 M M 1 1 11 10
17 20 13 17 -13 48 0 0.01 M M 3.9 15 340 M M 10 18 17 350
18 26 3 15 -15 50 0 T M M 10.0 16 350 M M 9 1 18 350
19 29 23 26 -4 39 0 0.04 M M 6.2 12 350 M M 10 1 13 350
20 33 27 30 0 35 0 T M M 3.5 9 10 M M 10 6 11 350
21 34 30 32 2 33 0 0.13 M M 2.6 8 10 M M 10 16 9 20
22 36 32 34 4 31 0 0.19 M M 2.2 12 350 M M 10 12 12 350
23 36 32 34 4 31 0 0.05 M M 2.2 10 10 M M 10 12 13 20
24 37 33 35 5 30 0 0.10 M M 4.2 10 340 M M 10 12 12 340
25 36 32 34 3 31 0 0.00 M M 1.8 7 70 M M 10 12 8 70
26 40 31 36 5 29 0 0.07 M M 5.6 13 340 M M 9 1 16 340
27 42 35 39 8 26 0 0.21 M M 2.3 8 250 M M 10 12 9 240
28 42 33 38 7 27 0 0.01 M M 4.2 15 310 M M 10 12 18 310
29 54 37 46 15 19 0 0.00 M M 9.3 21 310 M M 0 25 310
30 48 35 42 10 23 0 0.01 M M 6.7 14 350 M M 6 12 16 350
31 48 39 44 12 21 0 0.13 M M 9.2 16 300 M M 8 1 19 300
================================================================================
SM 1052 733 1115 0 1.36 M 195.7 M 212
================================================================================
AV 33.9 23.6 6.3 FASTST M M 7 MAX(MPH)
MISC ----> 33 10 44 210
================================================================================
NOTES:
# LAST OF SEVERAL OCCURRENCES
COLUMN 17 PEAK WIND IN M.P.H.
PRELIMINARY LOCAL CLIMATOLOGICAL DATA (WS FORM: F-6) , PAGE 2
STATION: EPHRATA WA AIRPORT
MONTH: JANUARY
YEAR: 2024
LATITUDE: 47 18 N
LONGITUDE: 119 31 W
[TEMPERATURE DATA] [PRECIPITATION DATA] SYMBOLS USED IN COLUMN 16
AVERAGE MONTHLY: 28.8 TOTAL FOR MONTH: 1.36 1 = FOG OR MIST
DPTR FM NORMAL: -0.8 DPTR FM NORMAL: 0.45 2 = FOG REDUCING VISIBILITY
HIGHEST: 54 ON 29 GRTST 24HR 0.36 ON 31-31 TO 1/4 MILE OR LESS
LOWEST: -6 ON 13 3 = THUNDER
SNOW, ICE PELLETS, HAIL 4 = ICE PELLETS
TOTAL MONTH: M 5 = HAIL
GRTST 24HR M ON M 6 = FREEZING RAIN OR DRIZZLE
GRTST DEPTH: M ON M 7 = DUSTSTORM OR SANDSTORM:
VSBY 1/2 MILE OR LESS
8 = SMOKE OR HAZE
[NO. OF DAYS WITH] [WEATHER - DAYS WITH] 9 = BLOWING SNOW
X = TORNADO
MAX 32 OR BELOW: 10 0.01 INCH OR MORE: 17
MAX 90 OR ABOVE: 0 0.10 INCH OR MORE: 7
MIN 32 OR BELOW: 21 0.50 INCH OR MORE: 0
MIN 0 OR BELOW: 2 1.00 INCH OR MORE: 0
[HDD (BASE 65) ]
TOTAL THIS MO. 1115 CLEAR (SCALE 0-3) 6
DPTR FM NORMAL 16 PTCLDY (SCALE 4-7) 9
TOTAL FM JUL 1 3284 CLOUDY (SCALE 8-10) 16
DPTR FM NORMAL -285
[CDD (BASE 65) ]
TOTAL THIS MO. 0
DPTR FM NORMAL 0 [PRESSURE DATA]
TOTAL FM JAN 1 0 HIGHEST SLP M ON M
DPTR FM NORMAL 0 LOWEST SLP 29.44 ON 9
[REMARKS]
#FINAL-01-24#