000
CXUS56 KOTX 011300
CLMEPH
CLIMATE REPORT
NATIONAL WEATHER SERVICE SPOKANE WA
600 AM PDT SAT JUL 01 2023
...................................
...THE EPHRATA WA AIRPORT CLIMATE SUMMARY FOR THE MONTH OF JUNE 2023...
CLIMATE NORMAL PERIOD 1991 TO 2020
CLIMATE RECORD PERIOD 9999 TO 9999
WEATHER OBSERVED NORMAL DEPART LAST YEAR`S
VALUE DATE(S) VALUE FROM VALUE DATE(S)
NORMAL
................................................................
TEMPERATURE (F)
RECORD
HIGH 116 06/29/2021
LOW 34 06/01/1976
HIGHEST 95 06/07 MM MM 99 06/27
06/12
06/30
LOWEST 44 06/01 MM MM 41 06/15
AVG. MAXIMUM 83.8 80.0 3.8 79.1
AVG. MINIMUM 57.4 54.4 3.0 54.2
MEAN 70.6 67.2 3.4 66.6
DAYS MAX >= 90 8 4.6 3.4 2
DAYS MAX <= 32 0 0.0 0.0 0
DAYS MIN <= 32 0 0.0 0.0 0
DAYS MIN <= 0 0 0.0 0.0 0
PRECIPITATION (INCHES)
RECORD
MAXIMUM 1.90 1984
MINIMUM T 2015
TOTALS 0.06 0.65 -0.59 1.49
DAILY AVG. 0.00 0.02 -0.02 0.05
DAYS >= .01 2 5.1 -3.1 10
DAYS >= .10 0 2.1 -2.1 6
DAYS >= .50 0 0.2 -0.2 0
DAYS >= 1.00 0 0.0 0.0 0
GREATEST
24 HR. TOTAL 0.06 06/08 TO 06/09 0.40
DEGREE DAYS
HEATING TOTAL 25 53 -28 39
SINCE 7/1 5750 5756 -6 MM
COOLING TOTAL 202 119 83 96
SINCE 1/1 308 161 147 MM
................................................................
WIND (MPH)
AVERAGE WIND SPEED 8.6
HIGHEST WIND SPEED/DIRECTION 38/280 DATE 06/13
HIGHEST GUST SPEED/DIRECTION 45/280 DATE 06/13
SKY COVER
POSSIBLE SUNSHINE (PERCENT) MM
AVERAGE SKY COVER 0.19
NUMBER OF DAYS FAIR 24
NUMBER OF DAYS PC 3
NUMBER OF DAYS CLOUDY 3
AVERAGE RH (PERCENT) 40
WEATHER CONDITIONS. NUMBER OF DAYS WITH
THUNDERSTORM 1 MIXED PRECIP 0
HEAVY RAIN 0 RAIN 1
LIGHT RAIN 2 FREEZING RAIN 0
LT FREEZING RAIN 0 HAIL 0
HEAVY SNOW 0 SNOW 0
LIGHT SNOW 0 SLEET 0
FOG 1 FOG W/VIS <= 1/4 MILE 0
HAZE 1
- INDICATES NEGATIVE NUMBERS.
R INDICATES RECORD WAS SET OR TIED.
MM INDICATES DATA IS MISSING.
T INDICATES TRACE AMOUNT.
$$