000
CXUS51 KCLE 230800
CF6ERI
PRELIMINARY LOCAL CLIMATOLOGICAL DATA (WS FORM: F-6)
STATION: ERIE PA
MONTH: APRIL
YEAR: 2024
LATITUDE: 42 4 N
LONGITUDE: 80 11 W
TEMPERATURE IN F: :PCPN: SNOW: WIND :SUNSHINE: SKY :PK WND
================================================================================
1 2 3 4 5 6A 6B 7 8 9 10 11 12 13 14 15 16 17 18
12Z AVG MX 2MIN
DY MAX MIN AVG DEP HDD CDD WTR SNW DPTH SPD SPD DIR MIN PSBL S-S WX SPD DR
================================================================================
1 49 39 44 2 21 0 0.09 0.0 0 10.8 20 70 M M 7 1 26 70
2 57 43 50 8 15 0 0.32 0.0 0 12.6 29 140 M M 9 1 43 140
3 55 36 46 4 19 0 0.31 0.0 0 9.9 32 140 M M 8 1 51 140
4 40 35 38 -5 27 0 0.35 T 0 7.4 14 30 M M 10 1 19 10
5 43 34 39 -4 26 0 0.06 T 0 10.5 17 300 M M 10 1 27 310
6 50 38 44 0 21 0 0.00 0.0 0 8.5 18 270 M M 4 26 260
7 55 30 43 -1 22 0 0.00 0.0 0 6.3 18 50 M M 0 24 60
8 69 45 57 13 8 0 0.03 0.0 0 8.1 17 150 M M 4 29 150
9 79 50 65 20 0 0 0.11 0.0 0 11.6 23 220 M M 2 35 200
10 62 50 56 11 9 0 0.07 0.0 0 5.6 16 190 M M 9 23 190
11 72 51 62 16 3 0 0.67 0.0 0 10.1 22 180 M M 9 1 34 180
12 61 41 51 5 14 0 0.96 0.0 0 19.3 31 290 M M 10 1 56 280
13 54 41 48 2 17 0 T 0.0 0 14.3 29 280 M M 6 47 300
14 73 47 60 13 5 0 T 0.0 0 10.9 26 270 M M 4 3 42 270
15 61 43 52 5 13 0 0.00 0.0 0 3.3 10 280 M M 2 14 280
16 64 40 52 4 13 0 0.00 0.0 0 7.1 17 40 M M 0 22 60
17 78 51 65 17 0 0 0.25 0.0 0 8.1 24 170 M M 8 13 33 160
18 60 48 54 6 11 0 0.00 0.0 0 8.6 20 250 M M 6 33 240
19 63 48 56 7 9 0 0.05 0.0 0 12.8 28 260 M M 5 1 41 260
20 49 40 45 -4 20 0 T 0.0 0 11.0 23 260 M M 6 39 260
21 46 38 42 -8 23 0 0.00 0.0 0 8.6 18 260 M M 7 29 290
22 56 31 44 -6 21 0 0.00 0.0 0 5.9 16 270 M M 0 26 300
================================================================================
SM 1296 919 317 0 3.27 T 211.3 M 126
================================================================================
AV 58.9 41.8 9.6 FASTST M M 6 MAX(MPH)
MISC ----> 32 140 56 280
================================================================================
NOTES:
# LAST OF SEVERAL OCCURRENCES
COLUMN 17 PEAK WIND IN M.P.H.
PRELIMINARY LOCAL CLIMATOLOGICAL DATA (WS FORM: F-6) , PAGE 2
STATION: ERIE PA
MONTH: APRIL
YEAR: 2024
LATITUDE: 42 4 N
LONGITUDE: 80 11 W
[TEMPERATURE DATA] [PRECIPITATION DATA] SYMBOLS USED IN COLUMN 16
AVERAGE MONTHLY: 50.3 TOTAL FOR MONTH: 3.27 1 = FOG OR MIST
DPTR FM NORMAL: 4.5 DPTR FM NORMAL: 0.68 2 = FOG REDUCING VISIBILITY
HIGHEST: 79 ON 9 GRTST 24HR 1.04 ON 11-12 TO 1/4 MILE OR LESS
LOWEST: 30 ON 7 3 = THUNDER
SNOW, ICE PELLETS, HAIL 4 = ICE PELLETS
TOTAL MONTH: T 5 = HAIL
GRTST 24HR T ON 4- 4 6 = FREEZING RAIN OR DRIZZLE
GRTST DEPTH: 0 7 = DUSTSTORM OR SANDSTORM:
VSBY 1/2 MILE OR LESS
8 = SMOKE OR HAZE
[NO. OF DAYS WITH] [WEATHER - DAYS WITH] 9 = BLOWING SNOW
X = TORNADO
MAX 32 OR BELOW: 0 0.01 INCH OR MORE: 12
MAX 90 OR ABOVE: 0 0.10 INCH OR MORE: 7
MIN 32 OR BELOW: 2 0.50 INCH OR MORE: 2
MIN 0 OR BELOW: 0 1.00 INCH OR MORE: 0
[HDD (BASE 65) ]
TOTAL THIS MO. 317 CLEAR (SCALE 0-3) 5
DPTR FM NORMAL -110 PTCLDY (SCALE 4-7) 11
TOTAL FM JUL 1 4396 CLOUDY (SCALE 8-10) 6
DPTR FM NORMAL -1118
[CDD (BASE 65) ]
TOTAL THIS MO. 0
DPTR FM NORMAL 0 [PRESSURE DATA]
TOTAL FM JAN 1 0 HIGHEST SLP M ON M
DPTR FM NORMAL -1 LOWEST SLP 29.11 ON 12
[REMARKS]