303
CXUS53 KPAH 010651
CLSEVV
CLIMATE REPORT
NATIONAL WEATHER SERVICE PADUCAH
1251 AM CST TUE DEC 01 2020
...................................
...THE EVANSVILLE IN CLIMATE SUMMARY FOR THE SEASON, FROM
9/1/2020 TO 11/30/2020...
CLIMATE NORMAL PERIOD 1981 TO 2010
CLIMATE RECORD PERIOD 1896 TO 2020
WEATHER OBSERVED NORMAL DEPART LAST YEAR`S
VALUE DATE(S) VALUE FROM VALUE
NORMAL
..............................................................
TEMPERATURE (F)
RECORD
HIGH 104 09/06/1925
LOW -3 11/25/1950
HIGHEST 91 09/10 69 22
LOWEST 25 11/02 0 25
AVG. MAXIMUM 70.5 69.2 1.3
AVG. MINIMUM 48.2 46.2 2.0
MEAN 59.3 57.7 1.6
DAYS MAX >= 90 3 4.3 -1.3
DAYS MAX <= 32 0 0.2 -0.2
DAYS MIN <= 32 9 13.0 -4.0
DAYS MIN <= 0 0 0.0 0.0
PRECIPITATION (INCHES)
RECORD
MAXIMUM 19.16 2006
MINIMUM 2.95 1963
TOTALS 12.73 10.63 2.10
DAILY AVG. 0.14 0.12 0.02
DAYS >= .01 25 25.4 -0.4
DAYS >= .10 16 16.8 -0.8
DAYS >= .50 7 7.3 -0.3
DAYS >= 1.00 5 2.9 2.1
GREATEST
24 HR. TOTAL 4.71
STORM TOTAL 3.66
(MM/DD(HH))
SNOWFALL (INCHES)
TOTALS T
LIQUID EQUIV T
SINCE 7/1 T
LIQUID 7/1 -0.10
SNOWDEPTH AVG. 0
DAYS >= TRACE 1
DAYS >= 1.0 0
GREATEST
SNOW DEPTH 0
24 HR TOTAL MM
STORM TOTAL 0.0
(MM/DD(HH))
DEGREE DAYS
HEATING TOTAL 720 861 -141
SINCE 7/1 720 862 -142
COOLING TOTAL 226 198 28
SINCE 1/1 1504 1397 107
FREEZE DATES
RECORD
EARLIEST 10/03/1974
LATEST 05/10/1966
EARLIEST 11/01
LATEST 04/18
..............................................................
WIND (MPH)
AVERAGE WIND SPEED 5.8
HIGHEST WIND SPEED/DIRECTION 33/260 DATE 11/15
HIGHEST GUST SPEED/DIRECTION 47/260 DATE 11/15
SKY COVER
POSSIBLE SUNSHINE (PERCENT) MM
AVERAGE SKY COVER 0.35
NUMBER OF DAYS FAIR 37
NUMBER OF DAYS PC 15
NUMBER OF DAYS CLOUDY 8
AVERAGE RH (PERCENT) 65
WEATHER CONDITIONS. NUMBER OF DAYS WITH
THUNDERSTORM 4 MIXED PRECIP 0
HEAVY RAIN 10 RAIN 15
LIGHT RAIN 30 FREEZING RAIN 0
LT FREEZING RAIN 0 HAIL 0
HEAVY SNOW 0 SNOW 0
LIGHT SNOW 1 SLEET 0
FOG 44 FOG W/VIS <= 1/4 MILE 9
HAZE 22
- INDICATES NEGATIVE NUMBERS.
R INDICATES RECORD WAS SET OR TIED.
MM INDICATES DATA IS MISSING.
T INDICATES TRACE AMOUNT.
$$