000
CXUS52 KMHX 011822
CF6EWN
PRELIMINARY LOCAL CLIMATOLOGICAL DATA (WS FORM: F-6)
STATION: NEW BERN NC
MONTH: FEBRUARY
YEAR: 2024
LATITUDE: 35 4 N
LONGITUDE: 77 3 W
TEMPERATURE IN F: :PCPN: SNOW: WIND :SUNSHINE: SKY :PK WND
================================================================================
1 2 3 4 5 6A 6B 7 8 9 10 11 12 13 14 15 16 17 18
12Z AVG MX 2MIN
DY MAX MIN AVG DEP HDD CDD WTR SNW DPTH SPD SPD DIR MIN PSBL S-S WX SPD DR
================================================================================
1 58 30 44 -1 21 0 0.00 0.0 0 5.1 10 20 M M 0 14 10
2 65 37 51 6 14 0 0.00 0.0 0 8.0 16 30 M M 3 22 30
3 53 33 43 -2 22 0 0.00 0.0 0 7.0 16 20 M M 0 21 10
4 55 29 42 -4 23 0 0.00 0.0 0 5.6 16 40 M M 1 12 21 30
5 59 36 48 2 17 0 0.00 0.0 0 11.2 25 40 M M 3 32 40
6 53 38 46 0 19 0 0.00 0.0 M 17.1 29 20 M M 3 39 10
7 52 32 42 -4 23 0 0.00 0.0 M 11.7 23 30 M M 1 32 40
8 58 30 44 -2 21 0 0.00 0.0 M 2.6 9 20 M M 0 1 13 30
9 59 37 48 2 17 0 0.00 0.0 M 2.7 12 210 M M 0 1 15 210
10 77 52 65 19 0 0 0.00 0.0 M 9.0 20 230 M M 1 29 250
11 74 56 65 19 0 0 T 0.0 0 8.3 23 240 M M 6 36 240
12 62 59 61 14 4 0 1.07 0.0 0 3.7 10 140 M M 10 1 16 180
13 65 39 52 5 13 0 0.23 0.0 0 12.9 31 250 M M 4 13 48 280
14 61 33 47 0 18 0 0.00 0.0 0 5.8 18 300 M M 0 26 310
15 64 42 53 6 12 0 0.00 0.0 0 M M M M M M M M
16 64 42 53 6 12 0 0.00 0.0 0 5.4 12 100 M M 0 18 120
17 55 41 48 0 17 0 0.00 0.0 0 9.6 20 340 M M 1 29 340
18 47 34 41 -7 24 0 0.00 0.0 0 4.6 10 360 M M 0 15 10
19 56 29 43 -5 22 0 0.00 0.0 0 6.7 15 60 M M 0 8 20 40
20 56 39 48 0 17 0 0.00 0.0 0 11.6 20 40 M M 3 25 40
21 57 33 45 -3 20 0 0.00 0.0 0 8.9 15 30 M M 0 22 40
22 65 30 48 0 17 0 0.00 0.0 0 5.8 17 170 M M 3 128 24 170
23 60 50 55 6 10 0 0.12 0.0 0 10.4 20 300 M M 5 1 36 210
24 63 41 52 3 13 0 0.00 0.0 0 5.9 17 300 M M 5 12 27 280
25 55 37 46 -3 19 0 0.00 0.0 0 6.7 17 20 M M 4 25 40
26 67 33 50 1 15 0 0.00 0.0 0 7.7 14 170 M M 2 1 23 170
27 71 49 60 11 5 0 0.02 0.0 0 10.7 24 210 M M 3 36 220
28 77 58 68 18 0 3 0.21 0.0 0 17.3 29 210 M M 3 1 45 230
29 58 40 49 -1 16 0 T 0.0 0 6.5 22 330 M M 1 37 340
================================================================================
SM 1766 1139 431 3 1.65 0.0 228.5 M 62
================================================================================
AV 60.9 39.3 8.2 FASTST M M 2 MAX(MPH)
MISC ----> 31 250 48 280
================================================================================
NOTES:
# LAST OF SEVERAL OCCURRENCES
COLUMN 17 PEAK WIND IN M.P.H.
PRELIMINARY LOCAL CLIMATOLOGICAL DATA (WS FORM: F-6) , PAGE 2
STATION: NEW BERN NC
MONTH: FEBRUARY
YEAR: 2024
LATITUDE: 35 4 N
LONGITUDE: 77 3 W
[TEMPERATURE DATA] [PRECIPITATION DATA] SYMBOLS USED IN COLUMN 16
AVERAGE MONTHLY: 50.1 TOTAL FOR MONTH: 1.65 1 = FOG OR MIST
DPTR FM NORMAL: 3.0 DPTR FM NORMAL: -1.67 2 = FOG REDUCING VISIBILITY
HIGHEST: 77 ON 28,10 GRTST 24HR 1.29 ON 12-13 TO 1/4 MILE OR LESS
LOWEST: 29 ON 19, 4 3 = THUNDER
SNOW, ICE PELLETS, HAIL 4 = ICE PELLETS
TOTAL MONTH: 0.0 INCH 5 = HAIL
GRTST 24HR 0.0 6 = FREEZING RAIN OR DRIZZLE
GRTST DEPTH: 0 7 = DUSTSTORM OR SANDSTORM:
VSBY 1/2 MILE OR LESS
8 = SMOKE OR HAZE
[NO. OF DAYS WITH] [WEATHER - DAYS WITH] 9 = BLOWING SNOW
X = TORNADO
MAX 32 OR BELOW: 0 0.01 INCH OR MORE: 5
MAX 90 OR ABOVE: 0 0.10 INCH OR MORE: 4
MIN 32 OR BELOW: 6 0.50 INCH OR MORE: 1
MIN 0 OR BELOW: 0 1.00 INCH OR MORE: 1
[HDD (BASE 65) ]
TOTAL THIS MO. 431 CLEAR (SCALE 0-3) 19
DPTR FM NORMAL -73 PTCLDY (SCALE 4-7) 8
TOTAL FM JUL 1 1887 CLOUDY (SCALE 8-10) 2
DPTR FM NORMAL -278
[CDD (BASE 65) ]
TOTAL THIS MO. 3
DPTR FM NORMAL -1 [PRESSURE DATA]
TOTAL FM JAN 1 12 HIGHEST SLP 30.50 ON 29
DPTR FM NORMAL 6 LOWEST SLP 29.37 ON 13
[REMARKS]
#FINAL-02-24#