000
CXUS52 KMHX 011320
CLMEWN
CLIMATE REPORT
NATIONAL WEATHER SERVICE NEWPORT/MOREHEAD CITY
920 AM EDT MON MAY 01 2023
...................................
...THE NEW BERN NC CLIMATE SUMMARY FOR THE MONTH OF APRIL 2023...
CLIMATE NORMAL PERIOD 1991 TO 2020
CLIMATE RECORD PERIOD 1948 TO 2023
WEATHER OBSERVED NORMAL DEPART LAST YEAR`S
VALUE DATE(S) VALUE FROM VALUE DATE(S)
NORMAL
................................................................
TEMPERATURE (F)
RECORD
HIGH 95 04/26/1990
LOW 29 04/10/2007
04/15/1950
HIGHEST 89 04/20 93 04/26
LOWEST 38 04/11 38 04/20
AVG. MAXIMUM 75.8 73.6 2.2 74.7
AVG. MINIMUM 53.0 49.9 3.1 50.1
MEAN 64.4 61.8 2.6 62.4
DAYS MAX >= 90 0 0.4 -0.4 1
DAYS MAX <= 32 0 0.0 0.0 0
DAYS MIN <= 32 0 0.3 -0.3 0
DAYS MIN <= 0 0 0.0 0.0 0
PRECIPITATION (INCHES)
RECORD
MAXIMUM 8.36 2000
MINIMUM 0.53 2010
TOTALS 6.20 3.18 3.02 2.45
DAILY AVG. 0.21 0.11 0.10 0.08
DAYS >= .01 11 8.9 2.1 5
DAYS >= .10 7 5.8 1.2 3
DAYS >= .50 4 2.0 2.0 2
DAYS >= 1.00 1 0.9 0.1 1
GREATEST
24 HR. TOTAL 2.48 04/08 TO 04/09
SNOWFALL (INCHES)
RECORDS
TOTAL MM 5
24 HR TOTAL MM
SNOW DEPTH MM MM
TOTALS 0.0 MM MM 0.0
LIQUID EQUIV 0.00 MM MM 0.00
SINCE 7/1 0.0 MM MM MM
LIQUID 7/1 0.00 MM MM MM
SNOWDEPTH AVG. 0 0
DAYS >= TRACE 0 MM MM 0
DAYS >= 1.0 0 MM MM 0
GREATEST
SNOW DEPTH 0 0 MM
24 HR TOTAL MM
STORM TOTAL 0.0 0.0
DEGREE DAYS
HEATING TOTAL 91 154 -63 139
SINCE 7/1 2046 2665 -619 MM
................................................................
WIND (MPH)
AVERAGE WIND SPEED 7.7
RESULTANT WIND SPEED/DIRECTION 1/170
HIGHEST WIND SPEED/DIRECTION 33/260 DATE 04/30
HIGHEST GUST SPEED/DIRECTION 44/250 DATE 04/30
SKY COVER
POSSIBLE SUNSHINE (PERCENT) MM
AVERAGE SKY COVER 0.35
NUMBER OF DAYS FAIR 16
NUMBER OF DAYS PC 11
NUMBER OF DAYS CLOUDY 3
AVERAGE RH (PERCENT) 69
WEATHER CONDITIONS. NUMBER OF DAYS WITH
THUNDERSTORM 4 MIXED PRECIP 0
HEAVY RAIN 6 RAIN 6
LIGHT RAIN 12 FREEZING RAIN 0
LT FREEZING RAIN 0 HAIL 0
HEAVY SNOW 0 SNOW 0
LIGHT SNOW 0 SLEET 0
FOG 14 FOG W/VIS <= 1/4 MILE 5
HAZE 4
- INDICATES NEGATIVE NUMBERS.
R INDICATES RECORD WAS SET OR TIED.
MM INDICATES DATA IS MISSING.
T INDICATES TRACE AMOUNT.
$$