000
CXUS51 KOKX 020026
CLMEWR
NYCCLMEWR 000
TTAA00 OKX 020023
CLIMATE REPORT
NATIONAL WEATHER SERVICE NEW YORK, NY
823 PM EDT MON MAY 01 2023
...................................
...THE NEWARK NJ CLIMATE SUMMARY FOR THE MONTH OF APRIL 2023...
CLIMATE NORMAL PERIOD 1991 TO 2020
CLIMATE RECORD PERIOD 1931 TO 2023
WEATHER OBSERVED NORMAL DEPART LAST YEAR`S
VALUE DATE(S) VALUE FROM VALUE DATE(S)
NORMAL
................................................................
TEMPERATURE (F)
RECORD
HIGH 97 04/17/2002
LOW 16 04/07/1982
HIGHEST 93 04/14 MM MM 88 04/14
LOWEST 35 04/09 MM MM 36 04/18
04/10
AVG. MAXIMUM 67.9 62.6 5.3 61.7
AVG. MINIMUM 48.0 44.1 3.9 45.1
MEAN 58.0 53.3 4.7 53.4
DAYS MAX >= 90 2 0.0 2.0 0
DAYS MAX <= 32 0 0.0 0.0 0
DAYS MIN <= 32 0 1.2 -1.2 0
DAYS MIN <= 0 0 0.0 0.0 0
PRECIPITATION (INCHES)
RECORD
MAXIMUM 11.85 2007
MINIMUM 0.90 1963
TOTALS 8.07 3.87 4.20 4.36
DAILY AVG. 0.27 0.13 0.14 0.15
DAYS >= .01 8 11.5 -3.5 13
DAYS >= .10 7 6.3 0.7 8
DAYS >= .50 4 2.4 1.6 4
DAYS >= 1.00 3 0.8 2.2 1
GREATEST
24 HR. TOTAL 3.42 04/28 TO 04/29 1.80 04/18 TO 04/19
STORM TOTAL 3.05 1.10
(MM/DD(HH)) MM
SNOWFALL (INCHES)
TOTALS 0.0 0.5 -0.5 0.0
LIQUID EQUIV 0.00 0.00 0.00 0.00
SINCE 7/1 2.7 31.5 -28.8 MM
LIQUID 7/1 0.27 3.10 -2.83 MM
SNOWDEPTH AVG. 0 0
DAYS >= TRACE 0 0.0 0.0 0
DAYS >= 1.0 0 0.0 0.0 0
GREATEST
SNOW DEPTH 0 0 MM
24 HR TOTAL MM MM
STORM TOTAL 0.0 0.0
(MM/DD(HH)) MM
DEGREE DAYS
HEATING TOTAL 244 363 -119 347
SINCE 7/1 3745 4563 -818 MM
COOLING TOTAL 39 14 25 7
SINCE 1/1 39 15 24 MM
................................................................
WIND (MPH)
AVERAGE WIND SPEED 9.6
HIGHEST WIND SPEED/DIRECTION 40/310 DATE 04/01
HIGHEST GUST SPEED/DIRECTION 54/310 DATE 04/01
WEATHER CONDITIONS. NUMBER OF DAYS WITH
THUNDERSTORM 4 MIXED PRECIP 0
HEAVY RAIN 4 RAIN 6
LIGHT RAIN 14 FREEZING RAIN 0
LT FREEZING RAIN 0 HAIL 0
HEAVY SNOW 0 SNOW 0
LIGHT SNOW 0 SLEET 0
FOG 11 FOG W/VIS <= 1/4 MILE 1
HAZE 4
- INDICATES NEGATIVE NUMBERS.
R INDICATES RECORD WAS SET OR TIED.
MM INDICATES DATA IS MISSING.
T INDICATES TRACE AMOUNT.
$$