000
CXUS52 KRAH 010945
CF6FAY
PRELIMINARY LOCAL CLIMATOLOGICAL DATA (WS FORM: F-6)
STATION: FAYETTEVILLE NC
MONTH: JANUARY
YEAR: 2023
LATITUDE: 35 0 N
LONGITUDE: 78 53 W
TEMPERATURE IN F: :PCPN: SNOW: WIND :SUNSHINE: SKY :PK WND
================================================================================
1 2 3 4 5 6A 6B 7 8 9 10 11 12 13 14 15 16 17 18
12Z AVG MX 2MIN
DY MAX MIN AVG DEP HDD CDD WTR SNW DPTH SPD SPD DIR MIN PSBL S-S WX SPD DR
================================================================================
1 69 48 59 15 6 0 0.00 M M 4.5 13 260 M M 4 1 16 270
2 64 45 55 11 10 0 0.00 M M 3.6 8 170 M M 5 12 10 260
3 73 52 63 19 2 0 0.00 M M 6.7 21 220 M M 3 12 26 220
4 76 62 69 25 0 4 0.33 M M 10.6 43 250 M M 7 138 62 230
5 69 51 60 16 5 0 0.00 M M 7.8 16 220 M M 2 12 21 220
6 60 37 49 5 16 0 0.00 M M 6.8 15 280 M M 0 19 300
7 56 35 46 2 19 0 0.00 M M 2.6 10 80 M M 0 13 90
8 50 34 42 -2 23 0 0.00 M M 4.5 13 320 M M 5 16 320
9 57 34 46 2 19 0 0.01 M M 7.3 18 330 M M 3 1 25 360
10 59 30 45 1 20 0 0.00 M M 3.0 13 230 M M 0 1 18 180
11 63 33 48 4 17 0 0.00 M M 4.4 13 150 M M 2 1 22 140
12 73 47 60 16 5 0 0.26 0.0 0 9.3 22 190 M M 7 1 29 200
13 59 43 51 7 14 0 0.05 M M 13.3 21 330 M M 7 27 340
14 45 35 40 -4 25 0 0.00 M M 11.7 21 340 M M 7 8 29 350
15 52 29 41 -3 24 0 0.00 M M 7.8 16 20 M M 0 22 350
16 58 25 42 -2 23 0 0.00 M M 2.6 8 230 M M 0 10 260
17 59 45 52 8 13 0 T M M 9.0 15 220 M M 6 19 230
18 69 50 60 16 5 0 0.00 M M 6.9 14 250 M M 5 18 250
19 74 50 62 18 3 0 0.00 M M 11.9 25 210 M M 4 1 34 200
20 66 46 56 12 9 0 0.00 M M 11.0 21 270 M M 0 27 230
21 51 35 43 -1 22 0 0.00 M M 4.6 15 10 M M 0 19 10
22 51 40 46 2 19 0 1.19 M M 5.7 13 30 M M 10 1 17 70
23 56 39 48 4 17 0 0.02 M M 11.9 21 290 M M 7 1 27 300
24 56 29 43 -1 22 0 0.00 M M 3.8 10 180 M M 0 13 330
25 67 32 50 6 15 0 0.99 M M 10.6 23 210 M M 6 1 30 210
26 61 41 51 7 14 0 0.00 M M 10.8 29 250 M M 2 36 250
27 52 31 42 -2 23 0 0.00 M M 5.8 14 280 M M 0 18 240
28 61 30 46 2 19 0 0.00 M M 4.9 13 180 M M 0 15 200
29 64 30 47 2 18 0 0.13 M M 1.4 9 210 M M 5 1 13 210
30 60 48 54 9 11 0 0.23 M M 3.3 8 340 M M 8 12 12 330
31 61 45 53 8 12 0 0.00 M M 2.2 10 190 M M 10 12 12 190
================================================================================
SM 1891 1231 450 4 3.21 0.0 210.3 M 115
================================================================================
AV 61.0 39.7 6.8 FASTST M M 4 MAX(MPH)
MISC ----> 43 250 62 230
================================================================================
NOTES:
# LAST OF SEVERAL OCCURRENCES
COLUMN 17 PEAK WIND IN M.P.H.
PRELIMINARY LOCAL CLIMATOLOGICAL DATA (WS FORM: F-6) , PAGE 2
STATION: FAYETTEVILLE NC
MONTH: JANUARY
YEAR: 2023
LATITUDE: 35 0 N
LONGITUDE: 78 53 W
[TEMPERATURE DATA] [PRECIPITATION DATA] SYMBOLS USED IN COLUMN 16
AVERAGE MONTHLY: 50.4 TOTAL FOR MONTH: 3.21 1 = FOG OR MIST
DPTR FM NORMAL: 6.4 DPTR FM NORMAL: 0.06 2 = FOG REDUCING VISIBILITY
HIGHEST: 76 ON 4 GRTST 24HR 1.27 ON 22-23 TO 1/4 MILE OR LESS
LOWEST: 25 ON 16 3 = THUNDER
SNOW, ICE PELLETS, HAIL 4 = ICE PELLETS
TOTAL MONTH: 0.0 INCH 5 = HAIL
GRTST 24HR 0.0 6 = FREEZING RAIN OR DRIZZLE
GRTST DEPTH: 0 7 = DUSTSTORM OR SANDSTORM:
VSBY 1/2 MILE OR LESS
8 = SMOKE OR HAZE
[NO. OF DAYS WITH] [WEATHER - DAYS WITH] 9 = BLOWING SNOW
X = TORNADO
MAX 32 OR BELOW: 0 0.01 INCH OR MORE: 9
MAX 90 OR ABOVE: 0 0.10 INCH OR MORE: 6
MIN 32 OR BELOW: 8 0.50 INCH OR MORE: 2
MIN 0 OR BELOW: 0 1.00 INCH OR MORE: 1
[HDD (BASE 65) ]
TOTAL THIS MO. 450 CLEAR (SCALE 0-3) 15
DPTR FM NORMAL -202 PTCLDY (SCALE 4-7) 14
TOTAL FM JUL 1 1421 CLOUDY (SCALE 8-10) 2
DPTR FM NORMAL -277
[CDD (BASE 65) ]
TOTAL THIS MO. 4
DPTR FM NORMAL 2 [PRESSURE DATA]
TOTAL FM JAN 1 4 HIGHEST SLP 30.44 ON 28
DPTR FM NORMAL 2 LOWEST SLP 29.65 ON 23
[REMARKS]
#FINAL-01-23#