000
CXUS52 KFFC 011110
CF6FFC
PRELIMINARY LOCAL CLIMATOLOGICAL DATA (WS FORM: F-6)
STATION: PEACHTREE CITY
MONTH: JANUARY
YEAR: 2023
LATITUDE: 33 20 N
LONGITUDE: 84 34 W
TEMPERATURE IN F: :PCPN: SNOW: WIND :SUNSHINE: SKY :PK WND
================================================================================
1 2 3 4 5 6A 6B 7 8 9 10 11 12 13 14 15 16 17 18
12Z AVG MX 2MIN
DY MAX MIN AVG DEP HDD CDD WTR SNW DPTH SPD SPD DIR MIN PSBL S-S WX SPD DR
================================================================================
1 72 47 60 15 5 0 T M M 2.0 10 310 M M 5 12 16 290
2 77 45 61 16 4 0 0.00 M M 2.2 8 140 M M 7 12 14 220
3 71 61 66 21 0 1 0.89 M M 5.4 20 230 M M 9 138 38 190
4 73 46 60 15 5 0 0.75 M M 4.6 18 290 M M 6 138 37 290
5 64 40 52 7 13 0 0.00 M M 2.6 14 280 M M 0 1 21 270
6 61 33 47 2 18 0 0.00 M M 3.7 14 290 M M 0 19 310
7 67 31 49 4 16 0 0.00 M M 1.0 8 330 M M 1 12 270
8 67 41 54 9 11 0 0.24 M M 3.3 15 330 M M 4 1 23 330
9 58 39 49 4 16 0 T M M 6.1 16 330 M M 1 18 21 330
10 64 30 47 2 18 0 0.00 M M 1.2 9 270 M M 0 1 14 240
11 70 35 53 9 12 0 0.00 M M 1.6 10 200 M M 6 1 19 240
12 72 50 61 17 4 0 0.24 M M 5.9 15 290 M M 6 138 32 220
13 54 38 46 2 19 0 T M M 15.2 23 310 M M 10 36 310
14 46 33 40 -4 25 0 0.00 M M 14.2 26 320 M M 5 38 290
15 59 27 43 -1 22 0 0.00 M M 2.4 14 310 M M 0 19 300
16 64 28 46 1 19 0 0.00 M M 1.9 9 260 M M 0 14 270
17 61 42 52 7 13 0 0.47 M M 1.7 16 300 M M 8 12 19 300
18 67 57 62 17 3 0 0.09 M M 3.0 9 150 M M 10 128 14 150
19 73 49 61 16 4 0 0.06 M M 5.6 18 270 M M 3 18 29 230
20 62 44 53 8 12 0 0.00 M M 9.2 17 310 M M 0 25 320
21 51 43 47 2 18 0 0.04 M M 5.9 12 110 M M 2 17 90
22 49 41 45 0 20 0 1.78 0.0 M 5.1 20 320 M M 10 1 23 320
23 50 30 40 -5 25 0 0.01 M M 6.2 21 320 M M 4 1 30 290
24 57 26 42 -3 23 0 0.00 M M 3.6 12 120 M M 1 1 16 120
25 67 43 55 10 10 0 0.69 0.0 M 9.3 20 280 M M 8 13 32 300
26 51 31 41 -4 24 0 0.00 M M 6.5 18 310 M M 3 29 280
27 53 29 41 -4 24 0 0.00 M M 4.5 15 300 M M 0 21 300
28 62 26 44 -2 21 0 0.00 M M 1.6 12 120 M M 0 15 130
29 61 34 48 2 17 0 0.72 M M 2.2 8 120 M M 6 18 13 120
30 61 51 56 10 9 0 0.40 M M 1.0 10 120 M M 10 1 13 120
31 66 56 61 15 4 0 T M M 2.3 9 280 M M 10 128 14 270
================================================================================
SM 1930 1226 434 1 6.38 0.0 141.0 M 135
================================================================================
AV 62.3 39.5 4.5 FASTST M M 4 MAX(MPH)
MISC ----> 26 320 # 38 190
================================================================================
NOTES:
# LAST OF SEVERAL OCCURRENCES
COLUMN 17 PEAK WIND IN M.P.H.
PRELIMINARY LOCAL CLIMATOLOGICAL DATA (WS FORM: F-6) , PAGE 2
STATION: PEACHTREE CITY
MONTH: JANUARY
YEAR: 2023
LATITUDE: 33 20 N
LONGITUDE: 84 34 W
[TEMPERATURE DATA] [PRECIPITATION DATA] SYMBOLS USED IN COLUMN 16
AVERAGE MONTHLY: 50.9 TOTAL FOR MONTH: 6.38 1 = FOG OR MIST
DPTR FM NORMAL: 6.0 DPTR FM NORMAL: 2.09 2 = FOG REDUCING VISIBILITY
HIGHEST: 77 ON 2 GRTST 24HR 2.27 ON 3- 4 TO 1/4 MILE OR LESS
LOWEST: 26 ON 28,24 3 = THUNDER
SNOW, ICE PELLETS, HAIL 4 = ICE PELLETS
TOTAL MONTH: 0.0 INCH 5 = HAIL
GRTST 24HR 0.0 6 = FREEZING RAIN OR DRIZZLE
GRTST DEPTH: M ON M 7 = DUSTSTORM OR SANDSTORM:
VSBY 1/2 MILE OR LESS
8 = SMOKE OR HAZE
[NO. OF DAYS WITH] [WEATHER - DAYS WITH] 9 = BLOWING SNOW
X = TORNADO
MAX 32 OR BELOW: 0 0.01 INCH OR MORE: 13
MAX 90 OR ABOVE: 0 0.10 INCH OR MORE: 9
MIN 32 OR BELOW: 9 0.50 INCH OR MORE: 5
MIN 0 OR BELOW: 0 1.00 INCH OR MORE: 1
[HDD (BASE 65) ]
TOTAL THIS MO. 434 CLEAR (SCALE 0-3) 14
DPTR FM NORMAL -190 PTCLDY (SCALE 4-7) 11
TOTAL FM JUL 1 1390 CLOUDY (SCALE 8-10) 6
DPTR FM NORMAL -264
[CDD (BASE 65) ]
TOTAL THIS MO. 1
DPTR FM NORMAL 0 [PRESSURE DATA]
TOTAL FM JAN 1 1 HIGHEST SLP 30.46 ON 28
DPTR FM NORMAL 0 LOWEST SLP 29.71 ON 25
[REMARKS]
#FINAL-01-23#