000
CXUS55 KLMK 011409
CLMFFT
CLIMATE REPORT
NATIONAL WEATHER SERVICE LOUISVILLE KY
1009 AM EDT MON APR 01 2024
...................................
...THE FRANKFORT KY CLIMATE SUMMARY FOR THE MONTH OF MARCH 2024...
CLIMATE NORMAL PERIOD 1991 TO 2020
CLIMATE RECORD PERIOD 1895 TO 2024
WEATHER OBSERVED NORMAL DEPART LAST YEAR`S
VALUE DATE(S) VALUE FROM VALUE DATE(S)
NORMAL
................................................................
TEMPERATURE (F)
RECORD
HIGH 87 03/25/1929
LOW -10 03/06/2015
HIGHEST 80 03/14 MM MM 80 03/01
LOWEST 23 03/11 MM MM 17 03/20
AVG. MAXIMUM 61.0 57.2 3.8 57.9
AVG. MINIMUM 38.4 35.3 3.1 34.4
MEAN 49.7 46.2 3.5 46.2
DAYS MAX >= 90 0 0.0 0.0 0
DAYS MAX <= 32 0 0.6 -0.6 0
DAYS MIN <= 32 9 14.1 -5.1 11
DAYS MIN <= 0 0 0.0 0.0 0
PRECIPITATION (INCHES)
RECORD
MAXIMUM 13.59 1964
MINIMUM 0.18 1910
TOTALS 3.01 4.72 -1.71 5.24
DAILY AVG. 0.10 0.15 -0.05 0.17
DAYS >= .01 10 12.3 -2.3 14
DAYS >= .10 9 7.5 1.5 7
DAYS >= .50 1 2.7 -1.7 4
DAYS >= 1.00 0 1.1 -1.1 2
GREATEST
24 HR. TOTAL 1.15 03/05 TO 03/06
DEGREE DAYS
HEATING TOTAL 464 586 -122 577
SINCE 7/1 3530 4010 -480 MM
COOLING TOTAL 0 4 -4 0
SINCE 1/1 0 4 -4 MM
................................................................
WIND (MPH)
AVERAGE WIND SPEED 7.2
HIGHEST WIND SPEED/DIRECTION 35/320 DATE 03/14
HIGHEST GUST SPEED/DIRECTION 49/320 DATE 03/14
SKY COVER
POSSIBLE SUNSHINE (PERCENT) MM
AVERAGE SKY COVER 0.44
NUMBER OF DAYS FAIR 16
NUMBER OF DAYS PC 8
NUMBER OF DAYS CLOUDY 7
AVERAGE RH (PERCENT) 63
WEATHER CONDITIONS. NUMBER OF DAYS WITH
THUNDERSTORM 4 MIXED PRECIP 0
HEAVY RAIN 4 RAIN 6
LIGHT RAIN 12 FREEZING RAIN 0
LT FREEZING RAIN 0 HAIL 0
HEAVY SNOW 0 SNOW 0
LIGHT SNOW 0 SLEET 0
FOG 13 FOG W/VIS <= 1/4 MILE 5
HAZE 2
- INDICATES NEGATIVE NUMBERS.
R INDICATES RECORD WAS SET OR TIED.
MM INDICATES DATA IS MISSING.
T INDICATES TRACE AMOUNT.
$$