000
CXUS53 KFGF 010815
CF6FGF
PRELIMINARY LOCAL CLIMATOLOGICAL DATA (WS FORM: F-6)
STATION: GRAND FORKS UNIV. (NWS) ND
MONTH: JUNE
YEAR: 2021
LATITUDE: 47 55 N
LONGITUDE: 97 6 W
TEMPERATURE IN F: :PCPN: SNOW: WIND :SUNSHINE: SKY :PK WND
================================================================================
1 2 3 4 5 6A 6B 7 8 9 10 11 12 13 14 15 16 17 18
12Z AVG MX 2MIN
DY MAX MIN AVG DEP HDD CDD WTR SNW DPTH SPD SPD DIR MIN PSBL S-S WX SPD DR
================================================================================
1 75 51 63 2 2 0 0.01 0.0 0 M M M M M M M M
2 88 50 69 8 0 4 0.00 0.0 0 M M M M M M M M
3 92 62 77 15 0 12 T 0.0 0 M M M M M M M M
4 103 64 84 22 0 19 0.22 0.0 0 M M M M M M M M
5 100 62 81 19 0 16 0.00 0.0 0 M M M M M M M M
6 87 61 74 11 0 9 T 0.0 0 M M M M M M M M
7 88 51 70 7 0 5 T 0.0 0 M M M M M M 3 M M
8 80 66 73 10 0 8 0.00 0.0 0 M M M M M M M M
9 93 70 82 18 0 17 T 0.0 0 M M M M M M M M
10 85 65 75 11 0 10 0.00 0.0 0 M M M M M M M M
11 78 61 70 6 0 5 0.90 0.0 0 M M M M M M M M
12 84 57 71 7 0 6 0.00 0.0 0 M M M M M M M M
13 84 60 72 7 0 7 0.00 0.0 0 M M M M M M M M
14 86 54 70 5 0 5 0.00 0.0 0 M M M M M M M M
15 83 57 70 5 0 5 0.00 0.0 0 M M M M M M M M
16 92 63 78 12 0 13 0.00 0.0 0 M M M M M M M M
17 89 58 74 8 0 9 0.00 0.0 0 M M M M M M M M
18 82 55 69 3 0 4 0.01 0.0 0 M M M M M M M M
19 81 48 65 -1 0 0 0.00 0.0 0 M M M M M M M M
20 69 49 59 -8 6 0 0.44 0.0 0 M M M M M M M M
21 65 45 55 -12 10 0 0.00 0.0 0 M M M M M M M M
22 82 47 65 -2 0 0 0.00 0.0 0 M M M M M M M M
23 94 61 78 11 0 13 0.06 0.0 0 M M M M M M M M
24 85 56 71 3 0 6 0.00 0.0 0 M M M M M M M M
25 77 61 69 1 0 4 0.33 0.0 0 M M M M M M M M
26 82 59 71 3 0 6 T 0.0 0 M M M M M M M M
27 83 60 72 4 0 7 0.31 0.0 0 M M M M M M 3 M M
28 83 61 72 4 0 7 0.17 0.0 0 M M M M M M M M
29 85 56 71 3 0 6 0.00 0.0 0 M M M M M M M M
30 90 62 76 8 0 11 0.00 0.0 0 M M M M M M M M
================================================================================
SM 2545 1732 18 214 2.45 0.0 M M M
================================================================================
AV 84.8 57.7 M FASTST M M M MAX(MPH)
MISC ----> M M M M
================================================================================
NOTES:
# LAST OF SEVERAL OCCURRENCES
COLUMN 17 PEAK WIND IN M.P.H.
PRELIMINARY LOCAL CLIMATOLOGICAL DATA (WS FORM: F-6) , PAGE 2
STATION: GRAND FORKS UNIV. (NWS) ND
MONTH: JUNE
YEAR: 2021
LATITUDE: 47 55 N
LONGITUDE: 97 6 W
[TEMPERATURE DATA] [PRECIPITATION DATA] SYMBOLS USED IN COLUMN 16
AVERAGE MONTHLY: 71.3 TOTAL FOR MONTH: 2.45 1 = FOG OR MIST
DPTR FM NORMAL: 6.0 DPTR FM NORMAL: -1.29 2 = FOG REDUCING VISIBILITY
HIGHEST: 103 ON 4 GRTST 24HR 0.90 ON 11-11 TO 1/4 MILE OR LESS
LOWEST: 45 ON 21 3 = THUNDER
SNOW, ICE PELLETS, HAIL 4 = ICE PELLETS
TOTAL MONTH: 0.0 INCH 5 = HAIL
GRTST 24HR 0.0 6 = FREEZING RAIN OR DRIZZLE
GRTST DEPTH: 0 7 = DUSTSTORM OR SANDSTORM:
VSBY 1/2 MILE OR LESS
8 = SMOKE OR HAZE
[NO. OF DAYS WITH] [WEATHER - DAYS WITH] 9 = BLOWING SNOW
X = TORNADO
MAX 32 OR BELOW: 0 0.01 INCH OR MORE: 9
MAX 90 OR ABOVE: 7 0.10 INCH OR MORE: 6
MIN 32 OR BELOW: 0 0.50 INCH OR MORE: 1
MIN 0 OR BELOW: 0 1.00 INCH OR MORE: 0
[HDD (BASE 65) ]
TOTAL THIS MO. 18 CLEAR (SCALE 0-3) 0
DPTR FM NORMAL -65 PTCLDY (SCALE 4-7) 0
TOTAL FM JUL 1 8480 CLOUDY (SCALE 8-10) 30
DPTR FM NORMAL -727
[CDD (BASE 65) ]
TOTAL THIS MO. 214
DPTR FM NORMAL 123 [PRESSURE DATA]
TOTAL FM JAN 1 237 HIGHEST SLP M ON M
DPTR FM NORMAL 120 LOWEST SLP M ON M
[REMARKS]
#FINAL-06-21#