000
CXUS56 KFGZ 051445
CF6FLG
PRELIMINARY LOCAL CLIMATOLOGICAL DATA (WS FORM: F-6)
STATION: FLAGSTAFF AZ AIRPORT
MONTH: JANUARY
YEAR: 2022
LATITUDE: 35 7 N
LONGITUDE: 111 40 W
TEMPERATURE IN F: :PCPN: SNOW: WIND :SUNSHINE: SKY :PK WND
================================================================================
1 2 3 4 5 6A 6B 7 8 9 10 11 12 13 14 15 16 17 18
12Z AVG MX 2MIN
DY MAX MIN AVG DEP HDD CDD WTR SNW DPTH SPD SPD DIR MIN PSBL S-S WX SPD DR
================================================================================
1 31 -2 15 -14 50 0 0.13 2.3 11 6.3 23 250 M M 4 128 36 240
2 31 -7 12 -18 53 0 0.00 0.0 10 3.5 14 60 M M 0 17 60
3 47 -2 23 -7 42 0 0.00 0.0 9 3.3 15 220 M M 0 19 220
4 47 15 31 1 34 0 0.00 0.0 9 5.0 16 210 M M 0 20 250
5 50 21 36 6 29 0 0.00 0.0 8 5.0 13 280 M M 0 21 290
6 57 19 38 8 27 0 0.00 0.0 7 2.4 14 230 M M 0 19 210
7 47 22 35 5 30 0 0.00 0.0 6 8.6 21 220 M M 0 24 210
8 44 22 33 3 32 0 0.00 0.0 5 7.5 22 210 M M 2 27 240
9 39 20 30 0 35 0 0.00 0.0 4 9.7 21 60 M M 0 26 80
10 39 23 31 1 34 0 0.00 0.0 3 10.5 20 50 M M 0 8 27 60
11 44 12 28 -2 37 0 0.00 0.0 2 3.7 13 60 M M 0 17 50
12 49 11 30 0 35 0 0.00 0.0 2 4.9 14 70 M M 0 17 70
13 55 19 37 7 28 0 0.00 0.0 1 3.0 13 210 M M 1 14 210
14 49 29 39 9 26 0 0.00 0.0 1 11.5 26 40 M M 1 36 30
15 44 18 31 1 34 0 0.00 0.0 1 11.2 25 60 M M 0 35 80
16 50 11 31 0 34 0 0.00 0.0 T 2.3 10 40 M M 0 14 70
17 47 19 33 2 32 0 0.00 0.0 T 3.9 17 220 M M 1 21 230
18 37 24 31 0 34 0 T 0.0 0 6.1 17 220 M M 9 20 220
19 43 22 33 2 32 0 0.00 0.0 0 1.4 12 30 M M 4 3 15 40
20 44 17 31 0 34 0 0.00 0.0 0 4.8 21 50 M M 0 28 40
21 43 17 30 -1 35 0 0.01 0.2 0 6.1 18 220 M M 5 1 21 230
22 34 25 30 -1 35 0 0.03 0.5 T 12.7 22 60 M M 8 1 30 70
23 45 20 33 2 32 0 0.00 0.0 0 7.8 17 30 M M 0 24 60
24 54 15 35 4 30 0 0.00 0.0 0 3.5 14 220 M M 0 16 220
25 43 20 32 1 33 0 0.00 0.0 0 8.3 21 210 M M 2 24 200
26 42 16 29 -2 36 0 0.00 0.0 0 5.9 16 90 M M 0 22 70
27 47 9 28 -3 37 0 0.00 0.0 0 10.0 41 60 M M 0 52 60
28 38 21 30 -1 35 0 0.00 0.0 0 14.0 30 60 M M 0 39 70
29 43 23 33 2 32 0 0.00 0.0 0 8.1 20 60 M M 1 25 70
30 47 22 35 4 30 0 T T T 1.4 13 60 M M 6 1 16 60
31 52 19 36 5 29 0 0.00 0.0 0 5.4 16 220 M M 0 20 220
================================================================================
SM 1382 520 1056 0 0.17 3.0 197.8 M 44
================================================================================
AV 44.6 16.8 6.4 FASTST M M 1 MAX(MPH)
MISC ----> 41 60 52 60
================================================================================
NOTES:
# LAST OF SEVERAL OCCURRENCES
COLUMN 17 PEAK WIND IN M.P.H.
PRELIMINARY LOCAL CLIMATOLOGICAL DATA (WS FORM: F-6) , PAGE 2
STATION: FLAGSTAFF AZ AIRPORT
MONTH: JANUARY
YEAR: 2022
LATITUDE: 35 7 N
LONGITUDE: 111 40 W
[TEMPERATURE DATA] [PRECIPITATION DATA] SYMBOLS USED IN COLUMN 16
AVERAGE MONTHLY: 30.7 TOTAL FOR MONTH: 0.17 1 = FOG OR MIST
DPTR FM NORMAL: 0.2 DPTR FM NORMAL: -1.88 2 = FOG REDUCING VISIBILITY
HIGHEST: 57 ON 6 GRTST 24HR 0.38 ON 31- 1 TO 1/4 MILE OR LESS
LOWEST: -7 ON 2 3 = THUNDER
SNOW, ICE PELLETS, HAIL 4 = ICE PELLETS
TOTAL MONTH: 4.3 INCHES 5 = HAIL
GRTST 24HR 2.3 ON 1- 1 6 = FREEZING RAIN OR DRIZZLE
GRTST DEPTH: 11 ON 1 7 = DUSTSTORM OR SANDSTORM:
VSBY 1/2 MILE OR LESS
8 = SMOKE OR HAZE
[NO. OF DAYS WITH] [WEATHER - DAYS WITH] 9 = BLOWING SNOW
X = TORNADO
MAX 32 OR BELOW: 2 0.01 INCH OR MORE: 3
MAX 90 OR ABOVE: 0 0.10 INCH OR MORE: 1
MIN 32 OR BELOW: 31 0.50 INCH OR MORE: 0
MIN 0 OR BELOW: 3 1.00 INCH OR MORE: 0
[HDD (BASE 65) ]
TOTAL THIS MO. 1056 CLEAR (SCALE 0-3) 25
DPTR FM NORMAL -14 PTCLDY (SCALE 4-7) 5
TOTAL FM JUL 1 3594 CLOUDY (SCALE 8-10) 1
DPTR FM NORMAL -198
[CDD (BASE 65) ]
TOTAL THIS MO. 0
DPTR FM NORMAL 0 [PRESSURE DATA]
TOTAL FM JAN 1 0 HIGHEST SLP 30.63 ON 2
DPTR FM NORMAL 0 LOWEST SLP 29.47 ON 1
[REMARKS]
#FINAL-01-22#