000
CXUS52 KMFL 011000
CF6FLL
PRELIMINARY LOCAL CLIMATOLOGICAL DATA (WS FORM: F-6)
STATION: FORT LAUDERDALE
MONTH: APRIL
YEAR: 2020
LATITUDE: 26 4 N
LONGITUDE: 80 9 W
TEMPERATURE IN F: :PCPN: SNOW: WIND :SUNSHINE: SKY :PK WND
================================================================================
1 2 3 4 5 6A 6B 7 8 9 10 11 12 13 14 15 16 17 18
12Z AVG MX 2MIN
DY MAX MIN AVG DEP HDD CDD WTR SNW DPTH SPD SPD DIR MIN PSBL S-S WX SPD DR
================================================================================
1 84 69 77 2 0 12 0.05 0.0 0 11.2 22 270 M M 5 1 31 270
2 80 63 72 -3 0 7 0.00 0.0 0 7.3 15 110 M M 2 22 120
3 81 66 74 -1 0 9 0.00 0.0 0 5.6 15 100 M M 3 20 110
4 83 70 77 2 0 12 0.00 0.0 0 6.3 18 140 M M 6 24 140
5 82 71 77 2 0 12 0.05 0.0 0 6.6 15 140 M M 8 1 19 140
6 83 72 78 3 0 13 0.72 0.0 0 10.1 24 60 M M 8 1 29 90
7 84 75 80 5 0 15 0.00 0.0 0 11.4 17 120 M M 5 22 130
8 87 75 81 6 0 16 0.00 0.0 0 7.8 16 130 M M 3 22 200
9 93 73 83 7 0 18 0.00 0.0 0 11.1 20 260 M M 3 25 280
10 94 74 84 8 0 19 0.00 0.0 0 10.9 20 260 M M 6 28 260
11 83 76 80 4 0 15 0.19 0.0 0 12.3 21 90 M M 9 13 25 90
12 86 78 82 6 0 17 T 0.0 0 16.8 23 140 M M 7 29 140
13 88 80 84 8 0 19 0.00 0.0 0 13.7 22 180 M M 6 28 170
14 90 78 84 8 0 19 0.00 0.0 0 10.3 21 150 M M 3 26 160
15 91 79 85 9 0 20 0.00 0.0 0 11.2 21 220 M M 3 26 160
16 91 76 84 8 0 19 0.12 0.0 0 8.9 20 50 M M 7 27 360
17 86 77 82 6 0 17 0.01 0.0 0 12.8 20 140 M M 7 25 110
18 93 73 83 7 0 18 1.09 0.0 0 5.7 25 340 M M 4 13 35 350
19 90 74 82 5 0 17 0.00 0.0 0 8.1 21 170 M M 2 26 170
20 95 79 87 10 0 22 0.00 0.0 0 14.7 31 250 M M 6 43 260
21 92 77 85 8 0 20 T 0.0 0 8.9 17 140 M M 4 24 260
22 87 68 78 1 0 13 0.00 0.0 0 9.4 16 70 M M 4 20 80
23 86 79 83 6 0 18 0.00 0.0 0 15.1 25 140 M M 6 33 130
24 94 75 85 8 0 20 0.20 0.0 0 12.7 21 270 M M 7 1 29 250
25 88 76 82 5 0 17 0.01 0.0 0 8.5 18 160 M M 8 13 24 160
26 85 68 77 0 0 12 0.67 0.0 0 3.9 29 20 M M 9 13 36 20
27 83 68 76 -2 0 11 0.00 0.0 0 9.1 16 70 M M 4 20 80
28 82 66 74 -4 0 9 0.00 0.0 0 11.5 21 110 M M 4 24 90
29 85 74 80 2 0 15 0.00 0.0 0 14.6 23 130 M M 4 29 140
30 86 69 78 0 0 13 0.32 0.0 0 8.4 28 310 M M 5 13 40 320
================================================================================
SM 2612 2198 0 464 3.43 0.0 304.9 M 158
================================================================================
AV 87.1 73.3 10.2 FASTST M M 5 MAX(MPH)
MISC ----> # 31 250 # 43 260
================================================================================
NOTES:
# LAST OF SEVERAL OCCURRENCES
COLUMN 17 PEAK WIND IN M.P.H.
PRELIMINARY LOCAL CLIMATOLOGICAL DATA (WS FORM: F-6) , PAGE 2
STATION: FORT LAUDERDALE
MONTH: APRIL
YEAR: 2020
LATITUDE: 26 4 N
LONGITUDE: 80 9 W
[TEMPERATURE DATA] [PRECIPITATION DATA] SYMBOLS USED IN COLUMN 16
AVERAGE MONTHLY: 80.2 TOTAL FOR MONTH: 3.43 1 = FOG OR MIST
DPTR FM NORMAL: 4.0 DPTR FM NORMAL: 0.54 2 = FOG REDUCING VISIBILITY
HIGHEST: 95 ON 20 GRTST 24HR 1.09 ON 18-18 TO 1/4 MILE OR LESS
LOWEST: 63 ON 2 3 = THUNDER
SNOW, ICE PELLETS, HAIL 4 = ICE PELLETS
TOTAL MONTH: 0.0 INCH 5 = HAIL
GRTST 24HR 0.0 6 = FREEZING RAIN OR DRIZZLE
GRTST DEPTH: 0 7 = DUSTSTORM OR SANDSTORM:
VSBY 1/2 MILE OR LESS
8 = SMOKE OR HAZE
[NO. OF DAYS WITH] [WEATHER - DAYS WITH] 9 = BLOWING SNOW
X = TORNADO
MAX 32 OR BELOW: 0 0.01 INCH OR MORE: 11
MAX 90 OR ABOVE: 10 0.10 INCH OR MORE: 7
MIN 32 OR BELOW: 0 0.50 INCH OR MORE: 3
MIN 0 OR BELOW: 0 1.00 INCH OR MORE: 1
[HDD (BASE 65) ]
TOTAL THIS MO. 0 CLEAR (SCALE 0-3) 6
DPTR FM NORMAL -1 PTCLDY (SCALE 4-7) 20
TOTAL FM JUL 1 70 CLOUDY (SCALE 8-10) 4
DPTR FM NORMAL -42
[CDD (BASE 65) ]
TOTAL THIS MO. 464
DPTR FM NORMAL 127 [PRESSURE DATA]
TOTAL FM JAN 1 1228 HIGHEST SLP 30.16 ON 28
DPTR FM NORMAL 281 LOWEST SLP 29.72 ON 1
[REMARKS]
#FINAL-04-20#