000
CXUS55 KBOU 011335
CF6FNL
PRELIMINARY LOCAL CLIMATOLOGICAL DATA (WS FORM: F-6)
STATION: FT COLLINS/LOVELAND CO
MONTH: AUGUST
YEAR: 2021
LATITUDE: 40 27 N
LONGITUDE: 105 1 W
TEMPERATURE IN F: :PCPN: SNOW: WIND :SUNSHINE: SKY :PK WND
================================================================================
1 2 3 4 5 6A 6B 7 8 9 10 11 12 13 14 15 16 17 18
12Z AVG MX 2MIN
DY MAX MIN AVG DEP HDD CDD WTR SNW DPTH SPD SPD DIR MIN PSBL S-S WX SPD DR
================================================================================
1 85 57 71 M 0 6 0.00 M M 5.6 12 140 M M 1 18 16 140
2 90 56 73 M 0 8 0.00 M M 5.7 10 140 M M 1 8 M M
3 75 63 69 M 0 4 T M M 7.8 16 340 M M 8 M M
4 88 61 75 M 0 10 T M M 5.7 15 30 M M 4 20 30
5 95 57 76 M 0 11 0.00 M M 5.9 12 200 M M 0 8 17 130
6 94 58 76 M 0 11 T M M 7.4 23 360 M M 1 3 37 360
7 83 61 72 M 0 7 T M M 9.7 18 320 M M 1 8 25 300
8 95 54 75 M 0 10 0.00 M M 4.9 10 140 M M 0 8 M M
9 100 56 78 M 0 13 0.00 M M 6.3 12 50 M M 0 17 190
10 96 59 78 M 0 13 0.00 M M 4.1 9 120 M M 0 8 M M
11 95 60 78 M 0 13 0.00 M M 5.8 10 150 M M 0 M M
12 90 60 75 M 0 10 0.00 M M 11.2 16 110 M M 0 23 110
13 88 58 73 M 0 8 0.00 M M 6.9 12 160 M M 1 M M
14 93 58 76 M 0 11 0.00 M M 5.8 17 80 M M 0 8 M M
15 93 64 79 M 0 14 T M M 7.7 18 350 M M 1 26 350
16 96 57 77 M 0 12 0.00 M M 4.9 9 150 M M 0 8 M M
17 98 57 78 M 0 13 0.00 M M 5.0 15 170 M M 0 8 26 170
18 97 57 77 M 0 12 0.00 M M 8.0 17 340 M M 0 8 40 360
19 82 63 73 M 0 8 T M M 10.3 24 360 M M 5 33 340
20 82 51 67 M 0 2 0.27 M M 7.8 15 210 M M 1 3 35 280
21 86 52 69 M 0 4 0.02 M M 5.6 14 340 M M 0 3 22 190
22 92 55 74 M 0 9 0.00 M M 6.4 14 10 M M 1 8 M M
23 93 55 74 M 0 9 0.00 M M 5.0 12 180 M M 0 16 170
24 97 56 77 M 0 12 0.00 M M 6.5 12 360 M M 0 22 150
25 87 62 75 M 0 10 0.00 M M 8.5 21 360 M M 0 M M
26 89 58 74 M 0 9 0.00 M M 10.4 28 290 M M 1 47 350
27 97 58 78 M 0 13 0.00 M M 7.1 16 160 M M 0 8 22 140
28 89 52 71 M 0 6 0.00 M M 7.7 16 360 M M 0 8 30 30
29 84 60 72 M 0 7 0.00 M M 8.9 16 130 M M 4 21 150
30 96 54 75 M 0 10 0.00 M M 5.1 13 140 M M 0 8 16 100
31 97 57 77 M 0 12 0.00 M M 6.8 14 140 M M 0 8 20 140
================================================================================
SM 2822 1786 0 297 0.29 M 214.7 M 30
================================================================================
AV 91.0 57.6 6.9 FASTST M M 1 MAX(MPH)
MISC ----> 28 290 47 350
================================================================================
NOTES:
# LAST OF SEVERAL OCCURRENCES
COLUMN 17 PEAK WIND IN M.P.H.
PRELIMINARY LOCAL CLIMATOLOGICAL DATA (WS FORM: F-6) , PAGE 2
STATION: FT COLLINS/LOVELAND CO
MONTH: AUGUST
YEAR: 2021
LATITUDE: 40 27 N
LONGITUDE: 105 1 W
[TEMPERATURE DATA] [PRECIPITATION DATA] SYMBOLS USED IN COLUMN 16
AVERAGE MONTHLY: 74.3 TOTAL FOR MONTH: 0.29 1 = FOG OR MIST
DPTR FM NORMAL: M DPTR FM NORMAL: M 2 = FOG REDUCING VISIBILITY
HIGHEST: 100 ON 9 GRTST 24HR 0.27 ON 20-20 TO 1/4 MILE OR LESS
LOWEST: 51 ON 20 3 = THUNDER
SNOW, ICE PELLETS, HAIL 4 = ICE PELLETS
TOTAL MONTH: M 5 = HAIL
GRTST 24HR M ON M 6 = FREEZING RAIN OR DRIZZLE
GRTST DEPTH: M ON M 7 = DUSTSTORM OR SANDSTORM:
VSBY 1/2 MILE OR LESS
8 = SMOKE OR HAZE
[NO. OF DAYS WITH] [WEATHER - DAYS WITH] 9 = BLOWING SNOW
X = TORNADO
MAX 32 OR BELOW: 0 0.01 INCH OR MORE: 2
MAX 90 OR ABOVE: 19 0.10 INCH OR MORE: 1
MIN 32 OR BELOW: 0 0.50 INCH OR MORE: 0
MIN 0 OR BELOW: 0 1.00 INCH OR MORE: 0
[HDD (BASE 65) ]
TOTAL THIS MO. 0 CLEAR (SCALE 0-3) 27
DPTR FM NORMAL M PTCLDY (SCALE 4-7) 4
TOTAL FM JUL 1 0 CLOUDY (SCALE 8-10) 0
DPTR FM NORMAL M
[CDD (BASE 65) ]
TOTAL THIS MO. 297
DPTR FM NORMAL M [PRESSURE DATA]
TOTAL FM JAN 1 875 HIGHEST SLP 30.19 ON 13
DPTR FM NORMAL M LOWEST SLP 29.62 ON 17
[REMARKS]
#FINAL-08-21#