000
CXUS55 KBOU 010927
CF6FNL
PRELIMINARY LOCAL CLIMATOLOGICAL DATA (WS FORM: F-6)
STATION: FT COLLINS/LOVELAND CO
MONTH: OCTOBER
YEAR: 2020
LATITUDE: 40 27 N
LONGITUDE: 105 1 W
TEMPERATURE IN F: :PCPN: SNOW: WIND :SUNSHINE: SKY :PK WND
================================================================================
1 2 3 4 5 6A 6B 7 8 9 10 11 12 13 14 15 16 17 18
12Z AVG MX 2MIN
DY MAX MIN AVG DEP HDD CDD WTR SNW DPTH SPD SPD DIR MIN PSBL S-S WX SPD DR
================================================================================
1 69 38 54 M 11 0 0.00 M M 5.0 12 170 M M 3 17 170
2 74 40 57 M 8 0 0.00 M M 5.6 13 40 M M 0 8 M M
3 69 42 56 M 9 0 0.00 M M 4.6 9 190 M M 1 8 M M
4 83 39 61 M 4 0 0.00 M M 4.8 12 160 M M 0 8 M M
5 83 41 62 M 3 0 0.00 M M 7.1 20 340 M M 2 8 24 330
6 85 40 63 M 2 0 0.00 M M 4.1 8 180 M M 0 8 M M
7 85 45 65 M 0 0 0.00 M M 4.9 10 70 M M 0 8 M M
8 86 44 65 M 0 0 0.00 M M 5.0 9 360 M M 0 8 M M
9 84 45 65 M 0 0 0.00 M M 4.1 13 90 M M 0 8 M M
10 80 43 62 M 3 0 0.00 M M 5.3 9 350 M M 0 8 M M
11 73 39 56 M 9 0 0.00 M M 15.1 33 310 M M 1 45 310
12 78 31 55 M 10 0 0.00 M M 6.4 14 250 M M 0 21 270
13 74 46 60 M 5 0 0.00 M M 5.8 13 170 M M 0 M M
14 77 44 61 M 4 0 0.00 M M 11.4 23 130 M M 5 8 37 100
15 54 32 43 M 22 0 0.00 M M 5.7 16 60 M M 4 20 60
16 59 25 42 M 23 0 0.00 M M 4.8 12 190 M M 3 M M
17 71 40 56 M 9 0 0.00 M M 10.6 21 70 M M 5 8 43 260
18 41 29 35 M 30 0 T M M 6.8 14 110 M M 8 1 M M
19 59 25 42 M 23 0 0.00 M M 4.2 8 140 M M 0 M M
20 64 29 47 M 18 0 0.00 M M 6.6 16 110 M M 0 M M
21 59 31 45 M 20 0 0.00 M M 4.2 8 30 M M 3 8 M M
22 48 24 36 M 29 0 T M M 9.0 20 30 M M 9 8 25 30
23 37 21 29 M 36 0 T M M 7.0 13 60 M M 7 16 210
24 45 17 31 M 34 0 T M M 4.6 15 30 M M 3 1 M M
25 19 8 14 M 51 0 0.10 M M 12.7 23 10 M M 10 12 30 10
26 15 0 8 M 57 0 T M M 4.7 12 180 M M 6 12 M M
27 40 -7 17 M 48 0 0.06 M M 3.5 15 150 M M 2 128 M M
28 50 19 35 M 30 0 0.00 M M 6.2 14 40 M M 0 M M
29 58 25 42 M 23 0 0.00 M M 2.9 9 20 M M 0 M M
30 66 28 47 M 18 0 0.00 M M 3.3 10 20 M M 0 M M
31 60 33 47 M 18 0 0.00 M M 7.5 17 60 M M 0 22 60
================================================================================
SM 1945 956 557 0 0.16 M 193.6 M 72
================================================================================
AV 62.7 30.8 6.2 FASTST M M 2 MAX(MPH)
MISC ----> 33 310 45 310
================================================================================
NOTES:
# LAST OF SEVERAL OCCURRENCES
COLUMN 17 PEAK WIND IN M.P.H.
PRELIMINARY LOCAL CLIMATOLOGICAL DATA (WS FORM: F-6) , PAGE 2
STATION: FT COLLINS/LOVELAND CO
MONTH: OCTOBER
YEAR: 2020
LATITUDE: 40 27 N
LONGITUDE: 105 1 W
[TEMPERATURE DATA] [PRECIPITATION DATA] SYMBOLS USED IN COLUMN 16
AVERAGE MONTHLY: 46.8 TOTAL FOR MONTH: 0.16 1 = FOG OR MIST
DPTR FM NORMAL: 0.0 DPTR FM NORMAL: M 2 = FOG REDUCING VISIBILITY
HIGHEST: 86 ON 8 GRTST 24HR 0.10 ON 24-25 TO 1/4 MILE OR LESS
LOWEST: -7 ON 27 3 = THUNDER
SNOW, ICE PELLETS, HAIL 4 = ICE PELLETS
TOTAL MONTH: M 5 = HAIL
GRTST 24HR M ON M 6 = FREEZING RAIN OR DRIZZLE
GRTST DEPTH: M ON M 7 = DUSTSTORM OR SANDSTORM:
VSBY 1/2 MILE OR LESS
8 = SMOKE OR HAZE
[NO. OF DAYS WITH] [WEATHER - DAYS WITH] 9 = BLOWING SNOW
X = TORNADO
MAX 32 OR BELOW: 2 0.01 INCH OR MORE: 2
MAX 90 OR ABOVE: 0 0.10 INCH OR MORE: 0
MIN 32 OR BELOW: 16 0.50 INCH OR MORE: 0
MIN 0 OR BELOW: 2 1.00 INCH OR MORE: 0
[HDD (BASE 65) ]
TOTAL THIS MO. 557 CLEAR (SCALE 0-3) 22
DPTR FM NORMAL M PTCLDY (SCALE 4-7) 7
TOTAL FM JUL 1 702 CLOUDY (SCALE 8-10) 2
DPTR FM NORMAL M
[CDD (BASE 65) ]
TOTAL THIS MO. 0
DPTR FM NORMAL M [PRESSURE DATA]
TOTAL FM JAN 1 998 HIGHEST SLP 30.55 ON 25
DPTR FM NORMAL M LOWEST SLP 29.49 ON 11
[REMARKS]
#FINAL-10-20#