000
CXUS53 KDTX 010735
CF6FNT
PRELIMINARY LOCAL CLIMATOLOGICAL DATA (WS FORM: F-6)
STATION: FLINT MI
MONTH: DECEMBER
YEAR: 2020
LATITUDE: 42 58 N
LONGITUDE: 83 44 W
TEMPERATURE IN F: :PCPN: SNOW: WIND :SUNSHINE: SKY :PK WND
================================================================================
1 2 3 4 5 6A 6B 7 8 9 10 11 12 13 14 15 16 17 18
12Z AVG MX 2MIN
DY MAX MIN AVG DEP HDD CDD WTR SNW DPTH SPD SPD DIR MIN PSBL S-S WX SPD DR
================================================================================
1 38 27 33 1 32 0 0.02 0.1 T 13.4 22 330 M M 9 8 33 350
2 47 29 38 6 27 0 0.00 0.0 T 11.3 18 270 M M 0 27 300
3 44 32 38 6 27 0 0.00 0.0 T 9.4 18 240 M M 2 24 220
4 45 35 40 9 25 0 0.00 0.0 0 9.3 18 240 M M 10 26 240
5 38 23 31 0 34 0 0.00 0.0 0 7.1 14 10 M M 9 19 360
6 34 26 30 0 35 0 0.00 0.0 0 5.3 9 320 M M 10 12 340
7 37 21 29 -1 36 0 0.00 0.0 0 5.9 13 330 M M 8 15 320
8 39 20 30 0 35 0 0.00 0.0 0 7.3 20 240 M M 8 27 240
9 42 26 34 5 31 0 0.00 0.0 0 8.9 20 250 M M 9 18 28 260
10 52 24 38 9 27 0 0.00 0.0 0 5.1 14 160 M M 1 128 18 160
11 47 30 39 10 26 0 0.03 0.0 0 6.8 15 50 M M 5 18 20 60
12 53 33 43 15 22 0 1.08 T 0 11.4 16 180 M M 10 1 24 180
13 36 31 34 6 31 0 T T T 6.5 15 300 M M 10 21 310
14 36 24 30 2 35 0 T T 0 12.6 23 290 M M 9 32 290
15 31 20 26 -1 39 0 0.00 0.0 0 6.6 13 70 M M 1 17 60
16 31 26 29 2 36 0 0.01 0.3 0 12.0 18 70 M M 8 8 24 70
17 32 27 30 3 35 0 0.02 0.5 T 4.9 13 30 M M 10 18 17 40
18 35 24 30 4 35 0 T T 1 5.5 14 180 M M 6 18 21 170
19 38 31 35 9 30 0 0.01 T 1 8.8 16 180 M M 7 8 22 170
20 39 32 36 10 29 0 0.00 0.0 T 8.6 16 230 M M 8 18 24 220
21 40 35 38 12 27 0 0.09 T 0 7.0 13 290 M M 9 18 18 290
22 38 32 35 9 30 0 T 0.0 0 8.9 20 300 M M 9 18 27 300
23 53 36 45 20 20 0 T 0.0 0 17.0 30 190 M M 5 47 210
24 52 24 38 13 27 0 0.02 T 0 14.2 30 220 M M 10 43 230
25 25 20 23 -2 42 0 0.12 2.1 1 14.2 26 280 M M 10 8 35 280
26 29 23 26 1 39 0 T T 2 10.1 18 270 M M 10 26 220
27 42 24 33 9 32 0 0.05 0.0 2 9.2 20 160 M M 5 26 160
28 43 27 35 11 30 0 0.07 T T 13.4 29 280 M M 7 1 40 270
29 31 21 26 2 39 0 0.03 0.5 0 7.2 16 150 M M 2 20 150
30 40 28 34 10 31 0 0.15 1.5 2 15.5 28 270 M M 10 168 38 270
31 34 21 28 4 37 0 0.00 0.0 T 6.4 23 280 M M 7 32 270
================================================================================
SM 1221 832 981 0 1.70 5.0 289.8 M 224
================================================================================
AV 39.4 26.8 9.3 FASTST M M 7 MAX(MPH)
MISC ----> # 30 190 47 210
================================================================================
NOTES:
# LAST OF SEVERAL OCCURRENCES
COLUMN 17 PEAK WIND IN M.P.H.
PRELIMINARY LOCAL CLIMATOLOGICAL DATA (WS FORM: F-6) , PAGE 2
STATION: FLINT MI
MONTH: DECEMBER
YEAR: 2020
LATITUDE: 42 58 N
LONGITUDE: 83 44 W
[TEMPERATURE DATA] [PRECIPITATION DATA] SYMBOLS USED IN COLUMN 16
AVERAGE MONTHLY: 33.1 TOTAL FOR MONTH: 1.70 1 = FOG OR MIST
DPTR FM NORMAL: 5.7 DPTR FM NORMAL: -0.22 2 = FOG REDUCING VISIBILITY
HIGHEST: 53 ON 23,12 GRTST 24HR 1.11 ON 11-12 TO 1/4 MILE OR LESS
LOWEST: 20 ON 25,15 3 = THUNDER
SNOW, ICE PELLETS, HAIL 4 = ICE PELLETS
TOTAL MONTH: 5.4 INCHES 5 = HAIL
GRTST 24HR 2.1 ON 25-25 6 = FREEZING RAIN OR DRIZZLE
GRTST DEPTH: 2 ON 30,27 7 = DUSTSTORM OR SANDSTORM:
VSBY 1/2 MILE OR LESS
8 = SMOKE OR HAZE
[NO. OF DAYS WITH] [WEATHER - DAYS WITH] 9 = BLOWING SNOW
X = TORNADO
MAX 32 OR BELOW: 6 0.01 INCH OR MORE: 13
MAX 90 OR ABOVE: 0 0.10 INCH OR MORE: 3
MIN 32 OR BELOW: 27 0.50 INCH OR MORE: 1
MIN 0 OR BELOW: 0 1.00 INCH OR MORE: 1
[HDD (BASE 65) ]
TOTAL THIS MO. 981 CLEAR (SCALE 0-3) 5
DPTR FM NORMAL -183 PTCLDY (SCALE 4-7) 10
TOTAL FM JUL 1 2220 CLOUDY (SCALE 8-10) 16
DPTR FM NORMAL -424
[CDD (BASE 65) ]
TOTAL THIS MO. 0
DPTR FM NORMAL 0 [PRESSURE DATA]
TOTAL FM JAN 1 780 HIGHEST SLP 30.60 ON 29
DPTR FM NORMAL 249 LOWEST SLP 29.42 ON 24
[REMARKS]
#FINAL-12-20#