000
CXUS52 KMLB 121404
CF6FPR
PRELIMINARY LOCAL CLIMATOLOGICAL DATA (WS FORM: F-6)
STATION: FORT PIERCE
MONTH: APRIL
YEAR: 2023
LATITUDE: 27 30 N
LONGITUDE: 80 22 W
TEMPERATURE IN F: :PCPN: SNOW: WIND :SUNSHINE: SKY :PK WND
================================================================================
1 2 3 4 5 6A 6B 7 8 9 10 11 12 13 14 15 16 17 18
12Z AVG MX 2MIN
DY MAX MIN AVG DEP HDD CDD WTR SNW DPTH SPD SPD DIR MIN PSBL S-S WX SPD DR
================================================================================
1 92 63 78 9 0 13 0.00 0.0 0 6.6 17 220 M M 5 26 220
2 91 66 79 10 0 14 0.00 0.0 0 9.6 16 100 M M 4 1 23 90
3 90 75 83 14 0 18 0.03 0.0 0 10.9 21 140 M M 4 1 26 150
4 87 71 79 9 0 14 T 0.0 0 7.1 17 120 M M 4 21 120
5 85 64 75 5 0 10 0.01 0.0 0 10.1 20 100 M M 2 1 29 130
6 85 73 79 9 0 14 0.00 0.0 0 13.0 22 120 M M 1 25 150
7 85 73 79 9 0 14 0.00 0.0 0 13.0 20 120 M M 2 25 130
8 85 65 75 5 0 10 0.25 0.0 0 8.0 17 140 M M 5 18 22 120
9 80 67 74 4 0 9 0.03 0.0 0 7.0 16 330 M M 5 1 26 360
10 79 68 74 4 0 9 0.26 0.0 0 14.8 24 80 M M 9 1 35 70
11 78 71 75 4 0 10 0.00 0.0 0 15.9 22 90 M M 9 30 70
12 77 69 73 2 0 8 0.14 0.0 0 16.3 24 110 M M 9 1 31 110
13 90 68 79 8 0 14 0.15 0.0 0 9.4 25 170 M M 5 1 32 150
14 86 64 75 4 0 10 T 0.0 0 6.3 20 120 M M 3 1 24 120
15 88 65 77 6 0 12 0.02 0.0 0 7.4 25 300 M M 1 13 31 310
16 87 68 78 6 0 13 2.75 0.0 0 7.8 33 120 M M 4 1238 39 130
17 78 61 70 -2 0 5 0.02 0.0 0 5.4 15 290 M M 5 13 20 10
18 80 59 70 -2 0 5 0.00 0.0 0 6.3 15 60 M M 0 23 70
19 80 57 69 -3 0 4 0.00 0.0 0 7.7 17 90 M M 3 22 100
20 82 62 72 0 0 7 0.02 0.0 0 8.4 15 80 M M 3 3 22 70
21 83 67 75 3 0 10 0.45 0.0 0 9.2 18 140 M M 4 18 26 80
22 84 66 75 2 0 10 T 0.0 0 6.6 20 120 M M 3 1 25 120
23 84 67 76 3 0 11 0.00 0.0 0 6.3 14 60 M M 2 20 40
24 82 68 75 2 0 10 0.95 0.0 0 10.7 21 110 M M 6 13X 26 110
25 84 72 78 5 0 13 0.21 0.0 0 8.1 18 150 M M 7 13 22 150
26 84 64 74 1 0 9 1.25 0.0 0 4.6 29 10 M M 3 123 55 360
27 85 64 75 1 0 10 2.54 0.0 0 9.7 35 120 M M 3 1238 41 120
28 89 67 78 4 0 13 0.01 0.0 0 6.4 17 140 M M 2 13 22 210
29 88 72 80 6 0 15 0.17 0.0 0 8.8 24 190 M M 3 13 33 190
30 83 66 75 1 0 10 0.84 0.0 0 14.5 30 270 M M 3 13 41 260
================================================================================
SM 2531 2002 0 324 10.10 0.0 275.9 M 119
================================================================================
AV 84.4 66.7 9.2 FASTST M M 4 MAX(MPH)
MISC ----> 35 120 55 360
================================================================================
NOTES:
# LAST OF SEVERAL OCCURRENCES
COLUMN 17 PEAK WIND IN M.P.H.
PRELIMINARY LOCAL CLIMATOLOGICAL DATA (WS FORM: F-6) , PAGE 2
STATION: FORT PIERCE
MONTH: APRIL
YEAR: 2023
LATITUDE: 27 30 N
LONGITUDE: 80 22 W
[TEMPERATURE DATA] [PRECIPITATION DATA] SYMBOLS USED IN COLUMN 16
AVERAGE MONTHLY: 75.6 TOTAL FOR MONTH: 10.10 1 = FOG OR MIST
DPTR FM NORMAL: 4.1 DPTR FM NORMAL: 7.07 2 = FOG REDUCING VISIBILITY
HIGHEST: 92 ON 1 GRTST 24HR 2.77 ON 15-16 TO 1/4 MILE OR LESS
LOWEST: 57 ON 19 3 = THUNDER
SNOW, ICE PELLETS, HAIL 4 = ICE PELLETS
TOTAL MONTH: 0.0 INCH 5 = HAIL
GRTST 24HR 0.0 6 = FREEZING RAIN OR DRIZZLE
GRTST DEPTH: 0 7 = DUSTSTORM OR SANDSTORM:
VSBY 1/2 MILE OR LESS
8 = SMOKE OR HAZE
[NO. OF DAYS WITH] [WEATHER - DAYS WITH] 9 = BLOWING SNOW
X = TORNADO
MAX 32 OR BELOW: 0 0.01 INCH OR MORE: 19
MAX 90 OR ABOVE: 4 0.10 INCH OR MORE: 12
MIN 32 OR BELOW: 0 0.50 INCH OR MORE: 5
MIN 0 OR BELOW: 0 1.00 INCH OR MORE: 3
[HDD (BASE 65) ]
TOTAL THIS MO. 0 CLEAR (SCALE 0-3) 14
DPTR FM NORMAL -12 PTCLDY (SCALE 4-7) 13
TOTAL FM JUL 1 176 CLOUDY (SCALE 8-10) 3
DPTR FM NORMAL -239
[CDD (BASE 65) ]
TOTAL THIS MO. 324
DPTR FM NORMAL 117 [PRESSURE DATA]
TOTAL FM JAN 1 813 HIGHEST SLP 30.21 ON 6
DPTR FM NORMAL 337 LOWEST SLP 29.62 ON 30
[REMARKS]
#FINAL-04-23#