000
CXUS52 KMLB 010625
CF6FPR
PRELIMINARY LOCAL CLIMATOLOGICAL DATA (WS FORM: F-6)
STATION: FORT PIERCE
MONTH: SEPTEMBER
YEAR: 2023
LATITUDE: 27 30 N
LONGITUDE: 80 22 W
TEMPERATURE IN F: :PCPN: SNOW: WIND :SUNSHINE: SKY :PK WND
================================================================================
1 2 3 4 5 6A 6B 7 8 9 10 11 12 13 14 15 16 17 18
12Z AVG MX 2MIN
DY MAX MIN AVG DEP HDD CDD WTR SNW DPTH SPD SPD DIR MIN PSBL S-S WX SPD DR
================================================================================
1 90 76 83 2 0 18 T 0.0 0 5.2 16 90 M M 3 1 23 60
2 88 78 83 2 0 18 T 0.0 0 7.0 15 70 M M 5 27 80
3 88 78 83 2 0 18 T 0.0 0 7.4 18 100 M M 4 24 100
4 87 72 80 -1 0 15 0.04 0.0 0 5.8 15 80 M M 5 1 24 80
5 88 69 79 -2 0 14 0.00 0.0 0 4.1 14 110 M M 0 22 110
6 89 68 79 -2 0 14 0.00 0.0 0 4.1 13 110 M M 0 19 110
7 92 69 81 0 0 16 0.00 0.0 0 5.0 13 90 M M 1 17 60
8 91 69 80 -1 0 15 0.22 0.0 0 4.7 17 120 M M 3 13 22 320
9 89 69 79 -2 0 14 0.00 0.0 0 4.5 15 110 M M 1 1 20 110
10 90 72 81 0 0 16 0.00 0.0 0 4.6 12 100 M M 1 1 M M
11 90 72 81 0 0 16 0.00 0.0 0 4.0 13 70 M M 2 1 21 100
12 91 75 83 2 0 18 0.00 0.0 0 5.3 13 90 M M 1 1 20 100
13 91 74 83 2 0 18 0.02 0.0 0 4.1 14 60 M M 1 13 20 30
14 90 73 82 2 0 17 0.00 0.0 0 3.7 13 80 M M 2 1 18 90
15 90 73 82 2 0 17 0.41 0.0 0 4.9 13 300 M M 2 13 18 80
16 88 75 82 2 0 17 0.16 0.0 0 3.7 15 110 M M 4 13 19 110
17 94 74 84 4 0 19 0.00 0.0 0 3.4 13 270 M M 1 1 16 270
18 90 74 82 2 0 17 T 0.0 0 4.5 12 70 M M 2 13 19 40
19 86 74 80 0 0 15 2.33 0.0 0 7.1 18 110 M M 6 123 23 60
20 89 74 82 2 0 17 0.01 0.0 0 5.1 15 140 M M 3 3 25 10
21 87 73 80 0 0 15 0.15 0.0 0 4.3 13 80 M M 1 1 18 80
22 87 69 78 -2 0 13 T 0.0 0 5.3 13 30 M M 1 1 21 40
23 85 67 76 -4 0 11 0.00 0.0 0 3.3 12 80 M M 0 17 70
24 86 69 78 -2 0 13 T 0.0 0 3.7 14 70 M M 2 3 19 90
25 88 73 81 1 0 16 0.15 0.0 0 5.8 18 150 M M 1 13 24 170
26 88 73 81 1 0 16 2.33 0.0 0 4.1 25 100 M M 3 123 32 140
27 84 76 80 0 0 15 0.01 0.0 0 2.5 15 120 M M 5 3 19 120
28 89 74 82 3 0 17 0.00 0.0 0 3.3 13 290 M M 5 17 80
29 89 73 81 2 0 16 2.51 0.0 0 3.5 30 170 M M 3 13 38 170
30 88 75 82 3 0 17 0.37 0.0 0 2.1 15 120 M M 4 13 19 110
================================================================================
SM 2662 2180 0 478 8.71 0.0 136.1 M 72
================================================================================
AV 88.7 72.7 4.5 FASTST M M 2 MAX(MPH)
MISC ----> 30 170 38 170
================================================================================
NOTES:
# LAST OF SEVERAL OCCURRENCES
COLUMN 17 PEAK WIND IN M.P.H.
PRELIMINARY LOCAL CLIMATOLOGICAL DATA (WS FORM: F-6) , PAGE 2
STATION: FORT PIERCE
MONTH: SEPTEMBER
YEAR: 2023
LATITUDE: 27 30 N
LONGITUDE: 80 22 W
[TEMPERATURE DATA] [PRECIPITATION DATA] SYMBOLS USED IN COLUMN 16
AVERAGE MONTHLY: 80.7 TOTAL FOR MONTH: 8.71 1 = FOG OR MIST
DPTR FM NORMAL: 0.4 DPTR FM NORMAL: 2.44 2 = FOG REDUCING VISIBILITY
HIGHEST: 94 ON 17 GRTST 24HR 2.68 ON 29-30 TO 1/4 MILE OR LESS
LOWEST: 67 ON 23 3 = THUNDER
SNOW, ICE PELLETS, HAIL 4 = ICE PELLETS
TOTAL MONTH: 0.0 INCH 5 = HAIL
GRTST 24HR 0.0 6 = FREEZING RAIN OR DRIZZLE
GRTST DEPTH: 0 7 = DUSTSTORM OR SANDSTORM:
VSBY 1/2 MILE OR LESS
8 = SMOKE OR HAZE
[NO. OF DAYS WITH] [WEATHER - DAYS WITH] 9 = BLOWING SNOW
X = TORNADO
MAX 32 OR BELOW: 0 0.01 INCH OR MORE: 13
MAX 90 OR ABOVE: 11 0.10 INCH OR MORE: 9
MIN 32 OR BELOW: 0 0.50 INCH OR MORE: 3
MIN 0 OR BELOW: 0 1.00 INCH OR MORE: 3
[HDD (BASE 65) ]
TOTAL THIS MO. 0 CLEAR (SCALE 0-3) 21
DPTR FM NORMAL 0 PTCLDY (SCALE 4-7) 9
TOTAL FM JUL 1 0 CLOUDY (SCALE 8-10) 0
DPTR FM NORMAL 0
[CDD (BASE 65) ]
TOTAL THIS MO. 478
DPTR FM NORMAL 18 [PRESSURE DATA]
TOTAL FM JAN 1 3258 HIGHEST SLP M ON M
DPTR FM NORMAL 505 LOWEST SLP 29.84 ON 14
[REMARKS]
#FINAL-09-23#