000
CXUS54 KMAF 011110
CF6FST
PRELIMINARY LOCAL CLIMATOLOGICAL DATA (WS FORM: F-6)
STATION: FORT STOCKTON
MONTH: JULY
YEAR: 2020
LATITUDE: 30 55 N
LONGITUDE: 102 55 W
TEMPERATURE IN F: :PCPN: SNOW: WIND :SUNSHINE: SKY :PK WND
================================================================================
1 2 3 4 5 6A 6B 7 8 9 10 11 12 13 14 15 16 17 18
12Z AVG MX 2MIN
DY MAX MIN AVG DEP HDD CDD WTR SNW DPTH SPD SPD DIR MIN PSBL S-S WX SPD DR
================================================================================
1 99 74 87 5 0 22 0.11 M M 8.8 23 80 M M 1 3 30 80
2 96 71 84 2 0 19 T M M 12.3 26 160 M M 0 38 34 160
3 97 74 86 4 0 21 0.00 M M 10.3 20 130 M M 0 27 130
4 99 71 85 3 0 20 0.00 M M 8.2 15 120 M M 0 21 70
5 102 74 88 6 0 23 T M M 9.8 28 190 M M 1 3 37 360
6 97 69 83 1 0 18 0.00 M M 5.9 18 30 M M 1 23 30
7 98 74 86 4 0 21 0.00 M M 9.2 20 160 M M 2 25 220
8 101 72 87 5 0 22 0.00 M M 9.0 18 130 M M 0 25 160
9 106 76 91 9 0 26 0.00 0.0 0 12.4 22 160 M M 0 30 160
10 104 76 90 8 0 25 0.00 0.0 0 12.4 24 160 M M 0 32 160
11 106 77 92 10 0 27 0.00 0.0 0 10.1 18 120 M M 0 27 120
12 104 70 87 5 0 22 0.00 0.0 0 11.0 21 170 M M 0 39 120
13 108 76 92 10 0 27 0.00 M M 11.0 20 150 M M 0 25 150
14 110 83 97 15 0 32 0.00 M M 12.3 22 160 M M 0 29 130
15 104 77 91 9 0 26 0.00 M M 12.5 24 110 M M 0 32 130
16 96 71 84 2 0 19 0.00 M M 13.7 23 120 M M 0 31 120
17 101 76 89 7 0 24 0.00 M M 12.9 23 110 M M 0 34 110
18 98 73 86 4 0 21 0.00 M M 12.9 22 110 M M 0 28 120
19 94 69 82 0 0 17 0.00 M M 13.0 23 110 M M 0 28 140
20 96 74 85 3 0 20 0.00 0.0 0 10.7 23 120 M M 0 32 100
21 96 73 85 3 0 20 0.00 0.0 0 11.1 23 100 M M 1 28 110
22 97 71 84 2 0 19 0.00 0.0 0 9.7 22 140 M M 0 29 140
23 97 75 86 4 0 21 0.00 M M 12.2 23 120 M M 0 38 28 120
24 97 73 85 3 0 20 0.00 0.0 0 10.0 22 110 M M 1 27 120
25 97 75 86 4 0 21 0.00 M M 10.1 23 110 M M 1 32 120
26 91 72 82 0 0 17 0.00 M M 12.9 23 110 M M 1 29 120
27 94 70 82 0 0 17 0.00 M M 11.6 21 150 M M 0 30 120
28 97 70 84 2 0 19 0.00 M M 10.8 24 110 M M 0 28 110
29 99 72 86 4 0 21 0.00 M M 12.3 23 140 M M 0 8 29 140
30 100 72 86 4 0 21 0.00 0.0 0 14.5 22 160 M M 0 28 140
31 93 70 82 0 0 17 T 0.0 0 9.5 24 30 M M 1 34 40
================================================================================
SM 3074 2270 0 665 0.11 0.0 343.1 M 10
================================================================================
AV 99.2 73.2 11.1 FASTST M M 0 MAX(MPH)
MISC ----> 28 190 39 120
================================================================================
NOTES:
# LAST OF SEVERAL OCCURRENCES
COLUMN 17 PEAK WIND IN M.P.H.
PRELIMINARY LOCAL CLIMATOLOGICAL DATA (WS FORM: F-6) , PAGE 2
STATION: FORT STOCKTON
MONTH: JULY
YEAR: 2020
LATITUDE: 30 55 N
LONGITUDE: 102 55 W
[TEMPERATURE DATA] [PRECIPITATION DATA] SYMBOLS USED IN COLUMN 16
AVERAGE MONTHLY: 86.2 TOTAL FOR MONTH: 0.11 1 = FOG OR MIST
DPTR FM NORMAL: 4.0 DPTR FM NORMAL: -1.72 2 = FOG REDUCING VISIBILITY
HIGHEST: 110 ON 14 GRTST 24HR 0.11 ON 1- 1 TO 1/4 MILE OR LESS
LOWEST: 69 ON 19, 6 3 = THUNDER
SNOW, ICE PELLETS, HAIL 4 = ICE PELLETS
TOTAL MONTH: 0.0 INCH 5 = HAIL
GRTST 24HR 0.0 6 = FREEZING RAIN OR DRIZZLE
GRTST DEPTH: 0 7 = DUSTSTORM OR SANDSTORM:
VSBY 1/2 MILE OR LESS
8 = SMOKE OR HAZE
[NO. OF DAYS WITH] [WEATHER - DAYS WITH] 9 = BLOWING SNOW
X = TORNADO
MAX 32 OR BELOW: 0 0.01 INCH OR MORE: 1
MAX 90 OR ABOVE: 31 0.10 INCH OR MORE: 1
MIN 32 OR BELOW: 0 0.50 INCH OR MORE: 0
MIN 0 OR BELOW: 0 1.00 INCH OR MORE: 0
[HDD (BASE 65) ]
TOTAL THIS MO. 0 CLEAR (SCALE 0-3) 31
DPTR FM NORMAL 0 PTCLDY (SCALE 4-7) 0
TOTAL FM JUL 1 0 CLOUDY (SCALE 8-10) 0
DPTR FM NORMAL 0
[CDD (BASE 65) ]
TOTAL THIS MO. 665
DPTR FM NORMAL 132 [PRESSURE DATA]
TOTAL FM JAN 1 1774 HIGHEST SLP 30.02 ON 31
DPTR FM NORMAL 215 LOWEST SLP 29.66 ON 14
[REMARKS]
#FINAL-07-20#