000
CXUS52 KFFC 011010
CF6FTY
PRELIMINARY LOCAL CLIMATOLOGICAL DATA (WS FORM: F-6)
STATION: FULTON COUNTY AIRPORT
MONTH: JULY
YEAR: 2020
LATITUDE: 33 46 N
LONGITUDE: 84 31 W
TEMPERATURE IN F: :PCPN: SNOW: WIND :SUNSHINE: SKY :PK WND
================================================================================
1 2 3 4 5 6A 6B 7 8 9 10 11 12 13 14 15 16 17 18
12Z AVG MX 2MIN
DY MAX MIN AVG DEP HDD CDD WTR SNW DPTH SPD SPD DIR MIN PSBL S-S WX SPD DR
================================================================================
1 82 68 75 -4 0 10 T 0.0 M 5.1 21 320 M M 4 28 320
2 90 70 80 1 0 15 T 0.0 M 3.9 14 10 M M 2 3 17 360
3 92 71 82 3 0 17 0.00 0.0 M 3.2 12 160 M M 3 1 15 80
4 90 71 81 2 0 16 0.01 M M 3.0 16 30 M M 2 138 18 30
5 92 71 82 3 0 17 0.00 M M 3.6 14 150 M M 1 128 20 150
6 85 70 78 -2 0 13 0.15 M M 5.8 22 60 M M 6 13 27 50
7 87 73 80 0 0 15 0.02 M M 4.3 10 350 M M 8 1 14 360
8 87 72 80 0 0 15 T M M 2.1 13 280 M M 6 3 19 240
9 90 70 80 0 0 15 1.82 M M 3.4 29 40 M M 3 13 52 80
10 92 71 82 2 0 17 0.00 0.0 M 3.8 14 290 M M 5 12 19 280
11 90 72 81 1 0 16 0.00 0.0 M 7.0 17 300 M M 0 23 320
12 87 66 77 -3 0 12 T M M 2.4 12 360 M M 0 15 350
13 89 68 79 -1 0 14 0.00 M M 5.5 14 290 M M 2 1 19 300
14 92 69 81 1 0 16 T M M 1.9 8 210 M M 1 12 290
15 92 71 82 2 0 17 0.17 M M 3.7 17 90 M M 3 13 25 90
16 93 72 83 3 0 18 T M M 3.1 14 140 M M 1 1 18 140
17 94 72 83 3 0 18 T M M 2.4 10 200 M M 1 15 130
18 95 73 84 4 0 19 0.49 M M 2.3 24 250 M M 2 13 32 310
19 93 72 83 3 0 18 0.00 M M 1.8 8 150 M M 2 13 10 180
20 96 74 85 5 0 20 T M M 2.1 15 140 M M 2 3 21 350
21 94 73 84 4 0 19 T M M 3.0 24 140 M M 1 3 33 150
22 92 72 82 2 0 17 0.00 M M 3.2 12 320 M M 2 3 14 320
23 92 71 82 2 0 17 0.00 M M 3.3 21 150 M M 1 30 150
24 87 72 80 0 0 15 T M M 3.2 10 150 M M 2 3 14 130
25 88 70 79 -1 0 14 0.04 M M 2.6 14 140 M M 1 3 18 150
26 91 68 80 0 0 15 T M M 2.5 8 280 M M 1 3 11 260
27 92 72 82 2 0 17 0.00 M M 3.3 16 280 M M 1 20 280
28 89 71 80 0 0 15 0.19 M M 4.0 18 270 M M 1 13 24 230
29 85 75 80 0 0 15 0.01 M M 5.5 14 230 M M 8 13 19 210
30 89 75 82 2 0 17 0.01 M M 7.1 18 260 M M 7 1 27 270
31 93 74 84 4 0 19 0.05 M M 7.7 17 280 M M 2 8 23 240
================================================================================
SM 2800 2209 0 498 2.96 0.0 115.8 M 81
================================================================================
AV 90.3 71.3 3.7 FASTST M M 3 MAX(MPH)
MISC ----> 29 40 52 80
================================================================================
NOTES:
# LAST OF SEVERAL OCCURRENCES
COLUMN 17 PEAK WIND IN M.P.H.
PRELIMINARY LOCAL CLIMATOLOGICAL DATA (WS FORM: F-6) , PAGE 2
STATION: FULTON COUNTY AIRPORT
MONTH: JULY
YEAR: 2020
LATITUDE: 33 46 N
LONGITUDE: 84 31 W
[TEMPERATURE DATA] [PRECIPITATION DATA] SYMBOLS USED IN COLUMN 16
AVERAGE MONTHLY: 80.8 TOTAL FOR MONTH: 2.96 1 = FOG OR MIST
DPTR FM NORMAL: 1.0 DPTR FM NORMAL: -2.10 2 = FOG REDUCING VISIBILITY
HIGHEST: 96 ON 20 GRTST 24HR 1.82 ON 9- 9 TO 1/4 MILE OR LESS
LOWEST: 66 ON 12 3 = THUNDER
SNOW, ICE PELLETS, HAIL 4 = ICE PELLETS
TOTAL MONTH: 0.0 INCH 5 = HAIL
GRTST 24HR 0.0 6 = FREEZING RAIN OR DRIZZLE
GRTST DEPTH: M ON M 7 = DUSTSTORM OR SANDSTORM:
VSBY 1/2 MILE OR LESS
8 = SMOKE OR HAZE
[NO. OF DAYS WITH] [WEATHER - DAYS WITH] 9 = BLOWING SNOW
X = TORNADO
MAX 32 OR BELOW: 0 0.01 INCH OR MORE: 11
MAX 90 OR ABOVE: 20 0.10 INCH OR MORE: 5
MIN 32 OR BELOW: 0 0.50 INCH OR MORE: 1
MIN 0 OR BELOW: 0 1.00 INCH OR MORE: 1
[HDD (BASE 65) ]
TOTAL THIS MO. 0 CLEAR (SCALE 0-3) 22
DPTR FM NORMAL 0 PTCLDY (SCALE 4-7) 8
TOTAL FM JUL 1 0 CLOUDY (SCALE 8-10) 1
DPTR FM NORMAL 0
[CDD (BASE 65) ]
TOTAL THIS MO. 498
DPTR FM NORMAL 39 [PRESSURE DATA]
TOTAL FM JAN 1 1036 HIGHEST SLP 30.20 ON 24
DPTR FM NORMAL 27 LOWEST SLP 29.73 ON 12
[REMARKS]
#FINAL-07-20#