000
CXUS53 KIWX 011056
CF6FWA
PRELIMINARY LOCAL CLIMATOLOGICAL DATA (WS FORM: F-6)
STATION: FORT WAYNE
MONTH: NOVEMBER
YEAR: 2022
LATITUDE: 41 0 N
LONGITUDE: 85 12 W
TEMPERATURE IN F: :PCPN: SNOW: WIND :SUNSHINE: SKY :PK WND
================================================================================
1 2 3 4 5 6A 6B 7 8 9 10 11 12 13 14 15 16 17 18
12Z AVG MX 2MIN
DY MAX MIN AVG DEP HDD CDD WTR SNW DPTH SPD SPD DIR MIN PSBL S-S WX SPD DR
================================================================================
1 68 43 56 9 9 0 0.01 0.0 0 4.9 12 270 M M 5 18 17 240
2 69 38 54 7 11 0 0.00 0.0 0 3.8 9 200 M M 3 1 M M
3 71 38 55 9 10 0 0.00 0.0 0 5.3 14 190 M M 4 12 18 200
4 75 52 64 18 1 0 0.00 0.0 0 12.9 23 180 M M 8 32 190
5 71 48 60 15 5 0 0.01 0.0 0 19.4 40 210 M M 8 8 58 190
6 67 40 54 9 11 0 0.00 0.0 0 9.4 22 220 M M 3 31 210
7 60 38 49 5 16 0 0.00 0.0 0 6.7 13 60 M M 4 18 340
8 57 36 47 3 18 0 0.00 0.0 0 12.2 22 100 M M 5 31 70
9 71 33 52 8 13 0 0.00 0.0 0 5.3 10 180 M M 3 14 170
10 74 45 60 17 5 0 0.00 0.0 0 8.8 14 190 M M 4 M M
11 62 41 52 9 13 0 0.00 0.0 0 6.8 20 320 M M 10 29 320
12 41 30 36 -6 29 0 0.21 1.9 0 9.1 15 250 M M 10 1 23 330
13 37 32 35 -7 30 0 T T 1 5.9 17 270 M M 10 1 24 290
14 38 24 31 -11 34 0 0.00 0.0 0 4.7 12 70 M M 8 16 70
15 38 31 35 -6 30 0 0.09 0.6 0 7.9 16 80 M M 10 1 21 50
16 40 30 35 -6 30 0 0.05 0.4 T 12.3 21 260 M M 10 1 29 270
17 32 29 31 -9 34 0 T 0.1 T 14.2 22 270 M M 9 34 240
18 31 21 26 -14 39 0 0.01 0.5 T 14.8 25 250 M M 10 1 36 260
19 31 16 24 -16 41 0 0.01 T T 15.7 28 240 M M 6 39 250
20 28 13 21 -18 44 0 0.00 0.0 T 10.4 18 260 M M 2 26 260
21 48 21 35 -4 30 0 0.00 0.0 0 12.3 25 240 M M 1 38 220
22 54 23 39 1 26 0 0.00 0.0 0 8.6 18 240 M M 2 25 250
23 59 26 43 5 22 0 0.00 0.0 0 5.8 13 220 M M 3 17 250
24 60 26 43 5 22 0 0.02 0.0 0 5.7 17 240 M M 9 1 24 230
25 52 30 41 4 24 0 0.00 0.0 0 9.6 17 340 M M 4 18 26 320
26 54 25 40 3 25 0 0.00 0.0 0 6.8 15 220 M M 4 1 20 230
27 51 39 45 9 20 0 1.24 0.0 0 9.6 23 320 M M 10 18 33 340
28 44 37 41 5 24 0 0.00 0.0 0 4.7 12 230 M M 9 16 240
29 57 40 49 13 16 0 T 0.0 0 13.0 24 180 M M 9 18 34 160
30 56 24 40 4 25 0 0.25 0.0 0 23.1 33 260 M M 7 1 47 250
================================================================================
SM 1596 969 657 0 1.90 3.5 289.7 M 190
================================================================================
AV 53.2 32.3 9.7 FASTST M M 6 MAX(MPH)
MISC ----> 40 210 58 190
================================================================================
NOTES:
# LAST OF SEVERAL OCCURRENCES
COLUMN 17 PEAK WIND IN M.P.H.
PRELIMINARY LOCAL CLIMATOLOGICAL DATA (WS FORM: F-6) , PAGE 2
STATION: FORT WAYNE
MONTH: NOVEMBER
YEAR: 2022
LATITUDE: 41 0 N
LONGITUDE: 85 12 W
[TEMPERATURE DATA] [PRECIPITATION DATA] SYMBOLS USED IN COLUMN 16
AVERAGE MONTHLY: 42.8 TOTAL FOR MONTH: 1.90 1 = FOG OR MIST
DPTR FM NORMAL: 1.7 DPTR FM NORMAL: -1.06 2 = FOG REDUCING VISIBILITY
HIGHEST: 75 ON 4 GRTST 24HR 1.24 ON 27-27 TO 1/4 MILE OR LESS
LOWEST: 13 ON 20 3 = THUNDER
SNOW, ICE PELLETS, HAIL 4 = ICE PELLETS
TOTAL MONTH: 3.5 INCHES 5 = HAIL
GRTST 24HR 1.9 ON 12-12 6 = FREEZING RAIN OR DRIZZLE
GRTST DEPTH: 1 ON 13 7 = DUSTSTORM OR SANDSTORM:
VSBY 1/2 MILE OR LESS
8 = SMOKE OR HAZE
[NO. OF DAYS WITH] [WEATHER - DAYS WITH] 9 = BLOWING SNOW
X = TORNADO
MAX 32 OR BELOW: 4 0.01 INCH OR MORE: 10
MAX 90 OR ABOVE: 0 0.10 INCH OR MORE: 3
MIN 32 OR BELOW: 16 0.50 INCH OR MORE: 1
MIN 0 OR BELOW: 0 1.00 INCH OR MORE: 1
[HDD (BASE 65) ]
TOTAL THIS MO. 657 CLEAR (SCALE 0-3) 5
DPTR FM NORMAL -60 PTCLDY (SCALE 4-7) 14
TOTAL FM JUL 1 1137 CLOUDY (SCALE 8-10) 11
DPTR FM NORMAL -60
[CDD (BASE 65) ]
TOTAL THIS MO. 0
DPTR FM NORMAL 0 [PRESSURE DATA]
TOTAL FM JAN 1 925 HIGHEST SLP 30.69 ON 8
DPTR FM NORMAL 76 LOWEST SLP 29.33 ON 27
[REMARKS]
#FINAL-11-22#