851
CXUS53 KIWX 010910
CF6FWA
PRELIMINARY LOCAL CLIMATOLOGICAL DATA (WS FORM: F-6)
STATION: FORT WAYNE
MONTH: OCTOBER
YEAR: 2020
LATITUDE: 41 0 N
LONGITUDE: 85 12 W
TEMPERATURE IN F: :PCPN: SNOW: WIND :SUNSHINE: SKY :PK WND
================================================================================
1 2 3 4 5 6A 6B 7 8 9 10 11 12 13 14 15 16 17 18
12Z AVG MX 2MIN
DY MAX MIN AVG DEP HDD CDD WTR SNW DPTH SPD SPD DIR MIN PSBL S-S WX SPD DR
================================================================================
1 63 39 51 -7 14 0 T 0.0 0 9.3 20 290 M M 4 31 280
2 59 37 48 -10 17 0 0.00 0.0 0 4.7 14 330 M M 5 19 270
3 61 36 49 -8 16 0 T 0.0 0 3.5 12 110 M M 9 17 120
4 56 39 48 -9 17 0 0.58 0.0 0 5.3 14 340 M M 8 1 22 310
5 60 33 47 -9 18 0 0.00 0.0 0 4.2 14 190 M M 3 12 18 180
6 74 40 57 1 8 0 0.00 0.0 0 11.2 22 220 M M 4 30 230
7 78 43 61 5 4 0 0.00 0.0 0 10.1 22 310 M M 1 33 300
8 73 38 56 1 9 0 0.00 0.0 0 3.0 13 280 M M 1 18 270
9 83 40 62 7 3 0 0.00 0.0 0 8.9 22 210 M M 3 30 230
10 76 59 68 14 0 3 0.00 0.0 0 8.6 17 240 M M 7 24 240
11 74 56 65 11 0 0 0.00 0.0 0 13.3 22 80 M M 8 30 70
12 75 44 60 6 5 0 0.22 0.0 0 9.6 31 290 M M 8 13 48 290
13 68 39 54 1 11 0 0.00 0.0 0 8.5 20 210 M M 2 29 210
14 75 39 57 4 8 0 0.00 0.0 0 10.2 26 190 M M 6 37 180
15 64 39 52 -1 13 0 0.06 0.0 0 10.6 25 280 M M 8 37 290
16 56 30 43 -9 22 0 T 0.0 0 9.6 23 240 M M 3 37 240
17 58 31 45 -7 20 0 0.00 0.0 0 10.6 21 180 M M 6 27 180
18 65 45 55 3 10 0 T 0.0 0 10.2 23 210 M M 9 33 200
19 48 42 45 -7 20 0 0.18 0.0 0 7.9 13 40 M M 10 1 18 30
20 56 42 49 -2 16 0 1.07 0.0 0 9.3 22 190 M M 10 138 29 190
21 61 50 56 5 9 0 0.63 0.0 0 8.1 21 260 M M 9 13 39 190
22 78 52 65 14 0 0 0.05 0.0 0 9.9 17 210 M M 6 12 22 210
23 78 45 62 12 3 0 1.38 0.0 0 12.3 30 210 M M 6 13 52 230
24 51 35 43 -7 22 0 T 0.0 0 7.1 17 330 M M 3 25 330
25 48 38 43 -7 22 0 T 0.0 0 10.5 16 60 M M 10 26 40
26 50 42 46 -3 19 0 T 0.0 0 6.2 12 360 M M 10 17 360
27 44 41 43 -6 22 0 0.12 0.0 0 3.9 9 350 M M 10 1 12 350
28 49 41 45 -4 20 0 0.04 0.0 0 6.1 14 240 M M 9 1 17 250
29 52 41 47 -1 18 0 0.22 0.0 0 8.5 25 350 M M 9 1 35 360
30 46 35 41 -7 24 0 0.00 0.0 0 7.3 14 340 M M 8 17 340
31 55 29 42 -6 23 0 0.00 0.0 0 10.0 18 160 M M 1 29 180
================================================================================
SM 1934 1260 413 3 4.55 0.0 258.5 M 196
================================================================================
AV 62.4 40.6 8.3 FASTST M M 6 MAX(MPH)
MISC ----> 31 290 52 230
================================================================================
NOTES:
# LAST OF SEVERAL OCCURRENCES
COLUMN 17 PEAK WIND IN M.P.H.
PRELIMINARY LOCAL CLIMATOLOGICAL DATA (WS FORM: F-6) , PAGE 2
STATION: FORT WAYNE
MONTH: OCTOBER
YEAR: 2020
LATITUDE: 41 0 N
LONGITUDE: 85 12 W
[TEMPERATURE DATA] [PRECIPITATION DATA] SYMBOLS USED IN COLUMN 16
AVERAGE MONTHLY: 51.5 TOTAL FOR MONTH: 4.55 1 = FOG OR MIST
DPTR FM NORMAL: -1.1 DPTR FM NORMAL: 1.71 2 = FOG REDUCING VISIBILITY
HIGHEST: 83 ON 9 GRTST 24HR 1.48 ON 20-21 TO 1/4 MILE OR LESS
LOWEST: 29 ON 31 3 = THUNDER
SNOW, ICE PELLETS, HAIL 4 = ICE PELLETS
TOTAL MONTH: 0.0 INCH 5 = HAIL
GRTST 24HR 0.0 6 = FREEZING RAIN OR DRIZZLE
GRTST DEPTH: 0 7 = DUSTSTORM OR SANDSTORM:
VSBY 1/2 MILE OR LESS
8 = SMOKE OR HAZE
[NO. OF DAYS WITH] [WEATHER - DAYS WITH] 9 = BLOWING SNOW
X = TORNADO
MAX 32 OR BELOW: 0 0.01 INCH OR MORE: 11
MAX 90 OR ABOVE: 0 0.10 INCH OR MORE: 8
MIN 32 OR BELOW: 3 0.50 INCH OR MORE: 4
MIN 0 OR BELOW: 0 1.00 INCH OR MORE: 2
[HDD (BASE 65) ]
TOTAL THIS MO. 413 CLEAR (SCALE 0-3) 6
DPTR FM NORMAL 20 PTCLDY (SCALE 4-7) 13
TOTAL FM JUL 1 519 CLOUDY (SCALE 8-10) 12
DPTR FM NORMAL 10
[CDD (BASE 65) ]
TOTAL THIS MO. 3
DPTR FM NORMAL -6 [PRESSURE DATA]
TOTAL FM JAN 1 936 HIGHEST SLP 30.39 ON 31
DPTR FM NORMAL 127 LOWEST SLP 29.65 ON 15
[REMARKS]
#FINAL-10-20#