000
CXUS53 KIWX 011415
CLAFWA

INDCLMFWA 000
TTAA00 KIWX 011409


CLIMATE REPORT
NATIONAL WEATHER SERVICE NORTHERN INDIANA
907 AM EST WED JAN 1 2014

...................................

...THE FORT WAYNE CLIMATE SUMMARY FOR THE YEAR OF 2013...

CLIMATE NORMAL PERIOD 1981 TO 2010
CLIMATE RECORD PERIOD 1897 TO 2013

WEATHER         OBSERVED          NORMAL  DEPART  LAST YEAR`S
                 VALUE   DATE(S)  VALUE   FROM    VALUE
                                          NORMAL
.............................................................
TEMPERATURE (F)
RECORD
 HIGH             106   06/28/2012
                        06/25/1988
                        07/14/1936
 LOW              -24   01/12/1918
HIGHEST            95   09/11        MM      MM      106
                        09/10
LOWEST             -4   12/12        MM      MM        3
AVG. MAXIMUM     59.3              60.3    -1.0     64.5
AVG. MINIMUM     40.4              40.6    -0.2     43.0
MEAN             49.8              50.5    -0.7
DAYS MAX >= 90      8              13.4    -5.4       42
DAYS MAX <= 32     49              39.4     9.6       19
DAYS MIN <= 32    140             123.2    16.8      119
DAYS MIN <= 0       1               6.5    -5.5        0

PRECIPITATION (INCHES)
RECORD
 MAXIMUM        54.58   1990
 MINIMUM        24.40   1962
TOTALS          42.21             38.34    3.87    28.58
DAILY AVG.       0.12              0.11    0.01     0.08
DAYS >= .01       131             133.9    -2.9      123
DAYS >= .10        73              76.7    -3.7       72
DAYS >= .50        28              24.6     3.4       15
DAYS >= 1.00       10               8.2     1.8        6

SNOWFALL (INCHES)
RECORDS
 TOTAL           61.6   1982
TOTALS           39.8              33.5     6.3     30.8
SINCE 7/1        10.9              10.6     0.3      9.6
SNOWDEPTH AVG.      0                MM      MM        0
DAYS >= TRACE      80              32.5    47.5       47
DAYS >= 1.0        12              10.0     2.0       12
GREATEST
 SNOW DEPTH        10   03/06                          5

DEGREE_DAYS
HEATING TOTAL    6254              6102     152     5100
 SINCE 7/1         MM              2328      MM       MM
COOLING TOTAL     856               809      47     1108
 SINCE 1/1        856               809      47     1108
..............................................................

WIND (MPH)
AVERAGE WIND SPEED              8.7
HIGHEST WIND SPEED/DIRECTION    41/260    DATE  11/17
HIGHEST GUST SPEED/DIRECTION    63/260    DATE  06/24

SKY COVER
POSSIBLE SUNSHINE (PERCENT)   MM
AVERAGE SKY COVER           0.70
NUMBER OF DAYS FAIR           21
NUMBER OF DAYS PC            109
NUMBER OF DAYS CLOUDY        132

AVERAGE RH (PERCENT)     74

WEATHER CONDITIONS. NUMBER OF DAYS WITH
THUNDERSTORM              0     MIXED PRECIP               4
HEAVY RAIN               25     RAIN                      42
LIGHT RAIN              116     FREEZING RAIN              4
LT FREEZING RAIN         15     HAIL                       0
HEAVY SNOW                3     SNOW                      19
LIGHT SNOW               73     SLEET                      9
FOG                     236     FOG W/VIS <= 1/4 MILE     22
HAZE                     96

-  INDICATES NEGATIVE NUMBERS.
R  INDICATES RECORD WAS SET OR TIED.
MM INDICATES DATA IS MISSING.
T  INDICATES TRACE AMOUNT.

$$
