000
CXUS53 KIWX 011507
CLSFWA

CLIMATE REPORT
NATIONAL WEATHER SERVICE NORTHERN INDIANA
1006 AM EST TUE DEC 1 2009

...................................

...THE FORT WAYNE IN CLIMATE SUMMARY FOR THE FALL SEASON, FROM
9/1/2009 TO 11/30/2009...

CLIMATE NORMAL PERIOD 1971 TO 2000
CLIMATE RECORD PERIOD 1897 TO 2009

WEATHER         OBSERVED          NORMAL  DEPART  LAST YEAR`S
                 VALUE   DATE(S)  VALUE   FROM    VALUE  DATE(S)
                                          NORMAL
................................................................
TEMPERATURE (F)
RECORD
 HIGH             100   09/02/1953
                        09/01/1953
 LOW                    11/30/1958
                        11/25/1950
                        11/24/1950
HIGHEST            83   09/15        MM      MM       94  09/02
LOWEST             27   11/28        MM      MM       14  11/23
AVG. MAXIMUM     62.8              62.6     0.2     63.8
AVG. MINIMUM     44.0              43.0     1.0     42.0
MEAN             53.4              53.0     0.4     52.9
DAYS MAX >= 90      0               1.0    -1.0        3
DAYS MAX <= 32      0               2.0    -2.0        2
DAYS MIN <= 32     11              21.0   -10.0       24
DAYS MIN <= 0       0               0.0     0.0        0

PRECIPITATION (INCHES)
RECORD
 MAXIMUM        16.47   1992
 MINIMUM         2.89   1964
TOTALS           7.72              7.95   -0.23     6.18
DAILY AVG.       0.09              2.65   -2.56     0.07
DAYS >= .01        34              30.0     4.0       31
DAYS >= .10        20              17.6     2.4       16
DAYS >= .50         4               5.6    -1.6        5
DAYS >= 1.00        2               1.0     1.0        0
GREATEST
 24 HR. TOTAL    1.54   MM                       11/30 TO 11/30
                                                          11/30 TO 11/30[J)
                                                          11/30 TO 11/30[J)
 STORM TOTAL       MM                                 MM
 (MM/DD(HH))            MM                    11/30(00) TO 11/30(00)
                                                 11/30(00) TO 11/30(00)0[J)
                                                 11/30(00) TO 11/30(00)0[J)

SNOWFALL (INCHES)
RECORDS
 TOTAL           14.1   1950
 24 HR TOTAL       MM
 SNOW DEPTH        MM   MM
TOTALS              T               3.5    -3.5      2.3
 LIQUID EQUIV      MM              0.30      MM     0.23
SINCE 7/1           T               3.5    -3.5      2.3
 LIQUID 7/1        MM              0.30      MM     0.23
SNOWDEPTH AVG.      0                MM      MM        0
DAYS >= TRACE       1               3.7    -2.7       11
DAYS >= 1.0         0               1.0    -1.0        1
GREATEST
 SNOW DEPTH         0   MM                             1  11/21
 24 HR TOTAL      0.0   MM                       11/30 TO 11/30
                                                          11/30 TO 11/30[J)
                                                          11/30 TO 11/30[J)
 STORM TOTAL       MM                                 MM
 (MM/DD(HH))            MM                    11/30(00) TO 11/30(00)
                                                 11/30(00) TO 11/30(00)0[J)
                                                 11/30(00) TO 11/30(00)0[J)

DEGREE_DAYS
HEATING TOTAL    1091              1180     -89     1188
 SINCE 7/1       1109              1235    -126     1188

FREEZE DATES
RECORD
 EARLIEST     09/23/1995
 LATEST       05/27/1961
EARLIEST                        05/08
LATEST                          10/08
.................................................................

WIND (MPH)
AVERAGE WIND SPEED              7.7
RESULTANT WIND SPEED/DIRECTION   0/189
HIGHEST WIND SPEED/DIRECTION    33/270    DATE  10/06
HIGHEST GUST SPEED/DIRECTION    46/270    DATE  09/28

AVERAGE RH (PERCENT)     74

WEATHER CONDITIONS. NUMBER OF DAYS WITH
THUNDERSTORM              2     MIXED PRECIP               0
HEAVY RAIN                6     RAIN                      12
LIGHT RAIN               42     FREEZING RAIN              0
LT FREEZING RAIN          0     HAIL                       0
HEAVY SNOW                0     SNOW                       1
LIGHT SNOW                1     SLEET                      0
FOG                      63     FOG W/VIS <= 1/4 MILE      8
HAZE                     32

-  INDICATES NEGATIVE NUMBERS.
R  INDICATES RECORD WAS SET OR TIED.
MM INDICATES DATA IS MISSING.
T  INDICATES TRACE AMOUNT.

$$
