000
CXUS53 KIWX 011457
CLSFWA

INDCLMFWA 000
TTAA00 KIWX 011340


CLIMATE REPORT
NATIONAL WEATHER SERVICE NORTHERN INDIANA
1055 AM EDT TUE SEP 1 2009

...................................

...THE FORT WAYNE IN CLIMATE SUMMARY FOR THE SUMMER SEASON...FROM
6/1/2009 TO 8/31/2009...

CLIMATE NORMAL PERIOD 1971 TO 2000
CLIMATE RECORD PERIOD 1897 TO 2009

WEATHER         OBSERVED          NORMAL  DEPART  LAST YEAR`S
                 VALUE   DATE(S)  VALUE   FROM    VALUE  DATE(S)
                                          NORMAL
................................................................
TEMPERATURE (F)
RECORD
 HIGH             106   06/25/1988
                        07/14/1936
                        07/22/1934
 LOW               38   06/01/1993
                        08/29/1965
                        06/02/1956
HIGHEST            95   06/25        82      13       91  08/23
                                                          06/06
LOWEST             43   06/05        61     -18       50  07/01
AVG. MAXIMUM     79.7              82.6    -2.9     82.7
AVG. MINIMUM     59.6              61.0    -1.4     60.8
MEAN             69.7              71.8    -2.1     71.8
DAYS MAX >= 90      4              13.0    -9.0        3
DAYS MAX <= 32      0               0.0     0.0        0
DAYS MIN <= 32      0               0.0     0.0        0
DAYS MIN <= 0       0               0.0     0.0        0

PRECIPITATION (INCHES)
RECORD
 MAXIMUM        18.70   1986
 MINIMUM         5.10   1984
TOTALS          12.21             11.22    0.99    10.76
DAILY AVG.       0.13              3.47   -3.34     0.12
DAYS >= .01        32              29.0     3.0       35
DAYS >= .10        18              19.0    -1.0       24
DAYS >= .50         7               7.7    -0.7        5
DAYS >= 1.00        3               2.0     1.0        2
GREATEST
 24 HR. TOTAL    3.28   MM

DEGREE_DAYS
COOLING TOTAL     497               665    -168      652
 SINCE 1/1        560               734    -174      681

FREEZE DATES
RECORD
 EARLIEST     09/23/1995
 LATEST       05/27/1961
EARLIEST                        05/08
LATEST                          10/08
.................................................................

WIND (MPH)
AVERAGE WIND SPEED              6.5
RESULTANT WIND SPEED/DIRECTION   2/260
HIGHEST WIND SPEED/DIRECTION    40/210    DATE  08/17
HIGHEST GUST SPEED/DIRECTION    55/220    DATE  08/17

AVERAGE RH (PERCENT)     73

WEATHER CONDITIONS. NUMBER OF DAYS WITH
THUNDERSTORM             18     MIXED PRECIP               0
HEAVY RAIN               11     RAIN                      16
LIGHT RAIN               41     FREEZING RAIN              0
LT FREEZING RAIN          0     HAIL                       0
HEAVY SNOW                0     SNOW                       0
LIGHT SNOW                0     SLEET                      0
FOG                      59     FOG W/VIS <= 1/4 MILE      4
HAZE                     26

-  INDICATES NEGATIVE NUMBERS.
R  INDICATES RECORD WAS SET OR TIED.
MM INDICATES DATA IS MISSING.
T  INDICATES TRACE AMOUNT.

&&

...A RATHER COOL AND SLIGHTLY WET SUMMER AT FORT WAYNE...

THE METEOROLOGICAL SUMMER MONTHS OF JUNE...JULY AND AUGUST WERE
RATHER COOL COMPARED TO NORMAL. THE AVERAGE TEMPERATURE FOR JUNE WAS
ACTUALLY A LITTLE ABOVE NORMAL AT 70.5 DEGREES...0.8 DEGREES ABOVE
NORMAL. THE AVERAGE TEMPERATURE FOR AUGUST WAS 69.7 DEGREES...1.4
DEGREES BELOW NORMAL. IT WAS JULY THAT BROUGHT THE SEASONAL AVERAGE
DOWN CONSIDERABLY AS IT WAS THE COLDEST JULY IN THE FORT WAYNE AREA
SINCE RECORDS BEGAN IN 1897. IT WAS ALSO A SLIGHTLY WET SUMMER AT
FORT WAYNE...ALTHOUGH THERE WAS A STRETCH OF DRY WEATHER IN LATE JULY
AND THE FIRST HALF OF AUGUST THAT HAD PEOPLE HOPING FOR RAIN. THAT
RAIN CAME AND CAME FURIOUSLY IN A WEEK LONG STRETCH FROM AUGUST 16TH
THROUGH THE 22ND. DURING THIS PERIOD...NEARLY 90 PERCENT OF THE
TOTAL RAINFALL FOR AUGUST OCCURRED. 3.80 INCHES OF RAIN FELL DURING
THIS PERIOD...WITH A SINGLE DAILY RECORD RAINFALL OF 3.24 INCHES
FALLING ON AUGUST 17TH.

THE AVERAGE TEMPERATURE FOR THE THREE MONTH SUMMER SEASON WAS 69.7
DEGREES...2.1 DEGREES BELOW NORMAL. THIS TIES AS THE 12TH COOLEST
SUMMER ON RECORD IN THE FORT WAYNE AREA. THE AVERAGE HIGH
TEMPERATURE FOR THE SUMMER WAS 79.7...2.9 DEGREES BELOW NORMAL. THIS
TIES AS THE 10TH COOLEST AVERAGE HIGH TEMPERATURE FOR SUMMER. THE
AVERAGE LOW TEMPERATURE WAS 59.6 DEGREES...1.4 DEGREES BELOW NORMAL.
THIS RANKS AS THE 14TH COOLEST AVERAGE LOW TEMPERATURE FOR
SUMMER.

THERE WERE REALLY JUST TWO STRETCHES OF WARM WEATHER THIS SUMMER...
ONE TOWARD THE END OF JUNE AND THE SECOND IN THE MIDDLE OF THE
AUGUST. DURING THE 13 DAY PERIOD FROM JUNE 17TH THROUGH JUNE
29TH...THE HIGH TEMPERATURE WAS AT LEAST 80 DEGREES EACH DAY AND TWO
DAYS IN THIS PERIOD WERE IN THE 90S. THE WARMEST DAY OF THE SUMMER
OCCURRED ON JUNE 25TH WHEN THE HIGH WAS 95. THE 10 DAY PERIOD OF
AUGUST 8TH THROUGH THE 17TH WAS THE SECOND LONGEST STRETCH OF DAYS
WITH HIGH TEMPERATURES OF 80 DEGREES OR WARMER. THIS PERIOD ALSO HAD
2 DAYS WITH HIGHS OF 90 OR WARMER...91 ON AUGUST 9TH AND 92 ON
THE 16TH. THERE WERE ONLY 4 DAYS THIS SUMMER WITH HIGHS AT OR ABOVE
90 DEGREES. A NORMAL YEAR HAS ABOUT 15 DAYS WITH HIGHS AT OR ABOVE
90 DEGREES. MORE THAN TWO THIRDS OF THE SUMMER DAYS HAD AN AVERAGE
TEMPERATURE AT OR BELOW NORMAL. OF THE 92 SUMMER DAYS...63 WERE AT
AT OR BELOW NORMAL. THERE WERE ONLY 3 DAYS WHERE THE LOW TEMPERATURE
WAS 70 DEGREES OR WARMER WITH THE WARMEST LOW TEMPERATURE BEING 73
ON JUNE 25TH.

PRECIPITATION FOR THE SUMMER WAS 12.21 INCHES...0.99 INCHES ABOVE
NORMAL. THIS RANKS AS THE 30TH WETTEST SUMMER ON RECORD. THE ALL
TIME WETTEST SUMMER OCCURRED IN 1986 WHEN 18.70 INCHES OF RAIN
FELL.

$$

LASHLEY
