000
CXUS53 KIWX 011528
CLSFWA

CLIMATE REPORT
NATIONAL WEATHER SERVICE NORTHERN INDIANA
1125 AM EDT SUN SEP 1 2013

...................................

...THE FORT WAYNE CLIMATE SUMMARY FOR THE SUMMER SEASON, FROM
6/1/2013 TO 8/31/2013...

CLIMATE NORMAL PERIOD 1981 TO 2010
CLIMATE RECORD PERIOD 1897 TO 2013

WEATHER         OBSERVED          NORMAL  DEPART  LAST YEAR`S
                 VALUE   DATE(S)  VALUE   FROM    VALUE
                                          NORMAL
.............................................................
TEMPERATURE (F)
RECORD
 HIGH             106   06/28/2012
                        06/25/1988
                        07/14/1936
 LOW               36   06/02/1910
HIGHEST            92   07/18        82      10      106
                        07/16
LOWEST             47   06/04        61     -14       44
                        06/03
AVG. MAXIMUM     81.0              82.5    -1.5     86.7
AVG. MINIMUM     61.2              60.9     0.3     61.1
MEAN             71.1              71.7    -0.6
DAYS MAX >= 90      5              11.6    -6.6       37
DAYS MAX <= 32      0               0.0     0.0        0
DAYS MIN <= 32      0               0.0     0.0        0
DAYS MIN <= 0       0               0.0     0.0        0

PRECIPITATION (INCHES)
RECORD
 MAXIMUM        18.70   1986
 MINIMUM         5.00   2012
TOTALS          14.67             12.04    2.63     8.51
DAILY AVG.       0.16              0.13    0.03     0.09
DAYS >= .01        33              30.1     2.9       26
DAYS >= .10        21              19.9     1.1       17
DAYS >= .50        10               8.0     2.0        6
DAYS >= 1.00        4               3.4     0.6        3
GREATEST
 24 HR. TOTAL    3.75   MM

SNOWFALL (INCHES)
RECORDS
 TOTAL             MM   MM
 24 HR TOTAL       MM
TOTALS            0.0               0.0     0.0      0.0
SINCE 7/1         0.0               0.0     0.0      0.0
SNOWDEPTH AVG.      0                MM      MM        0
DAYS >= TRACE       0               0.0     0.0        0
DAYS >= 1.0         0               0.0     0.0        0
GREATEST
 SNOW DEPTH         0   MM                             0
 24 HR TOTAL      0.0   MM

DEGREE_DAYS
HEATING TOTAL      39                41      -2       31
 SINCE 7/1         20                12       8        5
COOLING TOTAL     625               660     -35      874
 SINCE 1/1        730               717      13     1027
..............................................................

WIND (MPH)
AVERAGE WIND SPEED              6.1
HIGHEST WIND SPEED/DIRECTION    41/300    DATE  06/24
HIGHEST GUST SPEED/DIRECTION    63/260    DATE  06/24

SKY COVER
POSSIBLE SUNSHINE (PERCENT)   MM
AVERAGE SKY COVER           0.70
NUMBER OF DAYS FAIR            3
NUMBER OF DAYS PC             24
NUMBER OF DAYS CLOUDY         12

AVERAGE RH (PERCENT)     77

WEATHER CONDITIONS. NUMBER OF DAYS WITH
THUNDERSTORM              0     MIXED PRECIP               0
HEAVY RAIN               10     RAIN                      10
LIGHT RAIN               24     FREEZING RAIN              0
LT FREEZING RAIN          0     HAIL                       0
HEAVY SNOW                0     SNOW                       0
LIGHT SNOW                0     SLEET                      0
FOG                      71     FOG W/VIS <= 1/4 MILE      4
HAZE                     39

-  INDICATES NEGATIVE NUMBERS.
R  INDICATES RECORD WAS SET OR TIED.
MM INDICATES DATA IS MISSING.
T  INDICATES TRACE AMOUNT.

&&

...A RELATIVELY MILD SUMMER WITH ABOVE NORMAL PRECIPITATION...

OVERALL THE SUMMER OF 2013 WILL BE REMEMBERED AS A RELATIVELY MILD
AND WET SUMMER WITH A FEW STREAKS OF HOT WEATHER. DESPITE NUMEROUS
DAYS WITH AVERAGE TEMPERATURES BELOW NORMAL...THE OVERALL SUMMER
SEASON ENDED JUST UNDER A DEGREE BELOW NORMAL THANKS TO A COUPLE
STRETCHES OF VERY WARM TEMPERATURES. JUNE AND AUGUST EXPERIENCED
ABOVE NORMAL PRECIPITATION WHILE JULY WAS BELOW NORMAL. MOST OF THE
PRECIPITATION IN AUGUST FELL DURING THE FIRST THREE DAYS OF THE
MONTH...SKEWING THE MONTHLY TOTAL. MOST OF AUGUST WAS VERY DRY AND
THIS WAS BEGINNING TO SHOW ITSELF AS THE UNITED STATES DROUGHT
MONITOR BEGAN TO SHOW ABNORMALLY DRY CONDITIONS EXPANDING ACROSS THE
REGION IN LATE AUGUST.

THE AVERAGE SUMMER TEMPERATURE WAS 71.1 DEGREES...0.6 DEGREES BELOW
NORMAL. THIS RANKS AS THE 34TH COOLEST SUMMER ON RECORD. THERE WERE
JUST 5 DAYS WITH A HIGH TEMPERATURE OF 90 DEGREES OR GREATER...FOUR
OCCURRING IN JULY AND ONE IN AUGUST. THIS IS WELL BELOW THE OFFICIAL
NORMAL OF 12 DAYS AND MUCH LOWER THAN LAST SUMMER WHEN 42 DAYS HAD
TEMPERATURES IN THE 90S. THE AVERAGE NUMBER OF 90 DEGREE DAYS OVER
THE PAST 10 YEARS AT FORT WAYNE HAS BEEN 18. THE WARMEST
TEMPERATURE OF THE SUMMER WAS 92 ON JULY 16TH AND 18TH. THE COOLEST
TEMPERATURE WAS 47 ON JUNE 3RD AND 4TH.

SUMMER PRECIPITATION WAS 14.67 INCHES...2.63 INCHES ABOVE NORMAL.
THIS RANKS AS THE 12TH WETTEST SUMMER AT FORT WAYNE. ABOUT ONE
THIRD OF ALL DAYS EXPERIENCED MEASURABLE PRECIPITATION...WHICH IS
SLIGHTLY ABOVE NORMAL. THERE WERE 10 DAYS WITH PRECIPITATION GREATER
THAN OR EQUAL TO ONE HALF INCH AND 4 DAYS WITH AN INCH OR MORE OF
PRECIPITATION. BOTH OF THESE WERE ABOVE NORMAL FOR THE SEASON.

$$
LASHLEY
