000
CXUS53 KIWX 011551 CCA
CLSFWA

CLIMATE REPORT...CORRECTED
NATIONAL WEATHER SERVICE NORTHERN INDIANA
1032 AM EST MON MAR 1 2010

...................................

...THE FORT WAYNE IN CLIMATE SUMMARY FOR THE WINTER SEASON, FROM
12/1/2009 TO 2/28/2010...

CLIMATE NORMAL PERIOD 1971 TO 2000
CLIMATE RECORD PERIOD 1897 TO 2010

WEATHER         OBSERVED          NORMAL  DEPART  LAST YEAR`S
                 VALUE   DATE(S)  VALUE   FROM    VALUE  DATE(S)
                                          NORMAL
................................................................
TEMPERATURE (F)
RECORD
 HIGH              73   02/25/2000
 LOW              -24   01/12/1918
HIGHEST            53   01/24        MM      MM       65  12/27
                        12/01
LOWEST              0   01/10        MM      MM      -19  01/16
                        01/09
AVG. MAXIMUM     32.0              34.1    -2.1     33.4
AVG. MINIMUM     19.8              19.2     0.6     16.2
MEAN             25.9              26.6    -0.7     24.8
DAYS MAX >= 90      0               0.0     0.0        0
DAYS MAX <= 32     50              30.0    20.0       45
DAYS MIN <= 32     84              70.0    14.0       82
DAYS MIN <= 0       2               8.0    -6.0       12

PRECIPITATION (INCHES)
RECORD
 MAXIMUM        17.85   1950
 MINIMUM         1.58   1920
TOTALS           4.46              6.76   -2.30     9.11
DAILY AVG.       0.05              2.22   -2.17     0.10
DAYS >= .01        38              36.0     2.0       36
DAYS >= .10        12              16.3    -4.3       17
DAYS >= .50         1               3.9    -2.9        5
DAYS >= 1.00        0               1.0    -1.0        2
GREATEST
 24 HR. TOTAL    0.66  02/28 TO 02/28

SNOWFALL (INCHES)
RECORDS
 TOTAL           61.1   1982
 24 HR TOTAL       MM
 SNOW DEPTH        MM   MM
TOTALS           29.3              25.8     3.5     23.8
SINCE 7/1        29.3              29.3     0.0     26.1
SNOWDEPTH AVG.      1                MM      MM        1
DAYS >= TRACE      54              23.5    30.5       62
DAYS >= 1.0         9               7.7     1.3        9
GREATEST
 SNOW DEPTH         6   02/10                          7  01/28
 24 HR TOTAL      4.1   01/07 TO 01/07

DEGREE_DAYS
HEATING TOTAL    3501              3528     -27     3613
 SINCE 7/1       4610              4674     -64     4801


.................................................................

WIND (MPH)
AVERAGE WIND SPEED              10.3
RESULTANT WIND SPEED/DIRECTION   4/259
HIGHEST WIND SPEED/DIRECTION    47/250    DATE  12/09
HIGHEST GUST SPEED/DIRECTION    58/250    DATE  12/09

AVERAGE RH (PERCENT)     79

WEATHER CONDITIONS. NUMBER OF DAYS WITH
THUNDERSTORM              0     MIXED PRECIP               1
HEAVY RAIN                0     RAIN                       7
LIGHT RAIN               20     FREEZING RAIN              1
LT FREEZING RAIN         15     HAIL                       0
HEAVY SNOW                1     SNOW                      15
LIGHT SNOW               50     SLEET                      4
FOG                      70     FOG W/VIS <= 1/4 MILE      6
HAZE                     39

-  INDICATES NEGATIVE NUMBERS.
R  INDICATES RECORD WAS SET OR TIED.
MM INDICATES DATA IS MISSING.
T  INDICATES TRACE AMOUNT.

&&

$$
