244
CXUS53 KIWX 011130
CLSFWA

CLIMATE REPORT
NATIONAL WEATHER SERVICE NORTHERN INDIANA
629 AM EST WED MAR 1 2017

...................................

...THE FORT WAYNE CLIMATE SUMMARY FOR THE WINTER SEASON, FROM
12/1/2016 TO 2/28/2017...

CLIMATE NORMAL PERIOD 1981 TO 2010
CLIMATE RECORD PERIOD 1897 TO 2017

WEATHER         OBSERVED          NORMAL  DEPART  LAST YEAR`S
                 VALUE   DATE(S)  VALUE   FROM    VALUE
                                          NORMAL
.............................................................
TEMPERATURE (F)
RECORD
 HIGH              73   02/25/2000
 LOW              -24   01/12/1918
HIGHEST            71   02/24        MM      MM       69
LOWEST             -9   12/19        MM      MM        0
AVG. MAXIMUM     41.0              34.9     6.1     41.2
AVG. MINIMUM     25.7              19.9     5.8     25.5
MEAN             33.3              27.4     5.9
DAYS MAX >= 90      0               0.0     0.0        0
DAYS MAX <= 32     23              35.2   -12.2       25
DAYS MIN <= 32     63              77.4   -14.4       69
DAYS MIN <= 0       5               6.5    -1.5        2

PRECIPITATION (INCHES)
RECORD
 MAXIMUM        17.85   1950
 MINIMUM         1.58   1920
TOTALS           8.78              7.07    1.71     7.20
DAILY AVG.       0.09              0.08    0.01     0.08
DAYS >= .01        37              35.7     1.3       38
DAYS >= .10        19              17.0     2.0       13
DAYS >= .50         6               4.1     1.9        5
DAYS >= 1.00        0               0.8    -0.8        1
GREATEST
 24 HR. TOTAL    1.03   MM

SNOWFALL (INCHES)
RECORDS
 TOTAL           61.1   1982
 24 HR TOTAL       MM
TOTALS           14.7              26.3   -11.6     12.0
SINCE 7/1        15.1              28.4   -13.3     16.2
SNOWDEPTH AVG.      1                 3      -2        0
DAYS >= TRACE      32              24.6     7.4       41
DAYS >= 1.0         4               7.8    -3.8        4
GREATEST
 SNOW DEPTH         5   12/16                          3
                        12/14
                        12/15
 24 HR TOTAL      6.3   MM

DEGREE_DAYS
HEATING TOTAL    2849              3381    -532     2858
 SINCE 7/1         MM              4598      MM       MM
COOLING TOTAL       0                 0       0        0
 SINCE 1/1          0                 0       0        0
..............................................................

WIND (MPH)
AVERAGE WIND SPEED              11.1
HIGHEST WIND SPEED/DIRECTION    45/260    DATE  01/10
HIGHEST GUST SPEED/DIRECTION    58/270    DATE  01/10

SKY COVER
POSSIBLE SUNSHINE (PERCENT)   MM
AVERAGE SKY COVER           0.80
NUMBER OF DAYS FAIR            7
NUMBER OF DAYS PC             28
NUMBER OF DAYS CLOUDY         55

AVERAGE RH (PERCENT)     75

WEATHER CONDITIONS. NUMBER OF DAYS WITH
THUNDERSTORM              M     MIXED PRECIP               0
HEAVY RAIN               10     RAIN                      13
LIGHT RAIN               40     FREEZING RAIN              1
LT FREEZING RAIN          6     HAIL                       0
HEAVY SNOW                2     SNOW                       9
LIGHT SNOW               28     SLEET                      1
FOG                      53     FOG W/VIS <= 1/4 MILE     11
HAZE                     20

-  INDICATES NEGATIVE NUMBERS.
R  INDICATES RECORD WAS SET OR TIED.
MM INDICATES DATA IS MISSING.
T  INDICATES TRACE AMOUNT.

&&

THE SUMMARY MESSAGE WITH RECORDS AND RANKINGS WILL BE DELAYED BY 1 TO 2 DAYS DUE TO
TIME CONSTRAINTS WITH ONGOING DAMAGE SURVEYS FROM SEVERE WEATHER. THIS PRODUCT WILL
BE RE-ISSUED WITH THE SUMMARY WHEN IT IS COMPLETE.

$$
LASHLEY
