000
CXUS53 KIWX 011604
CLSFWA

CLIMATE REPORT
NATIONAL WEATHER SERVICE NORTHERN INDIANA
1100 AM EST WED DEC 1 2010

...................................

...THE FORT WAYNE CLIMATE SUMMARY FOR THE FALL SEASON, FROM 9/1/2010
TO 11/30/2010...

CLIMATE NORMAL PERIOD 1971 TO 2000
CLIMATE RECORD PERIOD 1897 TO 2010

WEATHER         OBSERVED          NORMAL  DEPART  LAST YEAR`S
                 VALUE   DATE(S)  VALUE   FROM    VALUE
                                          NORMAL
.............................................................
TEMPERATURE (F)
RECORD
 HIGH             100   09/02/1953
                        09/01/1953
 LOW                    11/30/1958
                        11/25/1950
                        11/24/1950
HIGHEST            93   09/23        MM      MM       83
                        09/21
LOWEST             19   11/28        MM      MM       27
                        11/06
AVG. MAXIMUM     66.1              62.3     3.8     62.8
AVG. MINIMUM     41.8              42.4    -0.6     44.0
MEAN             53.9              52.4     1.5
DAYS MAX >= 90      3               1.0     2.0        0
DAYS MAX <= 32      0               2.0    -2.0        0
DAYS MIN <= 32     26              21.0     5.0       11
DAYS MIN <= 0       0               0.0     0.0        0

PRECIPITATION (INCHES)
RECORD
 MAXIMUM        16.47   1992
 MINIMUM         2.89   1964
TOTALS           5.95              8.42   -2.47     7.72
DAILY AVG.       0.07              2.65   -2.58     0.09
DAYS >= .01        21              30.0    -9.0       34
DAYS >= .10        15              17.6    -2.6       20
DAYS >= .50         2               5.6    -3.6        4
DAYS >= 1.00        1               1.0     0.0        2
GREATEST
 24 HR. TOTAL    1.92   MM

SNOWFALL (INCHES)
RECORDS
 TOTAL           14.1   1950
 24 HR TOTAL       MM
TOTALS              T               3.5    -3.5        T
SINCE 7/1           T               3.5    -3.5        T
SNOWDEPTH AVG.      0                MM      MM        0
DAYS >= TRACE       3               3.7    -0.7        1
DAYS >= 1.0         0               1.0    -1.0        0
GREATEST
 SNOW DEPTH         0   MM                             0
 24 HR TOTAL      0.0   MM

DEGREE_DAYS
HEATING TOTAL    1096              1180     -84     1091
 SINCE 7/1       1096              1235    -139     1109
COOLING TOTAL     112                91      21       56
 SINCE 1/1       1215               830     385      616
..............................................................

WIND (MPH)
AVERAGE WIND SPEED              8.6
HIGHEST WIND SPEED/DIRECTION    39/220    DATE  10/26
HIGHEST GUST SPEED/DIRECTION    51/220    DATE  10/26

SKY COVER
POSSIBLE SUNSHINE (PERCENT)   MM

NUMBER OF DAYS FAIR           27
NUMBER OF DAYS PC             41
NUMBER OF DAYS CLOUDY         23

AVERAGE RH (PERCENT)     65

WEATHER CONDITIONS. NUMBER OF DAYS WITH
THUNDERSTORM              2     MIXED PRECIP               0
HEAVY RAIN                4     RAIN                      11
LIGHT RAIN               34     FREEZING RAIN              0
LT FREEZING RAIN          1     HAIL                       0
HEAVY SNOW                0     SNOW                       1
LIGHT SNOW                1     SLEET                      1
FOG                      36     FOG W/VIS <= 1/4 MILE      6
HAZE                     23

-  INDICATES NEGATIVE NUMBERS.
R  INDICATES RECORD WAS SET OR TIED.
MM INDICATES DATA IS MISSING.
T  INDICATES TRACE AMOUNT.

&&
...AN OVERALL WARM AND DRY FALL SEASON...

OVERALL THE 2010 FALL SEASON WAS WARMER AND DRIER THAN NORMAL AS A
LA NINA EPISODE WAS STRENGTHENING IN THE PACIFIC OCEAN. LA NINA IS A
PHASE OF THE EL NINO SOUTHERN OSCILLATION WHERE CENTRAL EQUATORIAL
PACIFIC OCEAN SEA SURFACE TEMPERATURES ARE BELOW NORMAL...WHICH HAS
A LARGE INFLUENCE ON WEATHER PATTERNS ACROSS NORTH AMERICA. TYPICAL
LA NINA CONDITIONS DURING THE LATE FALL AND WINTER MONTHS ACROSS THE
AREA INCLUDE ABOVE NORMAL TEMPERATURES AND ABOVE NORMAL
PRECIPITATION. THE VERY END OF THE FALL SEASON FINALLY SAW MUCH
NEEDED RAINFALL ACROSS MOST AREAS...A RESULT OF THE MODERATE TO
STRONG LA NINA. THIS HELPED BRING THE MONTHLY PRECIPITATION TOTAL AT
FORT WAYNE ABOVE NORMAL IN NOVEMBER...SOMETHING THAT HAD NOT
HAPPENED SINCE JUNE 2010.

EACH MONTH OF THE FALL SEASON EXPERIENCED ABOVE NORMAL TEMPERATURES
AT FORT WAYNE. OCTOBER HAD THE GREATEST DEPARTURE FROM NORMAL WITH
AN AVERAGE TEMPERATURE 2.7 DEGREES ABOVE NORMAL. SEPTEMBER AND
OCTOBER EACH HAD BELOW NORMAL PRECIPITATION WHILE NOVEMBER WAS ABOVE
NORMAL. OCTOBER WAS THE DRIEST MONTH WITH ONLY 0.58 INCHES OF
PRECIPITATION...2.05 INCHES BELOW NORMAL. THE LAST HALF OF NOVEMBER
WAS WET AND HELPED BRING THE NOVEMBER PRECIPITATION TOTAL TO 4.01
INCHES...1.03 INCHES ABOVE NORMAL.

SNOWFALL WAS BELOW NORMAL AT FORT WAYNE. DURING THE ENTIRE FALL
SEASON...ONLY A TRACE OF SNOWFALL WAS REPORTED. THIS IS THE SECOND
CONSECUTIVE FALL SEASON WITH NO MEASURABLE SNOWFALL. THIS TIES AS
THE LEAST SNOWIEST FALL SEASON ON RECORD WITH NO MEASURABLE
SNOWFALL. SINCE 2000...5 FALL SEASONS HAVE HAD NO MEASURABLE
SNOWFALL AT FORT WAYNE. THESE INCLUDE 2001...2006...2007...2009...2010.

THIS FALL SEASON ALSO HAD A SIGNIFICANT SEVERE WEATHER EVENT ON THE
26TH OF OCTOBER. THUNDERSTORMS WITH STRAIGHT LINE WINDS OF 60 TO 70
MPH OCCURRED ACROSS MUCH OF THE AREA. THERE WAS ALSO A LARGE
OUTBREAK OF TORNAOES ON THIS DAY WITH 13 CONFIRMED ACROSS NORTHERN
INDIANA AND NORTHWEST OHIO...INCLUDING IN THE IMMEDIATE FORT WAYNE
AREA.

DESPITE BEING RELATIVELY MILD AND QUITE DRY...THERE WERE NO TOP 10
RECORDS SET FOR PRECIPITATION OR AVERAGE TEMPERATURE AT FORT WAYNE.

$$
