000
CXUS53 KIWX 011357
CLSFWA

INDCLMFWA 000
TTAA00 KIWX 011357


CLIMATE REPORT
NATIONAL WEATHER SERVICE NORTHERN INDIANA
855 AM EST SAT MAR 1 2014

...................................

...THE FORT WAYNE CLIMATE SUMMARY FOR THE SEASON, FROM
12/1/2013 TO 2/28/2014...

CLIMATE NORMAL PERIOD 1981 TO 2010
CLIMATE RECORD PERIOD 1897 TO 2014

WEATHER         OBSERVED          NORMAL  DEPART  LAST YEAR`S
                 VALUE   DATE(S)  VALUE   FROM    VALUE
                                          NORMAL
.............................................................
TEMPERATURE (F)
RECORD
 HIGH              73   02/25/2000
 LOW              -24   01/12/1918
HIGHEST            59   12/05        MM      MM       64
                        12/04
LOWEST            -16   02/11        MM      MM        2
                        01/28
AVG. MAXIMUM     29.2              34.9    -5.7     37.6
AVG. MINIMUM     12.2              19.9    -7.7     23.5
MEAN             20.7              27.4    -6.7
DAYS MAX >= 90      0               0.0     0.0        0
DAYS MAX <= 32     60              35.2    24.8       29
DAYS MIN <= 32     83              77.4     5.6       74
DAYS MIN <= 0      19               6.5    12.5        0

PRECIPITATION (INCHES)
RECORD
 MAXIMUM        17.85   1950
 MINIMUM         1.58   1920
TOTALS           8.94              7.07    1.87     7.49
DAILY AVG.       0.10              0.08    0.02     0.08
DAYS >= .01        43              35.7     7.3       37
DAYS >= .10        21              17.0     4.0       17
DAYS >= .50         5               4.1     0.9        5
DAYS >= 1.00        3               0.8     2.2        1
GREATEST
 24 HR. TOTAL    1.59   MM

SNOWFALL (INCHES)
RECORDS
 TOTAL           61.1   1982
 24 HR TOTAL       MM
TOTALS           59.4              26.3    33.1     19.8
SINCE 7/1        60.4              28.4    32.0     20.4
SNOWDEPTH AVG.      3                 3       0        1
DAYS >= TRACE      63              24.6    38.4       40
DAYS >= 1.0        19               7.8    11.2        9
GREATEST
 SNOW DEPTH        12   01/06                          4
 24 HR TOTAL      9.5   MM

DEGREE_DAYS
HEATING TOTAL    3952              3381     571     3070
 SINCE 7/1         MM              4598      MM       MM
COOLING TOTAL       0                 0       0        0
 SINCE 1/1          0                 0       0        0
..............................................................

WIND (MPH)
AVERAGE WIND SPEED              11.0
HIGHEST WIND SPEED/DIRECTION    39/280    DATE  01/27
HIGHEST GUST SPEED/DIRECTION    48/270    DATE  01/26

SKY COVER
POSSIBLE SUNSHINE (PERCENT)   MM
AVERAGE SKY COVER           0.70
NUMBER OF DAYS FAIR            9
NUMBER OF DAYS PC             31
NUMBER OF DAYS CLOUDY         50

AVERAGE RH (PERCENT)     76

WEATHER CONDITIONS. NUMBER OF DAYS WITH
THUNDERSTORM              1     MIXED PRECIP               5
HEAVY RAIN                1     RAIN                       5
LIGHT RAIN               15     FREEZING RAIN              2
LT FREEZING RAIN         10     HAIL                       0
HEAVY SNOW                5     SNOW                      16
LIGHT SNOW               62     SLEET                      6
FOG                      59     FOG W/VIS <= 1/4 MILE     10
HAZE                     38

-  INDICATES NEGATIVE NUMBERS.
R  INDICATES RECORD WAS SET OR TIED.
MM INDICATES DATA IS MISSING.
T  INDICATES TRACE AMOUNT.

$$
