000
CXUS53 KIWX 021832
CLSFWA

INDCLMFWA 000
TTAA00 KIWX 011624


CLIMATE REPORT
NATIONAL WEATHER SERVICE NORTHERN INDIANA
1224 PM EDT SAT JUN 1 2013

...................................

...THE FORT WAYNE CLIMATE SUMMARY FOR THE SEASON, FROM
3/1/2013 TO 5/31/2013...

CLIMATE NORMAL PERIOD 1981 TO 2010
CLIMATE RECORD PERIOD 1897 TO 2013

WEATHER         OBSERVED          NORMAL  DEPART  LAST YEAR`S
                 VALUE   DATE(S)  VALUE   FROM    VALUE
                                          NORMAL
.............................................................
TEMPERATURE (F)
RECORD
 HIGH              99   05/27/1911
 LOW              -10   03/01/1967
HIGHEST            88   05/30        MM      MM       96
                        05/20
                        05/21
LOWEST             11   03/21        MM      MM       21
AVG. MAXIMUM     58.4              60.3    -1.9     69.3
AVG. MINIMUM     38.8              38.9    -0.1     44.5
MEAN             48.6              49.6    -1.0
DAYS MAX >= 90      0               0.6    -0.6        5
DAYS MAX <= 32      4               2.8     1.2        0
DAYS MIN <= 32     37              27.1     9.9       18
DAYS MIN <= 0       0               0.0     0.0        0

PRECIPITATION (INCHES)
RECORD
 MAXIMUM        18.50   2011
 MINIMUM         5.07   1958
TOTALS          12.38             10.50    1.88     5.25
DAILY AVG.       0.14              0.11    0.03     0.05
DAYS >= .01        34              38.1    -4.1       22
DAYS >= .10        19              21.9    -2.9       14
DAYS >= .50         8               6.8     1.2        2
DAYS >= 1.00        3               2.1     0.9        1
GREATEST
 24 HR. TOTAL    2.97   MM

SNOWFALL (INCHES)
RECORDS
 TOTAL           21.3   1912
 24 HR TOTAL       MM
TOTALS           18.1               5.1    13.0      0.3
SINCE 7/1        38.5              33.5     5.0     32.2
SNOWDEPTH AVG.      0                MM      MM        0
DAYS >= TRACE      20               5.1    14.9        5
DAYS >= 1.0         4               1.6     2.4        0
GREATEST
 SNOW DEPTH        10   03/06                         -1
 24 HR TOTAL      9.0   MM

DEGREE_DAYS
HEATING TOTAL    1590              1475     115      869
 SINCE 7/1         MM              6072      MM       MM
COOLING TOTAL     105                58      47      153
 SINCE 1/1        105                57      48      153
..............................................................

WIND (MPH)
AVERAGE WIND SPEED              10.1
HIGHEST WIND SPEED/DIRECTION    38/270    DATE  04/11
HIGHEST GUST SPEED/DIRECTION    48/210    DATE  04/18

SKY COVER
POSSIBLE SUNSHINE (PERCENT)   MM
AVERAGE SKY COVER           0.70
NUMBER OF DAYS FAIR            9
NUMBER OF DAYS PC             36
NUMBER OF DAYS CLOUDY         47

AVERAGE RH (PERCENT)     69

WEATHER CONDITIONS. NUMBER OF DAYS WITH
THUNDERSTORM              0     MIXED PRECIP               1
HEAVY RAIN                7     RAIN                      13
LIGHT RAIN               36     FREEZING RAIN              0
LT FREEZING RAIN          2     HAIL                       0
HEAVY SNOW                1     SNOW                       8
LIGHT SNOW               19     SLEET                      3
FOG                      45     FOG W/VIS <= 1/4 MILE      5
HAZE                     10

-  INDICATES NEGATIVE NUMBERS.
R  INDICATES RECORD WAS SET OR TIED.
MM INDICATES DATA IS MISSING.
T  INDICATES TRACE AMOUNT.

$$
