000
CXUS52 KMFL 011030
CF6FXE
PRELIMINARY LOCAL CLIMATOLOGICAL DATA (WS FORM: F-6)
STATION: FORT LAUDERDALE EXEC ARPT
MONTH: AUGUST
YEAR: 2021
LATITUDE: 26 12 N
LONGITUDE: 80 11 W
TEMPERATURE IN F: :PCPN: SNOW: WIND :SUNSHINE: SKY :PK WND
================================================================================
1 2 3 4 5 6A 6B 7 8 9 10 11 12 13 14 15 16 17 18
12Z AVG MX 2MIN
DY MAX MIN AVG DEP HDD CDD WTR SNW DPTH SPD SPD DIR MIN PSBL S-S WX SPD DR
================================================================================
1 93 79 86 2 0 21 0.09 M M 4.8 15 120 M M 2 3 19 120
2 93 72 83 -1 0 18 1.11 M M 3.4 38 270 M M 2 13 57 260
3 90 73 82 -2 0 17 0.26 0.0 0 5.7 25 270 M M 4 13 32 260
4 93 73 83 -1 0 18 0.00 M M 3.8 28 270 M M 2 3 35 250
5 92 76 84 0 0 19 T M M 4.4 15 140 M M 2 3 19 120
6 92 78 85 1 0 20 0.00 M M 6.2 16 120 M M 2 22 100
7 92 79 86 2 0 21 0.16 0.0 M 4.6 16 130 M M 3 1 20 130
8 92 78 85 1 0 20 0.00 0.0 M 5.2 14 110 M M 3 3 18 120
9 91 80 86 2 0 21 0.13 M M 7.9 16 100 M M 3 21 90
10 93 81 87 3 0 22 T M M 10.2 17 90 M M 2 22 100
11 92 77 85 1 0 20 0.93 M M 9.3 26 130 M M 4 8 33 80
12 91 80 86 2 0 21 0.43 M M 10.7 21 50 M M 4 13 32 40
13 90 76 83 -1 0 18 1.37 M M 10.7 21 90 M M 5 13 27 100
14 89 75 82 -2 0 17 0.30 M M 11.6 28 150 M M 4 13 42 140
15 87 78 83 -1 0 18 0.06 0.0 0 12.5 20 110 M M 3 13 23 110
16 92 78 85 1 0 20 T M M 6.8 15 140 M M 2 20 150
17 92 80 86 2 0 21 0.00 M M 9.7 22 110 M M 3 26 110
18 92 82 87 3 0 22 T M M 11.8 20 100 M M 3 24 90
19 91 79 85 1 0 20 0.00 M M 6.9 14 90 M M 2 22 80
20 93 75 84 0 0 19 0.00 M M 4.2 14 110 M M 1 17 100
21 93 79 86 2 0 21 0.00 M M 6.7 15 140 M M 2 20 140
22 92 77 85 1 0 20 0.67 M M 7.0 16 110 M M 2 1 21 110
23 92 78 85 1 0 20 T 0.0 0 6.5 18 100 M M 4 23 100
24 91 82 87 3 0 22 0.00 0.0 0 9.0 20 120 M M 3 24 120
25 91 77 84 0 0 19 0.17 0.0 0 13.5 30 70 M M 4 1 38 100
26 90 76 83 -1 0 18 0.12 M M 10.7 22 100 M M 4 1 25 100
27 91 81 86 2 0 21 T 0.0 0 13.0 20 90 M M 5 32 140
28 91 78 85 1 0 20 0.00 0.0 0 11.9 18 120 M M 3 26 150
29 92 78 85 1 0 20 T 0.0 0 7.8 16 90 M M 3 20 90
30 92 75 84 0 0 19 0.01 0.0 0 4.6 20 260 M M 3 3 27 270
31 93 75 84 1 0 19 0.03 M M 3.2 16 330 M M 3 3 23 320
================================================================================
SM 2838 2405 0 612 5.84 0.0 244.3 M 92
================================================================================
AV 91.5 77.6 7.9 FASTST M M 3 MAX(MPH)
MISC ----> 38 270 57 260
================================================================================
NOTES:
# LAST OF SEVERAL OCCURRENCES
COLUMN 17 PEAK WIND IN M.P.H.
PRELIMINARY LOCAL CLIMATOLOGICAL DATA (WS FORM: F-6) , PAGE 2
STATION: FORT LAUDERDALE EXEC ARPT
MONTH: AUGUST
YEAR: 2021
LATITUDE: 26 12 N
LONGITUDE: 80 11 W
[TEMPERATURE DATA] [PRECIPITATION DATA] SYMBOLS USED IN COLUMN 16
AVERAGE MONTHLY: 84.6 TOTAL FOR MONTH: 5.84 1 = FOG OR MIST
DPTR FM NORMAL: 0.5 DPTR FM NORMAL: -1.67 2 = FOG REDUCING VISIBILITY
HIGHEST: 93 ON 31,21 GRTST 24HR 1.74 ON 12-13 TO 1/4 MILE OR LESS
LOWEST: 72 ON 2 3 = THUNDER
SNOW, ICE PELLETS, HAIL 4 = ICE PELLETS
TOTAL MONTH: 0.0 INCH 5 = HAIL
GRTST 24HR 0.0 6 = FREEZING RAIN OR DRIZZLE
GRTST DEPTH: 0 7 = DUSTSTORM OR SANDSTORM:
VSBY 1/2 MILE OR LESS
8 = SMOKE OR HAZE
[NO. OF DAYS WITH] [WEATHER - DAYS WITH] 9 = BLOWING SNOW
X = TORNADO
MAX 32 OR BELOW: 0 0.01 INCH OR MORE: 15
MAX 90 OR ABOVE: 29 0.10 INCH OR MORE: 11
MIN 32 OR BELOW: 0 0.50 INCH OR MORE: 4
MIN 0 OR BELOW: 0 1.00 INCH OR MORE: 2
[HDD (BASE 65) ]
TOTAL THIS MO. 0 CLEAR (SCALE 0-3) 17
DPTR FM NORMAL 0 PTCLDY (SCALE 4-7) 14
TOTAL FM JUL 1 0 CLOUDY (SCALE 8-10) 0
DPTR FM NORMAL 0
[CDD (BASE 65) ]
TOTAL THIS MO. 612
DPTR FM NORMAL 20 [PRESSURE DATA]
TOTAL FM JAN 1 3190 HIGHEST SLP 30.16 ON 10
DPTR FM NORMAL 171 LOWEST SLP 29.88 ON 31
[REMARKS]
#FINAL-08-21#