000
CXUS53 KUNR 010930
CF6GCC
PRELIMINARY LOCAL CLIMATOLOGICAL DATA (WS FORM: F-6)
STATION: GILLETTE AIRPORT WY
MONTH: JULY
YEAR: 2021
LATITUDE: 44 20 N
LONGITUDE: 105 32 W
TEMPERATURE IN F: :PCPN: SNOW: WIND :SUNSHINE: SKY :PK WND
================================================================================
1 2 3 4 5 6A 6B 7 8 9 10 11 12 13 14 15 16 17 18
12Z AVG MX 2MIN
DY MAX MIN AVG DEP HDD CDD WTR SNW DPTH SPD SPD DIR MIN PSBL S-S WX SPD DR
================================================================================
1 91 64 78 10 0 13 0.00 M M 16.1 28 150 M M 0 36 140
2 90 62 76 8 0 11 0.01 M M 14.3 26 160 M M 0 3 34 170
3 97 56 77 9 0 12 0.01 M M 6.6 26 310 M M 1 36 300
4 97 56 77 8 0 12 0.00 M M 7.6 32 340 M M 1 3 46 350
5 93 63 78 9 0 13 0.00 M M 12.7 40 310 M M 3 3 52 310
6 87 57 72 2 0 7 0.04 M M 6.2 28 130 M M 3 38 43 130
7 97 63 80 10 0 15 0.01 M M 12.3 39 300 M M 1 3 58 300
8 96 55 76 6 0 11 0.00 M M 8.9 28 10 M M 0 36 10
9 88 52 70 0 0 5 0.12 M M 8.4 39 340 M M 1 138 55 310
10 85 53 69 -2 0 4 0.00 M M 7.0 17 360 M M 1 22 360
11 94 62 78 7 0 13 0.00 M M 13.8 22 170 M M 0 28 180
12 87 61 74 3 0 9 0.14 M M 9.6 22 20 M M 0 3 28 10
13 81 55 68 -3 0 3 0.01 M M 10.9 30 350 M M 2 3 38 350
14 82 53 68 -4 0 3 0.00 M M 6.9 20 170 M M 4 1 25 180
15 91 59 75 3 0 10 0.00 M M 9.3 22 170 M M 0 29 170
16 96 61 79 7 0 14 0.00 M M 7.2 25 260 M M 0 3 34 260
17 100 65 83 11 0 18 0.00 M M 13.4 31 180 M M 0 41 140
18 100 62 81 9 0 16 0.00 M M 11.5 28 180 M M 0 3 36 180
19 99 56 78 6 0 13 0.00 M M 11.9 26 150 M M 0 38 150
20 97 66 82 9 0 17 0.00 M M 14.6 28 150 M M 1 8 35 150
21 93 60 77 4 0 12 0.00 M M 5.6 16 300 M M 1 22 300
22 98 64 81 8 0 16 0.00 M M 8.6 24 130 M M 1 3 36 30
23 93 60 77 4 0 12 0.00 M M 6.6 20 320 M M 0 25 330
24 94 55 75 2 0 10 0.00 M M 5.2 15 40 M M 0 19 10
25 99 62 81 8 0 16 0.00 M M 8.2 20 190 M M 0 27 200
26 99 65 82 9 0 17 0.00 M M 7.6 17 40 M M 1 8 24 180
27 106 63 85 12 0 20 0.00 M M 12.3 23 150 M M 0 32 160
28 96 70 83 10 0 18 0.00 M M 16.4 26 30 M M 0 8 41 30
29 88 62 75 2 0 10 0.42 M M 9.5 21 130 M M 5 13 27 130
30 88 61 75 2 0 10 0.00 M M 7.0 21 160 M M 1 18 30 160
31 87 54 71 -2 0 6 0.00 M M 6.9 18 110 M M 0 18 25 50
================================================================================
SM 2889 1857 0 366 0.76 M 303.1 M 27
================================================================================
AV 93.2 59.9 9.8 FASTST M M 1 MAX(MPH)
MISC ----> 40 310 58 300
================================================================================
NOTES:
# LAST OF SEVERAL OCCURRENCES
COLUMN 17 PEAK WIND IN M.P.H.
PRELIMINARY LOCAL CLIMATOLOGICAL DATA (WS FORM: F-6) , PAGE 2
STATION: GILLETTE AIRPORT WY
MONTH: JULY
YEAR: 2021
LATITUDE: 44 20 N
LONGITUDE: 105 32 W
[TEMPERATURE DATA] [PRECIPITATION DATA] SYMBOLS USED IN COLUMN 16
AVERAGE MONTHLY: 76.5 TOTAL FOR MONTH: 0.76 1 = FOG OR MIST
DPTR FM NORMAL: 5.2 DPTR FM NORMAL: -0.76 2 = FOG REDUCING VISIBILITY
HIGHEST: 106 ON 27 GRTST 24HR 0.42 ON 29-29 TO 1/4 MILE OR LESS
LOWEST: 52 ON 9 3 = THUNDER
SNOW, ICE PELLETS, HAIL 4 = ICE PELLETS
TOTAL MONTH: M 5 = HAIL
GRTST 24HR M ON M 6 = FREEZING RAIN OR DRIZZLE
GRTST DEPTH: M ON M 7 = DUSTSTORM OR SANDSTORM:
VSBY 1/2 MILE OR LESS
8 = SMOKE OR HAZE
[NO. OF DAYS WITH] [WEATHER - DAYS WITH] 9 = BLOWING SNOW
X = TORNADO
MAX 32 OR BELOW: 0 0.01 INCH OR MORE: 8
MAX 90 OR ABOVE: 22 0.10 INCH OR MORE: 3
MIN 32 OR BELOW: 0 0.50 INCH OR MORE: 0
MIN 0 OR BELOW: 0 1.00 INCH OR MORE: 0
[HDD (BASE 65) ]
TOTAL THIS MO. 0 CLEAR (SCALE 0-3) 29
DPTR FM NORMAL -18 PTCLDY (SCALE 4-7) 2
TOTAL FM JUL 1 0 CLOUDY (SCALE 8-10) 0
DPTR FM NORMAL -14
[CDD (BASE 65) ]
TOTAL THIS MO. 366
DPTR FM NORMAL 151 [PRESSURE DATA]
TOTAL FM JAN 1 548 HIGHEST SLP 30.23 ON 31
DPTR FM NORMAL 264 LOWEST SLP 29.67 ON 7
[REMARKS]
#FINAL-07-21#