000
CXUS56 KOTX 010910
CF6GEG
PRELIMINARY LOCAL CLIMATOLOGICAL DATA (WS FORM: F-6)
STATION: SPOKANE WA AIRPORT
MONTH: MARCH
YEAR: 2023
LATITUDE: 47 37 N
LONGITUDE: 117 32 W
TEMPERATURE IN F: :PCPN: SNOW: WIND :SUNSHINE: SKY :PK WND
================================================================================
1 2 3 4 5 6A 6B 7 8 9 10 11 12 13 14 15 16 17 18
12Z AVG MX 2MIN
DY MAX MIN AVG DEP HDD CDD WTR SNW DPTH SPD SPD DIR MIN PSBL S-S WX SPD DR
================================================================================
1 36 18 27 -9 38 0 T T 4 6.2 16 250 M M 9 128 20 250
2 42 28 35 -1 30 0 0.02 0.5 4 16.1 30 240 M M 8 189 37 210
3 39 23 31 -5 34 0 0.00 0.0 3 12.7 26 240 M M 7 31 240
4 41 27 34 -3 31 0 T 0.2 2 8.7 17 110 M M 7 1 20 140
5 36 25 31 -6 34 0 0.02 0.2 2 8.6 16 90 M M 8 1 18 90
6 36 25 31 -6 34 0 0.09 1.6 2 4.2 12 60 M M 9 1 13 90
7 42 24 33 -5 32 0 0.00 0.0 2 6.5 13 70 M M 5 1 16 60
8 44 27 36 -2 29 0 0.00 0.0 2 8.6 16 60 M M 7 21 70
9 42 27 35 -3 30 0 0.09 1.6 3 9.8 16 60 M M 7 1 19 60
10 34 28 31 -8 34 0 0.38 4.8 1 9.4 18 70 M M 10 1 23 70
11 41 28 35 -4 30 0 0.00 0.0 5 6.3 12 70 M M 8 1 15 220
12 48 29 39 0 26 0 0.02 0.0 2 7.5 15 190 M M 7 20 190
13 51 35 43 4 22 0 0.37 0.0 0 13.8 28 220 M M 10 1 33 210
14 46 28 37 -3 28 0 0.00 0.0 0 7.8 20 220 M M 6 24 210
15 46 29 38 -2 27 0 0.00 0.0 0 9.8 20 240 M M 4 27 240
16 48 27 38 -2 27 0 0.00 0.0 0 5.4 12 60 M M 5 15 90
17 51 30 41 1 24 0 0.00 0.0 0 5.8 13 80 M M 4 16 70
18 55 31 43 2 22 0 0.00 0.0 0 5.1 12 70 M M 6 14 70
19 57 33 45 4 20 0 0.00 0.0 0 9.0 16 60 M M 7 22 50
20 53 39 46 5 19 0 0.00 0.0 0 6.3 13 230 M M 10 19 30
21 56 31 44 2 21 0 0.00 0.0 0 5.3 17 30 M M 3 12 26 30
22 58 29 44 2 21 0 0.00 0.0 0 7.6 14 210 M M 1 20 50
23 50 32 41 -1 24 0 0.04 T 0 13.2 24 210 M M 7 5 33 210
24 43 30 37 -5 28 0 0.03 0.2 0 13.4 23 210 M M 8 128 29 260
25 43 28 36 -6 29 0 0.00 0.0 0 6.8 14 200 M M 9 20 210
26 42 30 36 -7 29 0 T T M 4.6 14 220 M M 8 16 230
27 47 30 39 -4 26 0 0.00 0.0 0 5.6 10 60 M M 7 13 140
28 51 32 42 -1 23 0 0.00 0.0 0 11.6 20 60 M M 8 23 50
29 50 35 43 0 22 0 0.00 0.0 0 7.0 16 220 M M 8 19 230
30 52 35 44 1 21 0 0.00 0.0 0 7.6 22 220 M M 8 12 26 210
31 46 33 40 -4 25 0 0.05 0.0 0 13.3 23 220 M M 8 29 200
================================================================================
SM 1426 906 840 0 1.11 9.1 263.6 M 219
================================================================================
AV 46.0 29.2 8.5 FASTST M M 7 MAX(MPH)
MISC ----> 30 240 37 210
================================================================================
NOTES:
# LAST OF SEVERAL OCCURRENCES
COLUMN 17 PEAK WIND IN M.P.H.
PRELIMINARY LOCAL CLIMATOLOGICAL DATA (WS FORM: F-6) , PAGE 2
STATION: SPOKANE WA AIRPORT
MONTH: MARCH
YEAR: 2023
LATITUDE: 47 37 N
LONGITUDE: 117 32 W
[TEMPERATURE DATA] [PRECIPITATION DATA] SYMBOLS USED IN COLUMN 16
AVERAGE MONTHLY: 37.6 TOTAL FOR MONTH: 1.11 1 = FOG OR MIST
DPTR FM NORMAL: -2.4 DPTR FM NORMAL: -0.72 2 = FOG REDUCING VISIBILITY
HIGHEST: 58 ON 22 GRTST 24HR 0.38 ON 10-10 TO 1/4 MILE OR LESS
LOWEST: 18 ON 1 3 = THUNDER
SNOW, ICE PELLETS, HAIL 4 = ICE PELLETS
TOTAL MONTH: 13.5 INCHES 5 = HAIL
GRTST 24HR 4.8 ON 10-10 6 = FREEZING RAIN OR DRIZZLE
GRTST DEPTH: 5 ON 11 7 = DUSTSTORM OR SANDSTORM:
VSBY 1/2 MILE OR LESS
8 = SMOKE OR HAZE
[NO. OF DAYS WITH] [WEATHER - DAYS WITH] 9 = BLOWING SNOW
X = TORNADO
MAX 32 OR BELOW: 0 0.01 INCH OR MORE: 10
MAX 90 OR ABOVE: 0 0.10 INCH OR MORE: 2
MIN 32 OR BELOW: 25 0.50 INCH OR MORE: 0
MIN 0 OR BELOW: 0 1.00 INCH OR MORE: 0
[HDD (BASE 65) ]
TOTAL THIS MO. 840 CLEAR (SCALE 0-3) 1
DPTR FM NORMAL 66 PTCLDY (SCALE 4-7) 20
TOTAL FM JUL 1 5547 CLOUDY (SCALE 8-10) 10
DPTR FM NORMAL 55
[CDD (BASE 65) ]
TOTAL THIS MO. 0
DPTR FM NORMAL 0 [PRESSURE DATA]
TOTAL FM JAN 1 0 HIGHEST SLP M ON M
DPTR FM NORMAL 0 LOWEST SLP 29.31 ON 10
[REMARKS]
#FINAL-03-23#