000
CXUS56 KOTX 011010
CF6GEG
PRELIMINARY LOCAL CLIMATOLOGICAL DATA (WS FORM: F-6)
STATION: SPOKANE WA AIRPORT
MONTH: DECEMBER
YEAR: 2023
LATITUDE: 47 37 N
LONGITUDE: 117 32 W
TEMPERATURE IN F: :PCPN: SNOW: WIND :SUNSHINE: SKY :PK WND
================================================================================
1 2 3 4 5 6A 6B 7 8 9 10 11 12 13 14 15 16 17 18
12Z AVG MX 2MIN
DY MAX MIN AVG DEP HDD CDD WTR SNW DPTH SPD SPD DIR MIN PSBL S-S WX SPD DR
================================================================================
1 32 25 29 -3 36 0 0.26 3.5 T 5.7 14 240 M M 10 12 17 240
2 38 26 32 1 33 0 0.35 1.8 4 11.6 29 240 M M 7 1 35 230
3 39 25 32 1 33 0 0.07 T 3 7.9 18 220 M M 9 12 25 200
4 39 32 36 5 29 0 0.12 0.0 2 4.4 12 60 M M 10 12 14 60
5 52 37 45 14 20 0 0.56 0.0 T 11.4 16 170 M M 10 1 24 160
6 50 44 47 17 18 0 0.64 0.0 0 6.7 20 210 M M 10 1 28 200
7 44 33 39 9 26 0 0.13 0.0 0 14.9 26 220 M M 8 12 32 220
8 41 27 34 4 31 0 T T 0 9.4 18 230 M M 4 23 220
9 35 26 31 1 34 0 0.33 4.2 0 6.0 15 150 M M 8 1 20 160
10 36 33 35 5 30 0 0.44 1.8 6 5.9 13 150 M M 10 12 20 140
11 36 33 35 6 30 0 0.01 0.0 3 5.3 9 10 M M 10 12 13 30
12 37 34 36 7 29 0 T 0.0 2 4.6 9 20 M M 10 1 10 30
13 36 28 32 3 33 0 0.00 0.0 1 5.2 12 60 M M 8 16 70
14 36 28 32 3 33 0 0.00 0.0 0 5.6 16 90 M M 9 20 100
15 40 30 35 6 30 0 0.00 0.0 0 6.3 16 70 M M 8 8 20 60
16 35 27 31 2 34 0 0.00 0.0 0 2.4 8 40 M M 10 128 9 30
17 35 30 33 5 32 0 0.00 0.0 0 6.7 14 60 M M 9 1 16 70
18 38 30 34 6 31 0 0.11 0.0 0 5.6 12 60 M M 9 12 16 50
19 39 33 36 8 29 0 0.11 0.0 0 7.0 12 60 M M 10 1 15 50
20 44 35 40 12 25 0 T 0.0 0 3.5 8 230 M M 9 12 9 240
21 39 33 36 8 29 0 0.00 0.0 0 3.6 8 170 M M 10 12 12 160
22 36 32 34 6 31 0 0.12 0.2 0 8.6 24 220 M M 10 12 31 220
23 33 23 28 0 37 0 0.00 0.0 0 6.6 18 220 M M 7 12 22 220
24 34 23 29 1 36 0 0.00 0.0 0 6.2 15 60 M M 9 128 20 60
25 35 26 31 3 34 0 0.00 0.0 0 9.6 15 70 M M 8 20 70
26 33 30 32 4 33 0 0.08 0.3 T 7.1 15 70 M M 10 126 19 60
27 37 32 35 7 30 0 T 0.0 T 9.5 17 70 M M 9 1 24 70
28 42 32 37 9 28 0 0.00 0.0 0 6.8 13 50 M M 7 17 40
29 45 35 40 12 25 0 0.00 0.0 0 10.0 17 70 M M 8 23 60
30 41 32 37 9 28 0 0.00 0.0 0 5.9 13 60 M M 5 1 21 60
31 40 33 37 9 28 0 0.01 0.0 0 2.9 10 230 M M 9 12 13 220
================================================================================
SM 1197 947 935 0 3.34 11.8 212.9 M 270
================================================================================
AV 38.6 30.5 6.9 FASTST M M 9 MAX(MPH)
MISC ----> 29 240 35 230
================================================================================
NOTES:
# LAST OF SEVERAL OCCURRENCES
COLUMN 17 PEAK WIND IN M.P.H.
PRELIMINARY LOCAL CLIMATOLOGICAL DATA (WS FORM: F-6) , PAGE 2
STATION: SPOKANE WA AIRPORT
MONTH: DECEMBER
YEAR: 2023
LATITUDE: 47 37 N
LONGITUDE: 117 32 W
[TEMPERATURE DATA] [PRECIPITATION DATA] SYMBOLS USED IN COLUMN 16
AVERAGE MONTHLY: 34.6 TOTAL FOR MONTH: 3.34 1 = FOG OR MIST
DPTR FM NORMAL: 5.5 DPTR FM NORMAL: 1.00 2 = FOG REDUCING VISIBILITY
HIGHEST: 52 ON 5 GRTST 24HR 0.76 ON 9-10 TO 1/4 MILE OR LESS
LOWEST: 23 ON 24,23 3 = THUNDER
SNOW, ICE PELLETS, HAIL 4 = ICE PELLETS
TOTAL MONTH: 12.1 INCHES 5 = HAIL
GRTST 24HR 4.2 ON 9- 9 6 = FREEZING RAIN OR DRIZZLE
GRTST DEPTH: 6 ON 10 7 = DUSTSTORM OR SANDSTORM:
VSBY 1/2 MILE OR LESS
8 = SMOKE OR HAZE
[NO. OF DAYS WITH] [WEATHER - DAYS WITH] 9 = BLOWING SNOW
X = TORNADO
MAX 32 OR BELOW: 1 0.01 INCH OR MORE: 15
MAX 90 OR ABOVE: 0 0.10 INCH OR MORE: 11
MIN 32 OR BELOW: 20 0.50 INCH OR MORE: 2
MIN 0 OR BELOW: 0 1.00 INCH OR MORE: 0
[HDD (BASE 65) ]
TOTAL THIS MO. 935 CLEAR (SCALE 0-3) 0
DPTR FM NORMAL -179 PTCLDY (SCALE 4-7) 7
TOTAL FM JUL 1 2360 CLOUDY (SCALE 8-10) 24
DPTR FM NORMAL -365
[CDD (BASE 65) ]
TOTAL THIS MO. 0
DPTR FM NORMAL 0 [PRESSURE DATA]
TOTAL FM JAN 1 795 HIGHEST SLP M ON M
DPTR FM NORMAL 280 LOWEST SLP 27.65 ON 31
[REMARKS]
#FINAL-12-23#