000
CXUS56 KOTX 011010
CF6GEG
PRELIMINARY LOCAL CLIMATOLOGICAL DATA (WS FORM: F-6)
STATION: SPOKANE WA AIRPORT
MONTH: NOVEMBER
YEAR: 2023
LATITUDE: 47 37 N
LONGITUDE: 117 32 W
TEMPERATURE IN F: :PCPN: SNOW: WIND :SUNSHINE: SKY :PK WND
================================================================================
1 2 3 4 5 6A 6B 7 8 9 10 11 12 13 14 15 16 17 18
12Z AVG MX 2MIN
DY MAX MIN AVG DEP HDD CDD WTR SNW DPTH SPD SPD DIR MIN PSBL S-S WX SPD DR
================================================================================
1 44 29 37 -4 28 0 0.06 0.0 0 5.1 8 60 M M 9 1 10 60
2 46 36 41 0 24 0 0.56 0.0 0 5.9 14 230 M M 10 12 17 210
3 52 41 47 7 18 0 0.00 0.0 0 4.7 10 50 M M 8 12 13 50
4 53 41 47 7 18 0 0.58 0.0 0 10.7 20 210 M M 10 1 25 200
5 52 40 46 6 19 0 T 0.0 0 7.5 17 220 M M 8 1 22 220
6 49 39 44 5 21 0 0.27 0.0 0 10.7 23 220 M M 9 1 31 230
7 49 35 42 3 23 0 0.02 0.0 0 14.3 29 220 M M 8 1 37 210
8 47 32 40 1 25 0 0.00 0.0 0 5.8 12 220 M M 5 12 14 210
9 40 31 36 -2 29 0 T 0.0 0 6.4 10 80 M M 10 128 13 50
10 40 34 37 -1 28 0 0.05 0.0 0 5.8 17 240 M M 9 128 20 240
11 51 39 45 7 20 0 T 0.0 0 17.5 40 230 M M 7 52 230
12 48 36 42 5 23 0 0.00 0.0 0 8.0 18 210 M M 9 23 220
13 44 36 40 3 25 0 0.04 0.0 0 8.6 21 220 M M 8 1 25 210
14 42 32 37 0 28 0 0.00 0.0 0 4.5 13 150 M M 10 128 17 170
15 37 31 34 -2 31 0 0.18 0.0 0 3.9 14 300 M M 10 12 20 290
16 37 29 33 -3 32 0 0.00 0.0 0 3.8 10 260 M M 8 128 12 40
17 38 29 34 -2 31 0 0.00 0.0 0 6.5 12 30 M M 6 12 13 30
18 42 29 36 0 29 0 0.00 0.0 0 6.5 14 60 M M 6 1 16 70
19 45 31 38 3 27 0 0.10 0.5 0 14.2 24 220 M M 7 1 30 220
20 44 31 38 3 27 0 0.00 0.0 0 5.8 10 40 M M 6 1 13 190
21 42 29 36 1 29 0 0.00 0.0 0 5.0 9 90 M M 7 12 50
22 47 31 39 5 26 0 0.01 0.0 0 3.8 9 160 M M 7 1 13 200
23 45 26 36 2 29 0 0.00 0.0 0 6.1 16 10 M M 5 12 19 20
24 41 23 32 -2 33 0 0.00 0.0 0 5.0 12 360 M M 0 14 30
25 29 18 24 -9 41 0 T T 0 3.1 10 170 M M 7 12 22 170
26 30 25 28 -5 37 0 T T 0 3.6 8 80 M M 10 128 9 90
27 37 25 31 -2 34 0 0.00 0.0 0 4.4 8 360 M M 5 9 40
28 36 21 29 -3 36 0 0.00 0.0 0 4.7 10 230 M M 2 12 12 250
29 26 23 25 -7 40 0 T T 0 1.6 7 30 M M 10 128 9 180
30 28 24 26 -6 39 0 0.02 0.3 T 2.5 7 40 M M 10 1 9 30
================================================================================
SM 1261 926 850 0 1.89 0.8 196.0 M 226
================================================================================
AV 42.0 30.9 6.5 FASTST M M 8 MAX(MPH)
MISC ----> 40 230 52 230
================================================================================
NOTES:
# LAST OF SEVERAL OCCURRENCES
COLUMN 17 PEAK WIND IN M.P.H.
PRELIMINARY LOCAL CLIMATOLOGICAL DATA (WS FORM: F-6) , PAGE 2
STATION: SPOKANE WA AIRPORT
MONTH: NOVEMBER
YEAR: 2023
LATITUDE: 47 37 N
LONGITUDE: 117 32 W
[TEMPERATURE DATA] [PRECIPITATION DATA] SYMBOLS USED IN COLUMN 16
AVERAGE MONTHLY: 36.5 TOTAL FOR MONTH: 1.89 1 = FOG OR MIST
DPTR FM NORMAL: 0.2 DPTR FM NORMAL: -0.17 2 = FOG REDUCING VISIBILITY
HIGHEST: 53 ON 4 GRTST 24HR 0.62 ON 1- 2 TO 1/4 MILE OR LESS
LOWEST: 18 ON 25 3 = THUNDER
SNOW, ICE PELLETS, HAIL 4 = ICE PELLETS
TOTAL MONTH: 0.8 INCH 5 = HAIL
GRTST 24HR 0.5 ON 19-19 6 = FREEZING RAIN OR DRIZZLE
GRTST DEPTH: T 7 = DUSTSTORM OR SANDSTORM:
VSBY 1/2 MILE OR LESS
8 = SMOKE OR HAZE
[NO. OF DAYS WITH] [WEATHER - DAYS WITH] 9 = BLOWING SNOW
X = TORNADO
MAX 32 OR BELOW: 4 0.01 INCH OR MORE: 11
MAX 90 OR ABOVE: 0 0.10 INCH OR MORE: 5
MIN 32 OR BELOW: 20 0.50 INCH OR MORE: 2
MIN 0 OR BELOW: 0 1.00 INCH OR MORE: 0
[HDD (BASE 65) ]
TOTAL THIS MO. 850 CLEAR (SCALE 0-3) 2
DPTR FM NORMAL -11 PTCLDY (SCALE 4-7) 14
TOTAL FM JUL 1 1425 CLOUDY (SCALE 8-10) 14
DPTR FM NORMAL -183
[CDD (BASE 65) ]
TOTAL THIS MO. 0
DPTR FM NORMAL 0 [PRESSURE DATA]
TOTAL FM JAN 1 795 HIGHEST SLP M ON M
DPTR FM NORMAL 280 LOWEST SLP 29.57 ON 6
[REMARKS]
#FINAL-11-23#