000
CXUS53 KIND 011616
CLMGEZ
CLIMATE REPORT
NATIONAL WEATHER SERVICE INDIANAPOLIS IN
1116 AM EST MON JAN 01 2024
...................................
...THE SHELBYVILLE IN CLIMATE SUMMARY FOR THE MONTH OF DECEMBER 2023...
CLIMATE NORMAL PERIOD 1991 TO 2020
CLIMATE RECORD PERIOD 9999 TO 9999
WEATHER OBSERVED NORMAL DEPART LAST YEAR`S
VALUE DATE(S) VALUE FROM VALUE DATE(S)
NORMAL
................................................................
TEMPERATURE (F)
HIGHEST 65 12/09 59 12/29
LOWEST 18 12/19 -7 12/23
AVG. MAXIMUM 50.0 41.8 8.2 42.7
AVG. MINIMUM 34.9 27.0 7.9 27.2
MEAN 42.5 34.4 8.1 35.0
DAYS MAX >= 90 0 0.0 0.0 MM
DAYS MAX <= 32 0 7.3 -7.3 MM
DAYS MIN <= 32 15 22.2 -7.2 MM
DAYS MIN <= 0 0 0.7 -0.7 MM
PRECIPITATION (INCHES)
TOTALS 1.28 2.97 -1.69 2.14
DAILY AVG. 0.04 0.10 -0.06 0.07
DAYS >= .01 12 11.7 0.3 MM
DAYS >= .10 5 6.4 -1.4 MM
DAYS >= .50 0 2.2 -2.2 MM
DAYS >= 1.00 0 0.7 -0.7 MM
GREATEST
24 HR. TOTAL 0.30 12/25 TO 12/25
DEGREE DAYS
HEATING TOTAL 694 949 -255 924
SINCE 7/1 1496 1943 -447 MM
COOLING TOTAL 0 0 0 0
SINCE 1/1 1266 1149 117 MM
................................................................
WIND (MPH)
AVERAGE WIND SPEED 8.8
HIGHEST WIND SPEED/DIRECTION 32/290 DATE 12/18
HIGHEST GUST SPEED/DIRECTION 45/290 DATE 12/18
SKY COVER
AVERAGE SKY COVER 0.61
AVERAGE RH (PERCENT) 69
WEATHER CONDITIONS. NUMBER OF DAYS WITH
THUNDERSTORM 1 MIXED PRECIP 0
HEAVY RAIN 1 RAIN 3
LIGHT RAIN 16 FREEZING RAIN 0
LT FREEZING RAIN 0 HAIL 0
HEAVY SNOW 1 SNOW 2
LIGHT SNOW 4 SLEET 0
FOG 16 FOG W/VIS <= 1/4 MILE 1
HAZE 7
- INDICATES NEGATIVE NUMBERS.
R INDICATES RECORD WAS SET OR TIED.
MM INDICATES DATA IS MISSING.
T INDICATES TRACE AMOUNT.
$$