000
CXUS55 KALY 010710
CF6GFL
PRELIMINARY LOCAL CLIMATOLOGICAL DATA (WS FORM: F-6)
STATION: GLENS FALLS NY
MONTH: MARCH
YEAR: 2023
LATITUDE: 43 20 N
LONGITUDE: 73 37 W
TEMPERATURE IN F: :PCPN: SNOW: WIND :SUNSHINE: SKY :PK WND
================================================================================
1 2 3 4 5 6A 6B 7 8 9 10 11 12 13 14 15 16 17 18
12Z AVG MX 2MIN
DY MAX MIN AVG DEP HDD CDD WTR SNW DPTH SPD SPD DIR MIN PSBL S-S WX SPD DR
================================================================================
1 38 17 28 2 37 0 0.06 M M 0.9 8 200 M M 7 128 10 210
2 44 31 38 12 27 0 0.09 M M 6.0 22 320 M M 10 1 32 330
3 36 24 30 3 35 0 0.18 M M 5.4 17 160 M M 3 1 23 160
4 35 31 33 6 32 0 0.82 M M 2.7 9 50 M M 10 12 12 30
5 36 29 33 5 32 0 T M M 1.5 9 300 M M 9 1 13 300
6 42 21 32 4 33 0 0.00 M M 9.7 22 340 M M 0 31 360
7 34 25 30 2 35 0 0.00 M M 12.3 22 310 M M 6 30 310
8 36 25 31 2 34 0 0.00 M M 9.1 15 350 M M 10 22 340
9 37 21 29 0 36 0 0.00 M M 6.3 14 50 M M 7 19 50
10 39 14 27 -2 38 0 T M M 2.9 10 60 M M 3 1 12 60
11 37 19 28 -2 37 0 0.05 M M 6.3 13 60 M M 7 1 16 60
12 44 12 28 -2 37 0 0.00 M M 0.7 7 80 M M 0 9 60
13 39 29 34 4 31 0 0.27 M M 2.8 8 350 M M 9 1 10 360
14 34 32 33 2 32 0 0.90 M M 13.4 21 340 M M 10 12 29 330
15 38 30 34 3 31 0 0.02 M M 12.9 23 340 M M 4 1 33 320
16 42 19 31 -1 34 0 0.00 M M 4.2 15 150 M M 6 19 150
17 44 25 35 3 30 0 0.14 M M 1.1 14 210 M M 8 12 17 210
18 43 27 35 3 30 0 0.00 M M 5.7 13 250 M M 8 24 250
19 30 22 26 -7 39 0 T M M 10.0 25 260 M M 7 37 230
20 47 18 33 0 32 0 0.00 M M 7.2 21 200 M M 1 25 210
21 54 18 36 2 29 0 0.00 M M 6.1 15 250 M M 4 22 250
22 52 25 39 5 26 0 0.00 M M 2.4 10 360 M M 3 12 360
23 48 33 41 7 24 0 0.09 M M 3.1 15 310 M M 8 128 19 310
24 46 28 37 2 28 0 0.00 M M 7.8 16 10 M M 3 21 360
25 36 24 30 -5 35 0 0.34 M M 2.1 12 290 M M 6 1 14 290
26 50 26 38 2 27 0 0.01 M M 6.7 21 300 M M 7 1 29 280
27 48 21 35 -1 30 0 0.11 M M 2.9 10 340 M M 6 12 350
28 48 26 37 1 28 0 T M M 7.0 18 350 M M 6 24 300
29 52 21 37 0 28 0 0.01 M M 6.9 23 300 M M 3 31 290
30 38 23 31 -6 34 0 T M M 9.3 21 300 M M 2 29 330
31 41 17 29 -9 36 0 0.08 M M 2.8 13 140 M M 5 1 17 170
================================================================================
SM 1288 733 997 0 3.17 M 178.2 M 178
================================================================================
AV 41.5 23.6 5.7 FASTST M M 6 MAX(MPH)
MISC ----> 25 260 37 230
================================================================================
NOTES:
# LAST OF SEVERAL OCCURRENCES
COLUMN 17 PEAK WIND IN M.P.H.
PRELIMINARY LOCAL CLIMATOLOGICAL DATA (WS FORM: F-6) , PAGE 2
STATION: GLENS FALLS NY
MONTH: MARCH
YEAR: 2023
LATITUDE: 43 20 N
LONGITUDE: 73 37 W
[TEMPERATURE DATA] [PRECIPITATION DATA] SYMBOLS USED IN COLUMN 16
AVERAGE MONTHLY: 32.6 TOTAL FOR MONTH: 3.17 1 = FOG OR MIST
DPTR FM NORMAL: 0.9 DPTR FM NORMAL: 0.38 2 = FOG REDUCING VISIBILITY
HIGHEST: 54 ON 21 GRTST 24HR 1.13 ON 13-14 TO 1/4 MILE OR LESS
LOWEST: 12 ON 12 3 = THUNDER
SNOW, ICE PELLETS, HAIL 4 = ICE PELLETS
TOTAL MONTH: M 5 = HAIL
GRTST 24HR M ON M 6 = FREEZING RAIN OR DRIZZLE
GRTST DEPTH: M ON M 7 = DUSTSTORM OR SANDSTORM:
VSBY 1/2 MILE OR LESS
8 = SMOKE OR HAZE
[NO. OF DAYS WITH] [WEATHER - DAYS WITH] 9 = BLOWING SNOW
X = TORNADO
MAX 32 OR BELOW: 1 0.01 INCH OR MORE: 15
MAX 90 OR ABOVE: 0 0.10 INCH OR MORE: 7
MIN 32 OR BELOW: 30 0.50 INCH OR MORE: 2
MIN 0 OR BELOW: 0 1.00 INCH OR MORE: 0
[HDD (BASE 65) ]
TOTAL THIS MO. 997 CLEAR (SCALE 0-3) 7
DPTR FM NORMAL -35 PTCLDY (SCALE 4-7) 16
TOTAL FM JUL 1 5737 CLOUDY (SCALE 8-10) 8
DPTR FM NORMAL -700
[CDD (BASE 65) ]
TOTAL THIS MO. 0
DPTR FM NORMAL 0 [PRESSURE DATA]
TOTAL FM JAN 1 0 HIGHEST SLP M ON M
DPTR FM NORMAL 0 LOWEST SLP 29.48 ON 4
[REMARKS]
#FINAL-03-23#