000
CXUS55 KALY 010810
CF6GFL
PRELIMINARY LOCAL CLIMATOLOGICAL DATA (WS FORM: F-6)
STATION: GLENS FALLS NY
MONTH: NOVEMBER
YEAR: 2020
LATITUDE: 43 20 N
LONGITUDE: 73 37 W
TEMPERATURE IN F: :PCPN: SNOW: WIND :SUNSHINE: SKY :PK WND
================================================================================
1 2 3 4 5 6A 6B 7 8 9 10 11 12 13 14 15 16 17 18
12Z AVG MX 2MIN
DY MAX MIN AVG DEP HDD CDD WTR SNW DPTH SPD SPD DIR MIN PSBL S-S WX SPD DR
================================================================================
1 50 22 36 -6 29 0 0.08 M M 5.8 23 200 M M 7 1 31 200
2 39 32 36 -5 29 0 T M M 12.4 25 300 M M 6 1 37 300
3 37 25 31 -10 34 0 0.06 M M 7.2 21 300 M M 2 1 27 300
4 57 24 41 0 24 0 0.00 M M 5.2 15 220 M M 2 19 190
5 66 29 48 8 17 0 0.00 M M 5.6 16 200 M M 0 21 190
6 70 47 59 19 6 0 0.00 M M 7.0 15 230 M M 0 20 200
7 69 37 53 13 12 0 0.00 M M 4.7 14 170 M M 0 1 18 180
8 69 32 51 11 14 0 0.00 M M 1.1 8 170 M M 2 12 12 190
9 67 30 49 10 16 0 0.00 M M 1.5 7 160 M M 1 18 9 160
10 70 32 51 12 14 0 0.00 M M 2.5 13 200 M M 0 1 17 190
11 66 42 54 15 11 0 0.14 M M 6.1 16 190 M M 7 12 23 190
12 60 31 46 8 19 0 0.00 M M 8.6 16 20 M M 3 21 340
13 41 24 33 -5 32 0 0.02 M M 2.0 9 230 M M 7 12 12 220
14 46 21 34 -4 31 0 0.00 M M 3.2 16 310 M M 6 12 19 310
15 50 19 35 -2 30 0 0.71 M M 2.9 21 270 M M 6 1 32 280
16 49 38 44 7 21 0 T M M 10.1 21 230 M M 9 31 240
17 43 30 37 0 28 0 0.00 M M 7.3 17 350 M M 9 22 320
18 31 14 23 -13 42 0 0.00 M M 8.2 17 330 M M 3 25 360
19 42 15 29 -7 36 0 0.00 M M 5.8 18 190 M M 1 25 190
20 53 34 44 8 21 0 0.00 M M 4.4 14 210 M M 2 17 200
21 50 31 41 6 24 0 0.00 M M 5.3 13 340 M M 4 17 270
22 38 22 30 -5 35 0 0.01 M M 1.4 8 50 M M 8 9 40
23 45 36 41 7 24 0 0.55 M M 6.4 21 310 M M 10 1 28 310
24 40 20 30 -4 35 0 0.00 M M 7.2 17 320 M M 6 24 310
25 42 25 34 0 31 0 0.17 M M 0.5 6 110 M M 10 1 7 110
26 49 39 44 11 21 0 0.22 M M 0.1 7 180 M M 10 12 8 180
27 51 38 45 12 20 0 T M M 1.7 9 320 M M 10 12 12 310
28 48 32 40 8 25 0 0.04 M M 5.6 24 310 M M 8 1 30 310
29 47 25 36 4 29 0 0.00 M M 3.4 13 200 M M 0 18 190
30 51 26 39 7 26 0 1.61 M M 2.9 15 40 M M 6 1 20 50
================================================================================
SM 1536 872 736 0 3.61 M 146.1 M 145
================================================================================
AV 51.2 29.1 4.9 FASTST M M 5 MAX(MPH)
MISC ----> 25 300 37 300
================================================================================
NOTES:
# LAST OF SEVERAL OCCURRENCES
COLUMN 17 PEAK WIND IN M.P.H.
PRELIMINARY LOCAL CLIMATOLOGICAL DATA (WS FORM: F-6) , PAGE 2
STATION: GLENS FALLS NY
MONTH: NOVEMBER
YEAR: 2020
LATITUDE: 43 20 N
LONGITUDE: 73 37 W
[TEMPERATURE DATA] [PRECIPITATION DATA] SYMBOLS USED IN COLUMN 16
AVERAGE MONTHLY: 40.1 TOTAL FOR MONTH: 3.61 1 = FOG OR MIST
DPTR FM NORMAL: 3.2 DPTR FM NORMAL: 0.30 2 = FOG REDUCING VISIBILITY
HIGHEST: 70 ON 10, 6 GRTST 24HR 1.61 ON 30-30 TO 1/4 MILE OR LESS
LOWEST: 14 ON 18 3 = THUNDER
SNOW, ICE PELLETS, HAIL 4 = ICE PELLETS
TOTAL MONTH: M 5 = HAIL
GRTST 24HR M ON M 6 = FREEZING RAIN OR DRIZZLE
GRTST DEPTH: M ON M 7 = DUSTSTORM OR SANDSTORM:
VSBY 1/2 MILE OR LESS
8 = SMOKE OR HAZE
[NO. OF DAYS WITH] [WEATHER - DAYS WITH] 9 = BLOWING SNOW
X = TORNADO
MAX 32 OR BELOW: 1 0.01 INCH OR MORE: 11
MAX 90 OR ABOVE: 0 0.10 INCH OR MORE: 6
MIN 32 OR BELOW: 22 0.50 INCH OR MORE: 3
MIN 0 OR BELOW: 0 1.00 INCH OR MORE: 1
[HDD (BASE 65) ]
TOTAL THIS MO. 736 CLEAR (SCALE 0-3) 12
DPTR FM NORMAL -107 PTCLDY (SCALE 4-7) 12
TOTAL FM JUL 1 1502 CLOUDY (SCALE 8-10) 6
DPTR FM NORMAL -195
[CDD (BASE 65) ]
TOTAL THIS MO. 0
DPTR FM NORMAL 0 [PRESSURE DATA]
TOTAL FM JAN 1 567 HIGHEST SLP 30.60 ON 18
DPTR FM NORMAL 215 LOWEST SLP 29.36 ON 30
[REMARKS]
#FINAL-11-20#