000
CXUS55 KGGW 010810
CF6GGW
PRELIMINARY LOCAL CLIMATOLOGICAL DATA (WS FORM: F-6)
STATION: GLASGOW MT
MONTH: AUGUST
YEAR: 2020
LATITUDE: 48 13 N
LONGITUDE: 106 37 W
TEMPERATURE IN F: :PCPN: SNOW: WIND :SUNSHINE: SKY :PK WND
================================================================================
1 2 3 4 5 6A 6B 7 8 9 10 11 12 13 14 15 16 17 18
12Z AVG MX 2MIN
DY MAX MIN AVG DEP HDD CDD WTR SNW DPTH SPD SPD DIR MIN PSBL S-S WX SPD DR
================================================================================
1 86 60 73 0 0 8 0.00 0.0 0 11.2 17 130 M M 0 22 120
2 86 58 72 -1 0 7 0.00 0.0 0 16.6 25 120 M M 0 30 110
3 88 61 75 2 0 10 T 0.0 0 13.4 25 130 M M 1 32 290
4 89 59 74 1 0 9 T 0.0 0 10.6 22 310 M M 2 32 330
5 89 56 73 0 0 8 0.00 0.0 0 6.3 13 100 M M 0 17 160
6 97 62 80 7 0 15 0.00 0.0 0 14.3 25 150 M M 0 3 36 140
7 85 58 72 0 0 7 0.00 0.0 0 14.8 30 290 M M 0 42 310
8 88 51 70 -2 0 5 0.00 0.0 0 6.2 14 260 M M 0 22 240
9 78 56 67 -5 0 2 0.00 0.0 0 12.8 23 300 M M 1 32 280
10 88 44 66 -6 0 1 0.00 0.0 0 9.2 23 250 M M 0 30 240
11 95 54 75 3 0 10 0.00 0.0 0 8.6 14 100 M M 0 21 130
12 98 63 81 9 0 16 0.00 0.0 0 13.6 23 350 M M 1 3 31 350
13 84 60 72 0 0 7 0.00 0.0 0 8.1 18 300 M M 1 24 310
14 86 50 68 -3 0 3 0.00 0.0 0 10.0 22 280 M M 0 32 320
15 91 50 71 0 0 6 0.00 0.0 0 7.9 21 280 M M 0 34 270
16 94 55 75 4 0 10 0.00 0.0 0 6.7 16 100 M M 0 20 110
17 100 62 81 11 0 16 0.00 0.0 0 7.7 15 100 M M 0 20 90
18 103 63 83 13 0 18 0.00 0.0 0 8.1 18 270 M M 0 26 270
19 101 65 83 13 0 18 0.00 0.0 0 9.2 25 310 M M 0 32 290
20 96 60 78 8 0 13 0.09 0.0 0 7.2 48 270 M M 2 3 67 280
21 91 60 76 7 0 11 0.00 0.0 0 8.9 23 260 M M 0 32 290
22 97 60 79 10 0 14 0.00 0.0 0 13.7 24 330 M M 0 8 32 350
23 87 56 72 3 0 7 0.00 0.0 0 9.3 21 30 M M 0 28 30
24 98 58 78 10 0 13 0.00 M M 13.4 20 140 M M 0 27 160
25 95 66 81 13 0 16 0.00 M M 9.2 20 210 M M 1 27 200
26 91 60 76 8 0 11 0.00 0.0 0 10.8 24 290 M M 1 34 290
27 89 56 73 6 0 8 0.19 0.0 0 13.6 33 340 M M 2 3 50 200
28 78 47 63 -4 2 0 0.00 0.0 0 8.5 18 340 M M 0 24 350
29 97 54 76 10 0 11 0.00 0.0 0 14.9 25 40 M M 0 36 40
30 72 49 61 -5 4 0 0.01 0.0 0 13.1 31 330 M M 3 41 320
31 77 38 58 -7 7 0 0.00 0.0 0 6.0 14 320 M M 1 8 20 280
================================================================================
SM 2794 1751 13 280 0.29 0.0 323.9 M 16
================================================================================
AV 90.1 56.5 10.4 FASTST M M 1 MAX(MPH)
MISC ----> 48 270 67 280
================================================================================
NOTES:
# LAST OF SEVERAL OCCURRENCES
COLUMN 17 PEAK WIND IN M.P.H.
PRELIMINARY LOCAL CLIMATOLOGICAL DATA (WS FORM: F-6) , PAGE 2
STATION: GLASGOW MT
MONTH: AUGUST
YEAR: 2020
LATITUDE: 48 13 N
LONGITUDE: 106 37 W
[TEMPERATURE DATA] [PRECIPITATION DATA] SYMBOLS USED IN COLUMN 16
AVERAGE MONTHLY: 73.3 TOTAL FOR MONTH: 0.29 1 = FOG OR MIST
DPTR FM NORMAL: 3.1 DPTR FM NORMAL: -0.95 2 = FOG REDUCING VISIBILITY
HIGHEST: 103 ON 18 GRTST 24HR 0.19 ON 27-27 TO 1/4 MILE OR LESS
LOWEST: 38 ON 31 3 = THUNDER
SNOW, ICE PELLETS, HAIL 4 = ICE PELLETS
TOTAL MONTH: 0.0 INCH 5 = HAIL
GRTST 24HR 0.0 6 = FREEZING RAIN OR DRIZZLE
GRTST DEPTH: 0 7 = DUSTSTORM OR SANDSTORM:
VSBY 1/2 MILE OR LESS
8 = SMOKE OR HAZE
[NO. OF DAYS WITH] [WEATHER - DAYS WITH] 9 = BLOWING SNOW
X = TORNADO
MAX 32 OR BELOW: 0 0.01 INCH OR MORE: 3
MAX 90 OR ABOVE: 15 0.10 INCH OR MORE: 1
MIN 32 OR BELOW: 0 0.50 INCH OR MORE: 0
MIN 0 OR BELOW: 0 1.00 INCH OR MORE: 0
[HDD (BASE 65) ]
TOTAL THIS MO. 13 CLEAR (SCALE 0-3) 30
DPTR FM NORMAL -22 PTCLDY (SCALE 4-7) 1
TOTAL FM JUL 1 14 CLOUDY (SCALE 8-10) 0
DPTR FM NORMAL -38
[CDD (BASE 65) ]
TOTAL THIS MO. 280
DPTR FM NORMAL 84 [PRESSURE DATA]
TOTAL FM JAN 1 599 HIGHEST SLP M ON M
DPTR FM NORMAL 104 LOWEST SLP 29.51 ON 29
[REMARKS]
#FINAL-08-20#