916
CXUS54 KFWD 110128
CF6GKY
PRELIMINARY LOCAL CLIMATOLOGICAL DATA (WS FORM: F-6)
STATION: ARLINGTON
MONTH: JUNE
YEAR: 2020
LATITUDE: 32 39 N
LONGITUDE: 97 6 W
TEMPERATURE IN F: :PCPN: SNOW: WIND :SUNSHINE: SKY :PK WND
================================================================================
1 2 3 4 5 6A 6B 7 8 9 10 11 12 13 14 15 16 17 18
12Z AVG MX 2MIN
DY MAX MIN AVG DEP HDD CDD WTR SNW DPTH SPD SPD DIR MIN PSBL S-S WX SPD DR
================================================================================
1 88 69 79 1 0 14 0.00 0.0 0 5.7 14 120 M M 0 18 120
2 92 72 82 4 0 17 0.00 0.0 0 6.9 15 140 M M 3 24 150
3 94 74 84 6 0 19 0.00 0.0 0 6.9 14 150 M M 0 21 170
4 97 76 87 8 0 22 0.00 0.0 0 8.2 17 140 M M 1 23 180
5 97 79 88 9 0 23 0.00 0.0 0 7.5 18 320 M M 1 25 340
6 99 73 86 7 0 21 0.00 0.0 0 5.2 15 70 M M 1 21 80
7 96 79 88 9 0 23 0.00 0.0 0 7.5 14 90 M M 1 21 100
8 99 74 87 7 0 22 0.00 0.0 0 3.4 10 300 M M 1 15 280
9 100 75 88 8 0 23 0.00 0.0 0 12.9 31 320 M M 1 42 320
10 91 64 78 -2 0 13 0.00 0.0 0 10.4 22 330 M M 0 31 310
11 95 59 77 -3 0 12 0.00 0.0 0 3.8 15 60 M M 0 20 30
12 94 62 78 -2 0 13 0.00 0.0 0 4.1 13 110 M M 0 19 130
13 95 64 80 0 0 15 0.00 0.0 0 4.9 14 140 M M 0 22 180
14 95 66 81 0 0 16 0.00 0.0 0 6.1 17 90 M M 0 25 110
15 97 70 84 3 0 19 0.00 0.0 0 6.8 17 100 M M 1 24 120
16 97 76 87 6 0 22 0.00 0.0 0 8.3 17 140 M M 0 26 140
17 96 77 87 6 0 22 0.00 0.0 0 10.1 20 130 M M 0 28 140
18 96 74 85 4 0 20 0.00 0.0 0 12.3 23 150 M M 0 33 160
19 97 70 84 2 0 19 0.85 0.0 0 14.2 39 350 M M 4 13 53 340
20 91 70 81 -1 0 16 1.57 0.0 0 6.4 16 320 M M 2 13 24 190
21 91 71 81 -1 0 16 0.05 0.0 0 9.4 30 140 M M 2 3 40 140
22 93 70 82 0 0 17 0.53 0.0 0 9.2 37 10 M M 3 3 48 350
23 83 72 78 -4 0 13 1.15 0.0 0 8.4 22 280 M M 6 13 35 290
24 93 73 83 1 0 18 0.00 0.0 0 6.3 15 40 M M 1 19 50
25 91 73 82 0 0 17 0.00 0.0 0 5.9 14 110 M M 3 18 130
26 92 76 84 2 0 19 0.00 0.0 0 11.4 24 170 M M 3 36 180
27 94 76 85 3 0 20 0.00 0.0 0 12.2 22 160 M M 5 8 33 170
28 93 80 87 4 0 22 0.00 0.0 0 15.9 24 170 M M 5 37 170
29 95 82 89 6 0 24 0.00 0.0 0 16.7 28 160 M M 5 40 170
30 94 83 89 6 0 24 0.00 0.0 0 14.9 22 160 M M 3 34 140
================================================================================
SM 2825 2179 0 561 4.15 0.0 261.9 M 52
================================================================================
AV 94.2 72.6 8.7 FASTST M M 2 MAX(MPH)
MISC ----> # 39 350 # 53 340
================================================================================
NOTES:
# LAST OF SEVERAL OCCURRENCES
COLUMN 17 PEAK WIND IN M.P.H.
PRELIMINARY LOCAL CLIMATOLOGICAL DATA (WS FORM: F-6) , PAGE 2
STATION: ARLINGTON
MONTH: JUNE
YEAR: 2020
LATITUDE: 32 39 N
LONGITUDE: 97 6 W
[TEMPERATURE DATA] [PRECIPITATION DATA] SYMBOLS USED IN COLUMN 16
AVERAGE MONTHLY: 83.4 TOTAL FOR MONTH: 4.15 1 = FOG OR MIST
DPTR FM NORMAL: 2.7 DPTR FM NORMAL: -0.07 2 = FOG REDUCING VISIBILITY
HIGHEST: 100 ON 9 GRTST 24HR 1.57 ON 20-20 TO 1/4 MILE OR LESS
LOWEST: 59 ON 11 3 = THUNDER
SNOW, ICE PELLETS, HAIL 4 = ICE PELLETS
TOTAL MONTH: 0.0 INCH 5 = HAIL
GRTST 24HR 0.0 6 = FREEZING RAIN OR DRIZZLE
GRTST DEPTH: 0 7 = DUSTSTORM OR SANDSTORM:
VSBY 1/2 MILE OR LESS
8 = SMOKE OR HAZE
[NO. OF DAYS WITH] [WEATHER - DAYS WITH] 9 = BLOWING SNOW
X = TORNADO
MAX 32 OR BELOW: 0 0.01 INCH OR MORE: 5
MAX 90 OR ABOVE: 28 0.10 INCH OR MORE: 4
MIN 32 OR BELOW: 0 0.50 INCH OR MORE: 4
MIN 0 OR BELOW: 0 1.00 INCH OR MORE: 2
[HDD (BASE 65) ]
TOTAL THIS MO. 0 CLEAR (SCALE 0-3) 22
DPTR FM NORMAL 0 PTCLDY (SCALE 4-7) 8
TOTAL FM JUL 1 1988 CLOUDY (SCALE 8-10) 0
DPTR FM NORMAL -243
[CDD (BASE 65) ]
TOTAL THIS MO. 561
DPTR FM NORMAL 89 [PRESSURE DATA]
TOTAL FM JAN 1 1112 HIGHEST SLP 30.29 ON 12
DPTR FM NORMAL 230 LOWEST SLP 29.55 ON 9
[REMARKS]
#FINAL-06-20#