000
CXUS53 KGLD 010800
CF6GLD
PRELIMINARY LOCAL CLIMATOLOGICAL DATA (WS FORM: F-6)
STATION: GOODLAND KS
MONTH: AUGUST
YEAR: 2021
LATITUDE: 39 22 N
LONGITUDE: 101 42 W
TEMPERATURE IN F: :PCPN: SNOW: WIND :SUNSHINE: SKY :PK WND
================================================================================
1 2 3 4 5 6A 6B 7 8 9 10 11 12 13 14 15 16 17 18
12Z AVG MX 2MIN
DY MAX MIN AVG DEP HDD CDD WTR SNW DPTH SPD SPD DIR MIN PSBL S-S WX SPD DR
================================================================================
1 84 58 71 -5 0 6 T 0.0 0 5.4 14 80 M M 5 18 20 60
2 89 56 73 -3 0 8 0.00 0.0 0 9.7 18 190 M M 2 8 28 210
3 91 61 76 0 0 11 0.00 0.0 0 12.5 18 170 M M 0 27 160
4 87 60 74 -2 0 9 0.05 0.0 0 8.5 25 240 M M 4 13 34 250
5 93 58 76 0 0 11 0.00 0.0 0 7.5 16 160 M M 0 24 250
6 101 68 85 10 0 20 0.01 0.0 0 17.3 31 310 M M 1 3 45 320
7 92 61 77 2 0 12 0.02 0.0 0 10.4 29 120 M M 0 38 38 130
8 97 58 78 3 0 13 0.00 0.0 0 8.4 17 210 M M 0 8 28 210
9 101 71 86 11 0 21 0.00 0.0 0 13.9 22 80 M M 0 32 40
10 97 62 80 5 0 15 T 0.0 0 7.4 17 90 M M 0 27 90
11 97 63 80 5 0 15 0.00 0.0 0 10.0 21 340 M M 0 27 320
12 98 58 78 4 0 13 0.00 0.0 0 8.1 30 120 M M 1 138 40 110
13 85 57 71 -3 0 6 0.00 0.0 0 8.5 17 150 M M 3 25 130
14 93 65 79 5 0 14 0.20 0.0 0 15.2 36 260 M M 3 13 49 270
15 93 60 77 3 0 12 0.08 0.0 0 12.3 35 270 M M 1 13 45 270
16 92 58 75 1 0 10 0.00 0.0 0 12.1 23 160 M M 0 31 150
17 92 59 76 2 0 11 0.00 0.0 0 13.6 21 160 M M 0 32 150
18 91 62 77 3 0 12 0.00 0.0 0 17.3 28 160 M M 0 1 39 160
19 92 67 80 7 0 15 0.24 0.0 0 18.7 43 110 M M 3 138 54 120
20 85 57 71 -2 0 6 0.00 0.0 0 11.3 28 350 M M 2 128 36 340
21 83 56 70 -3 0 5 T 0.0 0 8.4 20 130 M M 5 28 150
22 100 63 82 9 0 17 0.00 0.0 0 12.9 24 190 M M 3 35 190
23 98 60 79 7 0 14 0.00 0.0 0 5.7 16 190 M M 0 22 210
24 101 58 80 8 0 15 0.00 0.0 0 10.6 22 30 M M 0 28 30
25 89 59 74 2 0 9 T 0.0 0 10.3 26 120 M M 3 3 35 120
26 101 58 80 8 0 15 0.05 0.0 0 11.4 26 170 M M 1 3 38 210
27 97 65 81 9 0 16 T 0.0 0 11.5 23 300 M M 1 33 300
28 98 70 84 13 0 19 0.00 0.0 0 14.1 24 180 M M 1 32 180
29 75 61 68 -3 0 3 T 0.0 0 11.3 29 40 M M 7 1 36 30
30 95 62 79 8 0 14 0.17 T 0 16.9 29 60 M M 2 135 45 50
31 96 61 79 8 0 14 0.00 0.0 0 8.9 23 210 M M 0 1 34 210
================================================================================
SM 2883 1892 0 381 0.82 T 350.1 M 48
================================================================================
AV 93.0 61.0 11.3 FASTST M M 2 MAX(MPH)
MISC ----> 43 110 54 120
================================================================================
NOTES:
# LAST OF SEVERAL OCCURRENCES
COLUMN 17 PEAK WIND IN M.P.H.
PRELIMINARY LOCAL CLIMATOLOGICAL DATA (WS FORM: F-6) , PAGE 2
STATION: GOODLAND KS
MONTH: AUGUST
YEAR: 2021
LATITUDE: 39 22 N
LONGITUDE: 101 42 W
[TEMPERATURE DATA] [PRECIPITATION DATA] SYMBOLS USED IN COLUMN 16
AVERAGE MONTHLY: 77.0 TOTAL FOR MONTH: 0.82 1 = FOG OR MIST
DPTR FM NORMAL: 3.4 DPTR FM NORMAL: -2.24 2 = FOG REDUCING VISIBILITY
HIGHEST: 101 ON 26,24 GRTST 24HR 0.28 ON 14-15 TO 1/4 MILE OR LESS
LOWEST: 56 ON 21, 2 3 = THUNDER
SNOW, ICE PELLETS, HAIL 4 = ICE PELLETS
TOTAL MONTH: T 5 = HAIL
GRTST 24HR T ON 30-30 6 = FREEZING RAIN OR DRIZZLE
GRTST DEPTH: 0 7 = DUSTSTORM OR SANDSTORM:
VSBY 1/2 MILE OR LESS
8 = SMOKE OR HAZE
[NO. OF DAYS WITH] [WEATHER - DAYS WITH] 9 = BLOWING SNOW
X = TORNADO
MAX 32 OR BELOW: 0 0.01 INCH OR MORE: 8
MAX 90 OR ABOVE: 23 0.10 INCH OR MORE: 3
MIN 32 OR BELOW: 0 0.50 INCH OR MORE: 0
MIN 0 OR BELOW: 0 1.00 INCH OR MORE: 0
[HDD (BASE 65) ]
TOTAL THIS MO. 0 CLEAR (SCALE 0-3) 26
DPTR FM NORMAL -8 PTCLDY (SCALE 4-7) 5
TOTAL FM JUL 1 0 CLOUDY (SCALE 8-10) 0
DPTR FM NORMAL -7
[CDD (BASE 65) ]
TOTAL THIS MO. 381
DPTR FM NORMAL 105 [PRESSURE DATA]
TOTAL FM JAN 1 996 HIGHEST SLP M ON M
DPTR FM NORMAL 127 LOWEST SLP 29.60 ON 20
[REMARKS]
#FINAL-08-21#